{"id":324,"date":"2023-11-06T15:54:24","date_gmt":"2023-11-06T14:54:24","guid":{"rendered":"https:\/\/partycypacjaobywatelska.pl\/wydzial\/?page_id=324"},"modified":"2024-05-06T16:42:33","modified_gmt":"2024-05-06T14:42:33","slug":"zgloszenia","status":"publish","type":"page","link":"https:\/\/partycypacjaobywatelska.pl\/wydzial\/zgloszenia\/","title":{"rendered":"Zg\u0142o\u015b si\u0119"},"content":{"rendered":"","protected":false},"excerpt":{"rendered":"","protected":false},"author":1,"featured_media":0,"parent":0,"menu_order":0,"comment_status":"closed","ping_status":"closed","template":"templates\/template-form.php","meta":[],"_links":{"self":[{"href":"https:\/\/partycypacjaobywatelska.pl\/wydzial\/wp-json\/wp\/v2\/pages\/324"}],"collection":[{"href":"https:\/\/partycypacjaobywatelska.pl\/wydzial\/wp-json\/wp\/v2\/pages"}],"about":[{"href":"https:\/\/partycypacjaobywatelska.pl\/wydzial\/wp-json\/wp\/v2\/types\/page"}],"author":[{"embeddable":true,"href":"https:\/\/partycypacjaobywatelska.pl\/wydzial\/wp-json\/wp\/v2\/users\/1"}],"replies":[{"embeddable":true,"href":"https:\/\/partycypacjaobywatelska.pl\/wydzial\/wp-json\/wp\/v2\/comments?post=324"}],"version-history":[{"count":17,"href":"https:\/\/partycypacjaobywatelska.pl\/wydzial\/wp-json\/wp\/v2\/pages\/324\/revisions"}],"predecessor-version":[{"id":556,"href":"https:\/\/partycypacjaobywatelska.pl\/wydzial\/wp-json\/wp\/v2\/pages\/324\/revisions\/556"}],"wp:attachment":[{"href":"https:\/\/partycypacjaobywatelska.pl\/wydzial\/wp-json\/wp\/v2\/media?parent=324"}],"curies":[{"name":"wp","href":"https:\/\/api.w.org\/{rel}","templated":true}]}}