
{"id":9,"date":"2016-08-22T11:54:33","date_gmt":"2016-08-22T09:54:33","guid":{"rendered":"http:\/\/partycypacjaobywatelska.pl\/kopiaprzestrzeni\/?page_id=9"},"modified":"2022-12-14T10:00:48","modified_gmt":"2022-12-14T09:00:48","slug":"o-projekcie","status":"publish","type":"page","link":"https:\/\/partycypacjaobywatelska.pl\/przestrzen\/o-projekcie\/","title":{"rendered":"O projekcie"},"content":{"rendered":"<p class=\"lead\">Wspierali\u015bmy gminy w planowaniu i przeprowadzaniu konsultacji spo\u0142ecznych miejscowych plan\u00f3w zagospodarowania przestrzennego lub studium przy aktywnym udziale mieszka\u0144c\u00f3w.<\/p>\n<h3 class=\"lead heading-2\">Konsultacje spo\u0142eczne dokument\u00f3w planistycznych s\u0105 dla gmin obowi\u0105zkowe \u2013 m\u00f3wi o tym ustawa z dn. 27 marca 2003 r. o planowaniu i zagospodarowaniu przestrzennym. Jednak prace zwi\u0105zane z ich powstawaniem s\u0105 cz\u0119sto procesem trudnym zar\u00f3wno dla mieszka\u0144c\u00f3w, jak i realizuj\u0105cych je urz\u0119dnik\u00f3w. Problemem jest zwykle to, \u017ce konsultacje pojawiaj\u0105 si\u0119 p\u00f3\u017ano, kiedy gotowy i zaopiniowany jest ju\u017c projekt planu miejscowego. Bior\u0105c udzia\u0142 w projekcie <strong>\u201ePrzestrze\u0144 dla partycypacji 2\u201d<\/strong> gminy mog\u0142y przeprowadzi\u0107 konsultacje, kt\u00f3re zapewniaj\u0105, \u017ce mieszka\u0144cy w\u0142\u0105czaj\u0105 si\u0119 w prace nad dokumentem planistycznym od samego pocz\u0105tku. Takie dzia\u0142anie umo\u017cliwia du\u017co lepsze poznanie oczekiwa\u0144 i potrzeb lokalnej spo\u0142eczno\u015bci, mo\u017ce przyspieszy\u0107 procedury i obni\u017cy\u0107 ryzyko p\u00f3\u017aniejszych konflikt\u00f3w.<\/h3>\n<h2 class=\"heading-1\">Cel<\/h2>\n<p>W ramach projektu wspierali\u015bmy samorz\u0105dy w przygotowaniu konsultacji spo\u0142ecznych miejscowych plan\u00f3w zagospodarowania przestrzennego lub studium na dw\u00f3ch etapach:<\/p>\n<ul>\n<li>tworzenia za\u0142o\u017ce\u0144 do projekt\u00f3w tych dokument\u00f3w przy aktywnym udziale mieszka\u0144c\u00f3w,<\/li>\n<li>konsultacji z mieszka\u0144cami wst\u0119pnych projekt\u00f3w na etapie wy\u0142o\u017cenia do publicznego wgl\u0105du.<\/li>\n<\/ul>\n<h2 class=\"heading-1\">Kto i kiedy m\u00f3g\u0142 si\u0119 zg\u0142osi\u0107?<\/h2>\n<p>Do projektu zapraszali\u015bmy gminy miejskie, wiejsko-miejskie i wiejskie z terenu ca\u0142ej Polski.<\/p>\n<p><strong>Gmina, kt\u00f3ra chcia\u0142a wzi\u0105\u0107 udzia\u0142 w projekcie powinna:<\/strong><\/p>\n<ul>\n<li><strong>posiada\u0107 uchwa\u0142\u0119 o przyst\u0105pieniu do sporz\u0105dzenia dokumentu planistycznego<\/strong> (lub jego zmiany) lub podj\u0105\u0107 zobowi\u0105zanie, \u017ce projekt takiej uchwa\u0142y zostanie przed\u0142o\u017cony radzie gminy do uchwalenia w ci\u0105gu 3 miesi\u0119cy od czasu z\u0142o\u017cenia przez w\u0142adze gminy deklaracji uczestnictwa w projekcie,<\/li>\n<li>nie ubiega\u0107 si\u0119 o grant w ramach innych projekt\u00f3w wy\u0142onionych w ramach konkursu POWR.02.19.00-IZ.00-00-003\/18,<\/li>\n<li>wydelegowa\u0107 osob\u0119 odpowiedzialn\u0105 za proces konsultacji.<\/li>\n<\/ul>\n<p>Projekt trwa\u0142 od listopada 2018 do wrze\u015bnia 2022 roku.<\/p>\n<p><strong>Nab\u00f3r do projektu ju\u017c si\u0119 zako\u0144czy\u0142.<\/strong> Pierwszy nab\u00f3r trwa\u0142 do ko\u0144ca lutego 2019 roku, drugi odby\u0142 si\u0119 na jesieni 2019 roku, a trzeci \u2013 na pocz\u0105tku 2021 roku.<\/p>\n<h2 class=\"heading-1\">Jak wygl\u0105da\u0142a praca z gminami w ramach projektu?<\/h2>\n<p>Informacje o tym, jakie wsparcie oferowali\u015bmy gminom i jak wygl\u0105da\u0142a wsp\u00f3\u0142praca w ramach projektu znajduj\u0105 si\u0119 na podstronie <strong><a href=\"http:\/\/partycypacjaobywatelska.pl\/przestrzen\/do-czego-sie-zglaszam\/\">&gt;&gt; Do czego si\u0119 zg\u0142aszam?<\/a><\/strong><\/p>\n<h2 class=\"heading-1\">Zesp\u00f3\u0142 projektu<\/h2>\n<p>Projekt realizowa\u0142a Fundacja Stocznia wsp\u00f3lnie z Pracowni\u0105 Zr\u00f3wnowa\u017conego Rozwoju oraz Zwi\u0105zkiem Miast Polskich.<\/p>\n<p>Jeste\u015bmy organizacjami, kt\u00f3re maj\u0105 du\u017ce do\u015bwiadczenie w prowadzeniu proces\u00f3w partycypacyjnych w obszarze przestrzeni publicznych. W zespole projektu posiadali\u015bmy ekspert\u00f3w z zakresu partycypacji obywatelskiej, urbanistyki, socjologii, ochrony \u015brodowiska, kt\u00f3rzy maj\u0105 wieloletnie do\u015bwiadczenie we wsp\u00f3\u0142pracy z gminami w ca\u0142ej Polsce:<\/p>\n<ul>\n<li>urbani\u015bci: Micha\u0142 Ciesielski, Ma\u0142gorzata Grodzicka-Kowalczyk, Pawe\u0142 Jaworski, Sylwia Widzisz-Pronobis,<\/li>\n<li>eksperci ds. konsultacji spo\u0142ecznych: Agata Bluj, Marcin G\u00f3recki, Maria Jagaciak, Maria Perchu\u0107-\u017b\u00f3\u0142towska, Katarzyna Pliszczy\u0144ska, Joanna Suchomska, Krzysztof \u015alebioda, Dominika Urz\u0119dowska,<\/li>\n<li>ewaluator projektu: Rafa\u0142 Rudnicki.<\/li>\n<\/ul>\n<h2>Harmonogram udzielanego wsparcia<\/h2>\n<p>Harmonogram udzielanego wsparcia w projekcie\u00a0\u201ePRZESTRZE\u0143 DLA PARTYCYPACJI 2\u201d &#8211; stan na 19 lutego 2020 roku &#8211; <strong><a href=\"http:\/\/partycypacjaobywatelska.pl\/przestrzen\/wp-content\/uploads\/sites\/9\/2016\/08\/harmonogram-udzielanego-wsparcia_przestrzen-dla-partycypacji-2_stan-na-19-02-20201.pdf\">POBIERZ<\/a><\/strong><\/p>\n<\/p>\n<p><span style=\"text-decoration: underline;\">Mateia\u0142y do pobrania (dotycz\u0105ce pierwszego naboru):<\/span><\/p>\n<p>PREZENTACJA NT. PROJEKTU &#8222;PRZESTRZE\u0143 DLA PARTYCYPACJI 2&#8221; &#8211; <strong><a href=\"http:\/\/partycypacjaobywatelska.pl\/przestrzen\/wp-content\/uploads\/sites\/9\/2016\/08\/przestrzen_dla_partycypacji_21.pdf\">POBIERZ<\/a><br \/>\n<\/strong>WEBINARIUM NT. PROJEKTU- <strong><a href=\"http:\/\/partycypacjaobywatelska.pl\/przestrzen\/2019\/03\/05\/prezentacja-z-webinarium\/\">OBEJRZYJ<\/a><br \/>\n<\/strong><\/p>\n<\/p>\n<p><em>Projekt &#8222;Przestrze\u0144 dla partycypacji 2&#8221; by\u0142 kontynuacj\u0105 projektu &#8222;Przestrze\u0144 dla partycypacji&#8221; realizowanego w latach 2016-2018, w ramach kt\u00f3rego wsparli\u015bmy 25 gmin w organizacji konsultacji spo\u0142ecznych dokument\u00f3w planistycznych. List\u0119 gmin oraz przebieg realizowanych przez nie konsultacji mo\u017cna obejrze\u0107 w zak\u0142adce <a href=\"https:\/\/partycypacjaobywatelska.pl\/przestrzen\/uczestnicy\/\">&gt;&gt; Uczestnicy<\/a>.<br \/>\n<\/em><\/p>\n<p><img loading=\"lazy\" class=\"alignleft size-full wp-image-2179\" src=\"http:\/\/partycypacjaobywatelska.pl\/przestrzen\/wp-content\/uploads\/sites\/9\/2016\/08\/pdp2_partnerzy.jpg\" alt=\"PdP2_partnerzy\" width=\"2115\" height=\"268\" srcset=\"https:\/\/partycypacjaobywatelska.pl\/przestrzen\/wp-content\/uploads\/sites\/9\/2016\/08\/pdp2_partnerzy.jpg 2115w, https:\/\/partycypacjaobywatelska.pl\/przestrzen\/wp-content\/uploads\/sites\/9\/2016\/08\/pdp2_partnerzy-300x38.jpg 300w, https:\/\/partycypacjaobywatelska.pl\/przestrzen\/wp-content\/uploads\/sites\/9\/2016\/08\/pdp2_partnerzy-1024x130.jpg 1024w, https:\/\/partycypacjaobywatelska.pl\/przestrzen\/wp-content\/uploads\/sites\/9\/2016\/08\/pdp2_partnerzy-947x120.jpg 947w\" sizes=\"(max-width: 2115px) 100vw, 2115px\" \/><\/p>\n<p>\u00a0<strong><br \/>\nWarto\u015b\u0107 projektu:<\/strong> 1 988 460,00 z\u0142 (w tym 1 675 874,09 z\u0142 ze \u015brodk\u00f3w Europejskiego Funduszu Spo\u0142ecznego i 312 585,91 z\u0142 ze \u015brodk\u00f3w dotacji celowej bud\u017cetu pa\u0144stwa)<\/p><\/p>\n","protected":false},"excerpt":{"rendered":"<p>Wspierali\u015bmy gminy w planowaniu i przeprowadzaniu konsultacji spo\u0142ecznych miejscowych plan\u00f3w zagospodarowania przestrzennego lub studium przy aktywnym udziale mieszka\u0144c\u00f3w. Konsultacje spo\u0142eczne dokument\u00f3w planistycznych s\u0105 dla gmin obowi\u0105zkowe \u2013 m\u00f3wi o tym ustawa z dn. 27 marca 2003 r. o planowaniu i zagospodarowaniu przestrzennym. Jednak prace zwi\u0105zane z ich powstawaniem s\u0105 cz\u0119sto procesem trudnym zar\u00f3wno dla mieszka\u0144c\u00f3w, &hellip;<\/p>\n<a href=\"https:\/\/partycypacjaobywatelska.pl\/przestrzen\/o-projekcie\/\" class=\"ReadMore\">Czytaj wi\u0119cej<\/a>","protected":false},"author":133,"featured_media":0,"parent":0,"menu_order":0,"comment_status":"closed","ping_status":"closed","template":"","meta":[],"_links":{"self":[{"href":"https:\/\/partycypacjaobywatelska.pl\/przestrzen\/wp-json\/wp\/v2\/pages\/9"}],"collection":[{"href":"https:\/\/partycypacjaobywatelska.pl\/przestrzen\/wp-json\/wp\/v2\/pages"}],"about":[{"href":"https:\/\/partycypacjaobywatelska.pl\/przestrzen\/wp-json\/wp\/v2\/types\/page"}],"author":[{"embeddable":true,"href":"https:\/\/partycypacjaobywatelska.pl\/przestrzen\/wp-json\/wp\/v2\/users\/133"}],"replies":[{"embeddable":true,"href":"https:\/\/partycypacjaobywatelska.pl\/przestrzen\/wp-json\/wp\/v2\/comments?post=9"}],"version-history":[{"count":54,"href":"https:\/\/partycypacjaobywatelska.pl\/przestrzen\/wp-json\/wp\/v2\/pages\/9\/revisions"}],"predecessor-version":[{"id":3659,"href":"https:\/\/partycypacjaobywatelska.pl\/przestrzen\/wp-json\/wp\/v2\/pages\/9\/revisions\/3659"}],"wp:attachment":[{"href":"https:\/\/partycypacjaobywatelska.pl\/przestrzen\/wp-json\/wp\/v2\/media?parent=9"}],"curies":[{"name":"wp","href":"https:\/\/api.w.org\/{rel}","templated":true}]}}