
{"id":72,"date":"2016-08-24T09:46:13","date_gmt":"2016-08-24T07:46:13","guid":{"rendered":"http:\/\/partycypacjaobywatelska.pl\/kopiaprzestrzeni\/?page_id=72"},"modified":"2016-08-24T09:46:13","modified_gmt":"2016-08-24T07:46:13","slug":"przyklady-dzialan","status":"publish","type":"page","link":"https:\/\/partycypacjaobywatelska.pl\/przestrzen\/przyklady-dzialan\/","title":{"rendered":"Przyk\u0142ady dzia\u0142a\u0144"},"content":{"rendered":"","protected":false},"excerpt":{"rendered":"<a href=\"https:\/\/partycypacjaobywatelska.pl\/przestrzen\/przyklady-dzialan\/\" class=\"ReadMore\">Czytaj wi\u0119cej<\/a>","protected":false},"author":133,"featured_media":0,"parent":0,"menu_order":0,"comment_status":"open","ping_status":"open","template":"templates\/custom-eduPage.php","meta":[],"_links":{"self":[{"href":"https:\/\/partycypacjaobywatelska.pl\/przestrzen\/wp-json\/wp\/v2\/pages\/72"}],"collection":[{"href":"https:\/\/partycypacjaobywatelska.pl\/przestrzen\/wp-json\/wp\/v2\/pages"}],"about":[{"href":"https:\/\/partycypacjaobywatelska.pl\/przestrzen\/wp-json\/wp\/v2\/types\/page"}],"author":[{"embeddable":true,"href":"https:\/\/partycypacjaobywatelska.pl\/przestrzen\/wp-json\/wp\/v2\/users\/133"}],"replies":[{"embeddable":true,"href":"https:\/\/partycypacjaobywatelska.pl\/przestrzen\/wp-json\/wp\/v2\/comments?post=72"}],"version-history":[{"count":1,"href":"https:\/\/partycypacjaobywatelska.pl\/przestrzen\/wp-json\/wp\/v2\/pages\/72\/revisions"}],"predecessor-version":[{"id":73,"href":"https:\/\/partycypacjaobywatelska.pl\/przestrzen\/wp-json\/wp\/v2\/pages\/72\/revisions\/73"}],"wp:attachment":[{"href":"https:\/\/partycypacjaobywatelska.pl\/przestrzen\/wp-json\/wp\/v2\/media?parent=72"}],"curies":[{"name":"wp","href":"https:\/\/api.w.org\/{rel}","templated":true}]}}