{"id":2,"date":"2014-10-17T09:38:03","date_gmt":"2014-10-17T09:38:03","guid":{"rendered":"http:\/\/partycypacjaobywatelska.pl\/praktycy\/?page_id=2"},"modified":"2014-10-29T13:31:37","modified_gmt":"2014-10-29T12:31:37","slug":"dowiedz-sie-wiecej","status":"publish","type":"page","link":"https:\/\/partycypacjaobywatelska.pl\/praktycy\/dowiedz-sie-wiecej\/","title":{"rendered":"Baza praktyk\u00f3w partycypacji"},"content":{"rendered":"<h1>BAZA PRAKTYK\u00d3W PARTYCYPACJI<\/h1>\n<p><a href=\"#skad\">Sk\u0105d ten pomys\u0142?<\/a><br \/>\n<a href=\"#kim\">Kim s\u0105 praktycy partycypacji?<\/a><br \/>\n<a href=\"#czym\">Czym jest baza praktyk\u00f3w?<\/a><br \/>\n<a href=\"#jak\">Jak do\u0142\u0105czy\u0107 do bazy?<\/a><br \/>\n<a href=\"#edyt\">Jak edytowa\u0107 profil w bazie?<\/a><\/p>\n<p>&nbsp;<\/p>\n<p>&nbsp;<\/p>\n<p style=\"text-align: justify\"><a name=\"skad\"><\/a><b>Sk\u0105d ten pomys\u0142?<\/b><\/p>\n<p style=\"text-align: justify\">W maju 2014r. ponad 150 os\u00f3b zajmuj\u0105cych si\u0119 partycypacj\u0105 obywatelsk\u0105 &#8211; zawodowo lub ze spo\u0142ecznikowskiego zami\u0142owania &#8211; spotka\u0142o si\u0119 w Warszawie na pierwszym Forum Praktyk\u00f3w Partycypacji. W\u015br\u00f3d dyskutowanych wtedy pomys\u0142\u00f3w na to, czego potrzebuje to \u015brodowisko, aby dzia\u0142a\u0107 jeszcze skuteczniej, rozwija\u0107 si\u0119 i sprawia\u0107, by partycypacja kwit\u0142a, pojawi\u0142y si\u0119 m.in. postulaty, by wymienia\u0107 si\u0119 wiedz\u0105 i umiej\u0119tno\u015bciami tak\u017ce w formie bezpo\u015bredniej wsp\u00f3\u0142pracy &#8211; odwiedzin, konsultacji, wolontariatu na rzecz innych mi\u0142o\u015bnik\u00f3w partycypacji oraz by powsta\u0142a baza kontakt\u00f3w do os\u00f3b zajmuj\u0105cych si\u0119 partycypacj\u0105, aby takie wsp\u00f3\u0142dzia\u0142anie\u00a0u\u0142atwia\u0107. W\u0142a\u015bnie na styku tych dw\u00f3ch koncepcji narodzi\u0142 si\u0119 pomys\u0142 stworzenia bazy praktyk\u00f3w partycypacji na portalu <a href=\"http:\/\/www.partycypacjaobywatelska.pl\">www.partycypacjaobywatelska.pl<\/a>.<\/p>\n<p style=\"text-align: justify\">Szczeg\u00f3lne s\u0142owa podzi\u0119kowania za inspiracj\u0119 nale\u017c\u0105 si\u0119 w tym miejscu <strong>Przemkowi Dziewitkowi<\/strong> ze Stowarzyszenia Pracownia Obywatelska, kt\u00f3ry jako pierwszy sformu\u0142owa\u0142 pomys\u0142 takiej wewn\u0105trz\u015brodowiskowej wymiany kompetencji.<\/p>\n<p style=\"text-align: justify\"><strong><strong><br \/>\n<\/strong><\/strong><a name=\"kim\"><\/a><b>Kim s\u0105 praktycy partycypacji?<\/b><strong><strong><br \/>\n<\/strong><\/strong><\/p>\n<p style=\"text-align: justify\">Praktycy to osoby, kt\u00f3re na co dzie\u0144 zajmuj\u0105 si\u0119 partycypacj\u0105: planuj\u0105, organizuj\u0105 i prowadz\u0105 procesy konsultacji spo\u0142ecznych, moderuj\u0105 dyskusje i warsztaty partycypacyjne, pomagaj\u0105 mieszka\u0144com korzysta\u0107 z inicjatywy lokalnej itp. Specjalizuj\u0105 si\u0119 w partycypacji w planowaniu przestrzeni, realizacji bud\u017cet\u00f3w partycypacyjnych, w\u0142\u0105czaniu mieszka\u0144c\u00f3w w funkcjonowanie instytucji kultury i wielu innych obszarach tematycznych, w kt\u00f3rych g\u0142os obywateli mo\u017ce mie\u0107 wp\u0142yw na funkcjonowanie spo\u0142eczno\u015bci lokalnych. Mo\u017cna ich spotka\u0107 w urz\u0119dach, organizacjach pozarz\u0105dowych albo w grupach nieformalnych. Bywa, \u017ce przy okazji tak\u017ce edukuj\u0105 innych, jak partycypacj\u0119 uprawia\u0107 albo badaj\u0105 j\u0105 jako akademicy &#8211; ale to faktyczne dzia\u0142ania w\u0142\u0105czaj\u0105ce mieszka\u0144c\u00f3w w decyzje publiczne stanowi\u0105 o ich statusie jako &#8222;praktyk\u00f3w&#8221;.<\/p>\n<p style=\"text-align: justify\"><strong><strong><br \/>\n<\/strong><\/strong><a name=\"czym\"><\/a><b>Czym jest baza praktyk\u00f3w?<\/b><strong><strong><br \/>\n<\/strong><\/strong><\/p>\n<p style=\"text-align: justify\">Ta strona ma s\u0142u\u017cy\u0107 \u0142\u0105czeniu i poznawaniu si\u0119 os\u00f3b zaanga\u017cowanych w partycypacj\u0119 obywatelsk\u0105 &#8211; poprzez wyszukiwark\u0119 mo\u017cna znale\u017a\u0107 osoby zajmuj\u0105ce si\u0119 partycypacj\u0105 w r\u00f3\u017cnych obszarach tematycznych, kt\u00f3re s\u0105 gotowe podzieli\u0107 si\u0119 swoim do\u015bwiadczeniem.<\/p>\n<p style=\"text-align: justify\">Ka\u017cda z os\u00f3b, kt\u00f3re zapisuj\u0105 si\u0119 do naszej bazy deklaruje mo\u017cliwe formy wsparcia innych os\u00f3b w prowadzonych przez nie dzia\u0142aniach partycypacyjnych. Mo\u017cliwo\u015bci jest wiele &#8211; od wymiany maili lub telefon\u00f3w, a\u017c po wizyt\u0119 u osoby czy organizacji potrzebuj\u0105cej wsparcia od kogo\u015b z wi\u0119kszym do\u015bwiadczeniem. W bazie mo\u017cna r\u00f3wnie\u017c znale\u017a\u0107 osoby, kt\u00f3re swoje umiej\u0119tno\u015b\u0107 partycypacyjne wykorzystuj\u0105 zawodowo i mog\u0105 podj\u0105\u0107 si\u0119 r\u00f3\u017cnych zlece\u0144 z tego zakresu.<\/p>\n<p style=\"text-align: justify\">Pracuj\u0105c od kilku lat w \u015brodowisku os\u00f3b rozwijaj\u0105cych i praktykuj\u0105cych w Polsce dzia\u0142ania partycypacyjne, wierzymy \u017ce \u0142\u0105czy je poczucie misji zwi\u0105zanej z uprawianiem partycypacji coraz m\u0105drzej i skuteczniej oraz\u00a0stwarzaniem coraz wi\u0119kszych mo\u017cliwo\u015bci udzia\u0142u obywateli we wsp\u00f3\u0142decydowaniu. Z tym poczuciem \u0142\u0105czy si\u0119 potrzeba uczenia si\u0119 od siebie nawzajem, wspierania innych praktyk\u00f3w, pomagania sobie w podejmowaniu nowych inicjatyw. Dlatego przy do\u0142\u0105czaniu do bazy stworzyli\u015bmy mo\u017cliwo\u015b\u0107 deklaracji liczby\u00a0bezp\u0142atnych wizyt, kt\u00f3re dany praktyk by\u0142by gotowy zrealizowa\u0107 w danym roku w celu takiej \u015brodowiskowej wymiany &#8211; aby opowiedzie\u0107 gdzie\u015b o swoich do\u015bwiadczeniach czy pom\u00f3c wymy\u015bli\u0107 dobre dzia\u0142anie komu\u015b, kto dopiero zaczyna swoj\u0105 przygod\u0119 na tym polu. Taki rodzaj partycypacyjnego wolontariatu. Prosimy, by\u015bcie traktowali t\u0119 opcj\u0119 z rozwag\u0105 i dobr\u0105 wiar\u0105 &#8211; to propozycja bazuj\u0105ca\u00a0na wzajemnym szacunku i solidarno\u015bci \u015brodowiska praktyk\u00f3w partycypacji.<\/p>\n<p style=\"text-align: justify\">Mamy nadziej\u0119, \u017ce baza b\u0119dzie szczeg\u00f3lnie przydatna dla os\u00f3b, kt\u00f3re dopiero rozpoczynaj\u0105 swoj\u0105 przygod\u0119 z partycypacj\u0105 lub potrzebuj\u0105 konkretnego wsparcia w sytuacji, gdy partycypacja &#8222;nagle&#8221; pojawia si\u0119 na ich horyzoncie, np. w postaci konieczno\u015bci przeprowadzenia jakiego\u015b procesu konsultacji. Ale liczymy te\u017c, \u017ce przyda si\u0119 tym, kt\u00f3rzy na partycypacji &#8222;zjedli ju\u017c z\u0119by&#8221;, ale wci\u0105\u017c\u00a0chc\u0105 si\u0119 uczy\u0107 od innych i dawa\u0107 innym co\u015b od siebie. Marzy nam si\u0119, \u017ce wymiana kontakt\u00f3w poprzez baz\u0119 b\u0119dzie s\u0142u\u017cy\u0142a dalszemu budowania \u015brodowiska praktyk\u00f3w, zapocz\u0105tkowanego przez organizowane przez Stoczni\u0119 Forum Praktyk\u00f3w Partycypacji.<\/p>\n<p style=\"text-align: justify\"><strong><strong>\u00a0<\/strong><\/strong><\/p>\n<p style=\"text-align: justify\"><a name=\"jak\"><\/a><b>Jak do\u0142\u0105czy\u0107\u00a0do bazy?<\/b><\/p>\n<p style=\"text-align: justify\">Wystarczy wype\u0142ni\u0107 <a href=\"http:\/\/partycypacjaobywatelska.pl\/praktycy\/formularz-rejestracyjny\/\">formularz rejestracyjny<\/a>, a Tw\u00f3j\u00a0profil zostanie dopisany do bazy i b\u0119dzie wyszukiwalny po kryteriach wskazanych w <a href=\"http:\/\/partycypacjaobywatelska.pl\/praktycy\/\">wyszukiwarce<\/a>.<\/p>\n<p><strong><strong><br \/>\n<\/strong><\/strong><\/p>\n<p style=\"text-align: justify\">Oto dane, kt\u00f3re nale\u017cy\u00a0umie\u015bci\u0107 na swoim profilu:<\/p>\n<p><b><b>Imi\u0119 i nazwisko*<\/b><\/b><\/p>\n<p><b>Zdj\u0119cie lub awatar*: <\/b>za\u0142aduj ulubion\u0105 fotografi\u0119 (mo\u017ce np. rozpozna Ci\u0119\u00a0na niej kto\u015b, z kim spotkali\u015bcie si\u0119\u00a0na jakim\u015b wydarzeniu, a nie zd\u0105\u017cyli\u015bcie wymieni\u0107 si\u0119 wizyt\u00f3wkami) lub wybierz uniwersaln\u0105 ikonk\u0119<\/p>\n<p><strong>Nazwa instytucji: <\/strong>instytucja lub organizacja, z kt\u00f3r\u0105 jeste\u015b zwi\u0105zany\/a w swoich dzia\u0142aniach<\/p>\n<p><strong>Miasto*:<\/strong>\u00a0miejsce, w kt\u00f3rym dzia\u0142asz lub masz siedzib\u0119 &#8211; bo czasem najlepiej si\u0119ga\u0107 po pomoc kogo\u015b, kto w mieszka w okolicy i zna lokalny kontekst<\/p>\n<p><strong>Wojew\u00f3dztwo*<\/strong><\/p>\n<p><strong>E-mail*:<\/strong> ten adres b\u0119dzie podlinkowany do Twojego\u00a0profilu jako podstawowy kana\u0142 bezpo\u015bredniej komunikacji z\u00a0Tob\u0105<\/p>\n<p><strong>Telefon:<\/strong> b\u0119dzie wy\u015bwietlany na Twoim profilu tylko je\u017celi wyrazisz takie \u017cyczenie i wybierzesz kontakt telefoniczny jako preferowan\u0105 form\u0119 wsparcia innych praktyk\u00f3w<\/p>\n<p><strong>Do\u015bwiadczenie*:<\/strong> obszary, w kt\u00f3rych praktykujesz partycypacj\u0119\u00a0i\u00a0na kt\u00f3rych najlepiej si\u0119 znasz<\/p>\n<p><strong>Mo\u017cliwo\u015b\u0107 wsparcia*:<\/strong> jakiego rodzaju pomoc\u0105 mo\u017cesz s\u0142u\u017cy\u0107 &#8211; wska\u017c wszystkie opcje, kt\u00f3re wchodz\u0105 w gr\u0119; konkretny typ wsparcia w danej sytuacji ustalisz ju\u017c indywidualnie\u00a0z osob\u0105, kt\u00f3ra si\u0119 po nie zwr\u00f3ci<\/p>\n<p><strong>Napisz co\u015b o sobie*:<\/strong> opisz szerzej swoje do\u015bwiadczenie, typy dzia\u0142a\u0144, w kt\u00f3re najch\u0119tniej si\u0119 anga\u017cujesz, grupy, z kt\u00f3rymi szczeg\u00f3lnie lubisz\u00a0wsp\u00f3\u0142pracowa\u0107 lub tematy, kt\u00f3re najbardziej Ci\u0119\u00a0interesuj\u0105 je\u015bli chodzi o partycypacj\u0119<br \/>\n<strong><strong><br \/>\n<\/strong><\/strong><\/p>\n<p style=\"text-align: justify\"><strong>UWAGA:<\/strong><\/p>\n<p><strong><strong><br \/>\n<\/strong><\/strong><\/p>\n<p style=\"text-align: justify\"><em>&#8222;Bezp\u0142atne odwiedziny&#8221;\u00a0<\/em>oznaczaj\u0105 gotowo\u015b\u0107 woluntarystycznego wsparcia innej osoby\/organizacji w jej miejscu dzia\u0142ania &#8211; szczeg\u00f3\u0142y takiej wizyty ustalacie ju\u017c mi\u0119dzy sob\u0105; wype\u0142niaj\u0105c formularz, oszacuj, ile mniej wi\u0119cej takich wizyt mo\u017cesz\u00a0odby\u0107 w ci\u0105gu roku. Sk\u0142adaj\u0105c deklaracj\u0119 co do mo\u017cliwej liczby wyjazd\u00f3w na bezp\u0142atne wizyty u innych praktyk\u00f3w partycypacji, pami\u0119taj, \u017ce nie jest to wym\u00f3g \u015bwiadczenia darmowej pracy, ale rodzaj deklaracji wolontariackiej na rzecz naszego wsp\u00f3lnego \u015brodowiska. Deklaracje na profilach w bazie s\u0105 orientacyjne &#8211; mo\u017cliwo\u015b\u0107 odbycia wizyty ustalasz ka\u017cdorazowo z osob\u0105, kt\u00f3ra zwr\u00f3ci si\u0119 do Ciebie\u00a0z tak\u0105 pro\u015bb\u0105. Zawsze masz prawo odm\u00f3wi\u0107, je\u015bli nie masz w danej chwili takiej mo\u017cliwo\u015bci. Ale pami\u0119taj, \u017ce taki rodzaj wk\u0142adu w budow\u0119 \u015brodowiska praktyk\u00f3w partycypacji jest czym\u015b wyj\u0105tkowo potrzebnym &#8211; Twoja\u00a0wizyta mo\u017ce pom\u00f3c komu\u015b rozwin\u0105\u0107 skrzyd\u0142a, a mo\u017ce nast\u0119pnym razem to Ty b\u0119dziesz chcia\u0142\/a\u00a0go\u015bci\u0107 u siebie kogo\u015b, kto podzieli si\u0119 cennymi do\u015bwiadczeniami z zupe\u0142nie innej lokalizacji.<\/p>\n<p><strong><strong><br \/>\n<\/strong><\/strong><\/p>\n<p style=\"text-align: justify\"><em>&#8222;Realizacja zlecenia&#8221;<\/em> oznacza, \u017ce oferujesz\u00a0r\u00f3wnie\u017c p\u0142atne us\u0142ugi zwi\u0105zane z procesami partycypacyjnymi, np. moderowanie spotka\u0144 konsultacyjnych i osoby poszukuj\u0105ce kogo\u015b z Twoimi kompetencjami mog\u0105 Ci\u0119 zatrudni\u0107 do wsp\u00f3\u0142pracy. Baza praktyk\u00f3w nie jest jednak zwyczajn\u0105 tablic\u0105 og\u0142osze\u0144 &#8211; je\u017celi zg\u0142aszasz tu gotowo\u015b\u0107 \u015bwiadczenia p\u0142atnych zlece\u0144, musisz te\u017c by\u0107 gotowy s\u0142u\u017cy\u0107 bezinteresownym wsparciem &#8211; nie mo\u017cna wi\u0119c wybra\u0107 tej opcji jako jedynej deklarowanej formy wsparcia.<\/p>\n<p><strong><strong><br \/>\n<\/strong><\/strong><\/p>\n<p style=\"text-align: justify\">* Oznacza pola obowi\u0105zkowe &#8211; system nie pozwoli Ci\u00a0utworzy\u0107 profilu, dop\u00f3ki ich nie uzupe\u0142nisz.<\/p>\n<p style=\"text-align: justify\"><strong><strong><br \/>\n<\/strong><\/strong><br \/>\n<a name=\"edyt\"><\/a><b>Jak edytowa\u0107 profil w bazie?<\/b><strong><\/strong><\/p>\n<p style=\"text-align: justify\">P\u00f3ki co profile os\u00f3b, kt\u00f3re zapisa\u0142y si\u0119 do bazy s\u0105 edytowalne i usuwalne jedynie z poziomu administrator\u00f3w strony (b\u0119dziemy pracowali nad tym, by docelowo ka\u017cdy m\u00f3g\u0142 sam edytowa\u0107 sw\u00f3j profil). Je\u017celi wi\u0119c chcieliby\u015bcie cokolwiek zmieni\u0107 w swoim wpisie &#8211; np. aktualizowa\u0107 kontakt albo opis swojego do\u015bwiadczenia &#8211; piszcie do nas na adres <a href=\"mailto:partycypacja@stocznia.org.pl\">partycypacja@stocznia.org.pl<\/a>. Pod tym adresem przyjmujemy te\u017c wszelkie uwagi i komentarze dotycz\u0105ce bazy.<\/p>\n<p><strong><strong><br \/>\n<\/strong><\/strong><\/p>\n<p style=\"text-align: justify\"><strong>Mi\u0142ego korzystania z bazy praktyk\u00f3w partycypacji &#8211; mamy nadziej\u0119, \u017ce pomo\u017ce Wam we wszelkich obywatelskich dzia\u0142aniach!<\/strong><\/p>\n","protected":false},"excerpt":{"rendered":"<p>BAZA PRAKTYK\u00d3W PARTYCYPACJI Sk\u0105d ten pomys\u0142? Kim s\u0105 praktycy partycypacji? Czym jest baza praktyk\u00f3w? Jak do\u0142\u0105czy\u0107 do bazy? Jak edytowa\u0107 profil w bazie? &nbsp; &nbsp; Sk\u0105d ten pomys\u0142? W maju 2014r. ponad 150 os\u00f3b zajmuj\u0105cych si\u0119 partycypacj\u0105 obywatelsk\u0105 &#8211; zawodowo lub ze spo\u0142ecznikowskiego zami\u0142owania &#8211; spotka\u0142o si\u0119 w Warszawie na pierwszym Forum Praktyk\u00f3w Partycypacji. W\u015br\u00f3d [&hellip;]<\/p>\n","protected":false},"author":1,"featured_media":0,"parent":0,"menu_order":0,"comment_status":"open","ping_status":"open","template":"","meta":[],"_links":{"self":[{"href":"https:\/\/partycypacjaobywatelska.pl\/praktycy\/wp-json\/wp\/v2\/pages\/2"}],"collection":[{"href":"https:\/\/partycypacjaobywatelska.pl\/praktycy\/wp-json\/wp\/v2\/pages"}],"about":[{"href":"https:\/\/partycypacjaobywatelska.pl\/praktycy\/wp-json\/wp\/v2\/types\/page"}],"author":[{"embeddable":true,"href":"https:\/\/partycypacjaobywatelska.pl\/praktycy\/wp-json\/wp\/v2\/users\/1"}],"replies":[{"embeddable":true,"href":"https:\/\/partycypacjaobywatelska.pl\/praktycy\/wp-json\/wp\/v2\/comments?post=2"}],"version-history":[{"count":3,"href":"https:\/\/partycypacjaobywatelska.pl\/praktycy\/wp-json\/wp\/v2\/pages\/2\/revisions"}],"predecessor-version":[{"id":323,"href":"https:\/\/partycypacjaobywatelska.pl\/praktycy\/wp-json\/wp\/v2\/pages\/2\/revisions\/323"}],"wp:attachment":[{"href":"https:\/\/partycypacjaobywatelska.pl\/praktycy\/wp-json\/wp\/v2\/media?parent=2"}],"curies":[{"name":"wp","href":"https:\/\/api.w.org\/{rel}","templated":true}]}}