{"id":5166,"date":"2018-05-24T15:02:35","date_gmt":"2018-05-24T13:02:35","guid":{"rendered":"http:\/\/partycypacjaobywatelska.pl\/konsultacje\/?page_id=5166"},"modified":"2018-05-24T15:03:54","modified_gmt":"2018-05-24T13:03:54","slug":"regulamin-strony","status":"publish","type":"page","link":"https:\/\/partycypacjaobywatelska.pl\/konsultacje\/regulamin-strony\/","title":{"rendered":"Regulamin strony"},"content":{"rendered":"<p><span style=\"color: #000000;\">Regulamin okre\u015bla zasady korzystania z serwisu \u201eKonsultacje z zasadami\u201d znajduj\u0105cego si\u0119 pod adresem elektronicznym konsultacjezzasadami.pl, zwanego dalej \u201eSerwisem\u201d, czyli us\u0142ugi \u015bwiadczonej drog\u0105 elektroniczn\u0105 przez wsp\u00f3\u0142operator\u00f3w Serwisu:<\/span><\/p>\n<ul style=\"list-style-type: square;\">\n<li><span style=\"color: #000000;\"><strong>Fundacj\u0119 Pracownia Bada\u0144 i Innowacji Spo\u0142ecznych \u201eStocznia\u201d<\/strong>, z siedzib\u0105 w Warszawie przy Placu Zamkowym 10, 00-277 Warszawa, wpisan\u0105 do rejestru stowarzysze\u0144, innych organizacji spo\u0142ecznych i zawodowych, fundacji oraz publicznych zak\u0142ad\u00f3w opieki zdrowotnej i do rejestru przedsi\u0119biorc\u00f3w prowadzonych przez S\u0105d Rejonowy dla m.st. Warszawy w Warszawie, XII Wydzia\u0142 Gospodarczy Krajowego Rejestru S\u0105dowego, nr KRS 324413, nr NIP 7010170150, REGON 141754758;<\/span><\/li>\n<li><span style=\"color: #000000;\"><strong>Fundacja Inicjatyw Spo\u0142eczno-Ekonomicznych<\/strong>, z siedzib\u0105 w Warszawie przy Placu Konstytucji 5 lok. 14, 00-657 Warszawa, wpisana do rejestru stowarzysze\u0144, innych organizacji spo\u0142ecznych i zawodowych, fundacji oraz publicznych zak\u0142ad\u00f3w opieki zdrowotnej i do rejestru przedsi\u0119biorc\u00f3w prowadzonych przez S\u0105d Rejonowy dla m.st. Warszawy w Warszawie, XII Wydzia\u0142 Gospodarczy Krajowego Rejestru S\u0105dowego, nr KRS 26197, NIP 5251007953, REGON 002177620.<\/span><\/li>\n<\/ul>\n<p><span style=\"color: #000000;\">Korzystanie z Serwisu oznacza zgod\u0119 na przestrzeganie postanowie\u0144 niniejszego Regulaminu.<\/span><\/p>\n<p><span style=\"color: #000000;\">Celem Serwisu jest prezentacja informacji na temat projektu s\u0142u\u017c\u0105cemu wzmocnieniu pozycji organizacji pozarz\u0105dowych w procesach konsultacji polityk publicznych na szczeblu lokalnym i centralnym poprzez praktyczne wsparcie administracji publicznej i organizacji pozarz\u0105dowych we wsp\u00f3lnym wypracowywaniu i wdra\u017caniu czytelnych regu\u0142 prowadzenia konsultacji. Serwis zawiera materia\u0142y edukacyjne, informacje o projekcie i zespole realizuj\u0105cym projekt.<\/span><\/p>\n<p><span style=\"color: #000000;\">Korzystanie z Serwisu jest nieodp\u0142atne.<\/span><\/p>\n<p><span style=\"color: #000000;\">Do korzystania z Serwisu niezb\u0119dne jest posiadanie urz\u0105dze\u0144 pozwalaj\u0105cych na korzystanie z zasob\u00f3w Internetu oraz przegl\u0105darki zasob\u00f3w internetowych umo\u017cliwiaj\u0105cej wy\u015bwietlanie stron internetowych. Korzystanie z Serwisu wymaga dysponowania przegl\u0105dark\u0105 internetow\u0105 Firefox w wersji co najmniej 4.0, Chrome w wersji co najmniej 12.0, Opera w wersji co najmniej 11.0 Safari w wersji co najmniej 4.0 lub Internet Explorer w wersji co najmniej 8.0.<\/span><\/p>\n<p><span style=\"color: #000000;\">Zakazane jest korzystanie z Serwisu w spos\u00f3b sprzeczny z obowi\u0105zuj\u0105cymi przepisami prawa oraz dobrymi obyczajami, a w szczeg\u00f3lno\u015bci dostarczanie i przesy\u0142anie za pomoc\u0105 Serwisu tre\u015bci o charakterze bezprawnym (np. tzw. spamu lub materia\u0142\u00f3w naruszaj\u0105cych prawa autorskie czy dobra osobiste os\u00f3b trzecich). Zakazane jest wprowadzanie do Serwisu informacji niezgodnych z rzeczywisto\u015bci\u0105 (w tym podawanie fa\u0142szywych danych osobowych lub zg\u0142aszanie fa\u0142szywych problem\u00f3w).<\/span><\/p>\n<p><span style=\"color: #000000;\">Wsp\u00f3\u0142operatorzy Serwisu dok\u0142adaj\u0105 wszelkich stara\u0144 w celu zapewnienia prawid\u0142owego dzia\u0142ania Serwisu, jednak informuj\u0105, \u017ce w wypadku awarii, bez wzgl\u0119du na jej przyczyn\u0119, istnieje ryzyko utraty zgromadzonych danych lub zak\u0142\u00f3cenia przesy\u0142ania danych do Serwisu. Wsp\u00f3\u0142operatorzy Serwisu zastrzegaj\u0105 sobie prawo do wy\u0142\u0105czenia Serwisu.<\/span><\/p>\n<p><span style=\"color: #000000;\">Zak\u0142\u00f3cenia w funkcjonowaniu Serwisu oraz uwagi i pytania dotycz\u0105ce Serwisu mog\u0105 by\u0107 zg\u0142aszane za po\u015brednictwem poczty elektronicznej na adres<\/span> <a href=\"mailto:partycypacja@stocznia.org.pl\">partycypacja@stocznia.org.pl<\/a> <span style=\"color: #000000;\">lub<\/span> <a href=\"mailto:fise@fise.org.pl\">fise@fise.org.pl<\/a>. <span style=\"color: #000000;\">Zg\u0142oszenia b\u0119d\u0105 rozpatrywane na bie\u017c\u0105co przez wsp\u00f3\u0142operator\u00f3w Serwisu w terminie nie d\u0142u\u017cszym ni\u017c 14 dni. Wsp\u00f3\u0142operatorzy Serwisu zastrzegaj\u0105 sobie mo\u017cliwo\u015b\u0107 pozostawienia zg\u0142oszenia bez odpowiedzi, je\u015bli dotyczy ono dysfunkcji wynikaj\u0105cych z nieznajomo\u015bci lub nieprzestrzegania Regulaminu.<\/span><\/p>\n<p><span style=\"color: #000000;\">Zastrzegamy sobie prawo do zmiany Regulaminu w dowolnym terminie poprzez opublikowanie jego nowej wersji w Serwisie. O zmianach b\u0119dziemy informowali U\u017cytkownik\u00f3w w widoczny spos\u00f3b z co najmniej 7-dniowym wyprzedzeniem. Korzystanie przez U\u017cytkownika z Serwisu po wprowadzeniu tych zmian r\u00f3wnoznaczne jest z wyra\u017ceniem dla nich zrozumienia i akceptacji.<\/span><\/p>\n<p><span style=\"color: #000000;\">Regulamin obowi\u0105zuje w ostatniej wersji od dnia 24 maja 2018 r.<\/span><\/p>\n","protected":false},"excerpt":{"rendered":"<p>Regulamin okre\u015bla zasady korzystania z serwisu \u201eKonsultacje z zasadami\u201d znajduj\u0105cego si\u0119 pod adresem elektronicznym konsultacjezzasadami.pl, zwanego dalej \u201eSerwisem\u201d, czyli us\u0142ugi \u015bwiadczonej drog\u0105 elektroniczn\u0105 przez wsp\u00f3\u0142operator\u00f3w Serwisu: Fundacj\u0119 Pracownia Bada\u0144 i Innowacji Spo\u0142ecznych \u201eStocznia\u201d, z siedzib\u0105 w Warszawie przy Placu Zamkowym 10, 00-277 Warszawa, wpisan\u0105 do rejestru stowarzysze\u0144, innych organizacji spo\u0142ecznych i zawodowych, fundacji oraz publicznych [&hellip;]<\/p>\n","protected":false},"author":1,"featured_media":0,"parent":0,"menu_order":0,"comment_status":"open","ping_status":"open","template":"template-konsultacje-o-nas.php","meta":[],"_links":{"self":[{"href":"https:\/\/partycypacjaobywatelska.pl\/konsultacje\/wp-json\/wp\/v2\/pages\/5166"}],"collection":[{"href":"https:\/\/partycypacjaobywatelska.pl\/konsultacje\/wp-json\/wp\/v2\/pages"}],"about":[{"href":"https:\/\/partycypacjaobywatelska.pl\/konsultacje\/wp-json\/wp\/v2\/types\/page"}],"author":[{"embeddable":true,"href":"https:\/\/partycypacjaobywatelska.pl\/konsultacje\/wp-json\/wp\/v2\/users\/1"}],"replies":[{"embeddable":true,"href":"https:\/\/partycypacjaobywatelska.pl\/konsultacje\/wp-json\/wp\/v2\/comments?post=5166"}],"version-history":[{"count":2,"href":"https:\/\/partycypacjaobywatelska.pl\/konsultacje\/wp-json\/wp\/v2\/pages\/5166\/revisions"}],"predecessor-version":[{"id":5170,"href":"https:\/\/partycypacjaobywatelska.pl\/konsultacje\/wp-json\/wp\/v2\/pages\/5166\/revisions\/5170"}],"wp:attachment":[{"href":"https:\/\/partycypacjaobywatelska.pl\/konsultacje\/wp-json\/wp\/v2\/media?parent=5166"}],"curies":[{"name":"wp","href":"https:\/\/api.w.org\/{rel}","templated":true}]}}