{"id":11,"date":"2016-01-08T16:36:42","date_gmt":"2016-01-08T15:36:42","guid":{"rendered":"http:\/\/partycypacjaobywatelska.pl\/konsultacje\/kontultacje-z-zasadami-kontakt\/"},"modified":"2018-05-24T12:58:53","modified_gmt":"2018-05-24T10:58:53","slug":"kontakt","status":"publish","type":"page","link":"https:\/\/partycypacjaobywatelska.pl\/konsultacje\/kontakt\/","title":{"rendered":"Kontakt"},"content":{"rendered":"<p>&nbsp;<\/p>\n<p><strong>Fundacja Inicjatyw Spo\u0142eczno-Ekonomicznych (FISE)<\/strong><\/p>\n<p>pl. Konstytucji 4<\/p>\n<p>00-552 Warszawa<\/p>\n<p>tel.: + (48) 22 622 01 91<\/p>\n<p><a href=\"http:\/\/www.fise.org.pl\/\">www.fise.org.pl<\/a><\/p>\n<p><a href=\"mailto:partycypacja@fise.org.pl\">partycypacja@fise.org.pl<\/a><\/p>\n<p>&nbsp;<\/p>\n<p>Oktawiusz Chrzanowski: <a href=\"mailto:ochrzanowski@fise.org.pl\">ochrzanowski@fise.org.pl<\/a><\/p>\n<p>Ewa Ro\u015bciszewska: erosciszewska@fise.org.pl<\/p>\n<p>&nbsp;<\/p>\n<p><strong>Pracownia Bada\u0144 i Innowacji Spo\u0142ecznych \u201eStocznia\u201d<\/strong><\/p>\n<p>Plac Zamkowy 10<\/p>\n<p>00-277 Warszawa<\/p>\n<p>tel.: +48 22 100 55 94<\/p>\n<p><a href=\"http:\/\/www.stocznia.org.pl\/\">www.stocznia.org.pl<\/a><\/p>\n<p><a href=\"http:\/\/www.partycypacjaobywatelska.pl\">www.partycypacjaobywatelska.pl<\/a><\/p>\n<p><a href=\"mailto:partycypacja@stocznia.org.pl\">partycypacja@stocznia.org.pl<\/a><\/p>\n","protected":false},"excerpt":{"rendered":"<p>&nbsp; Fundacja Inicjatyw Spo\u0142eczno-Ekonomicznych (FISE) pl. Konstytucji 4 00-552 Warszawa tel.: + (48) 22 622 01 91 www.fise.org.pl partycypacja@fise.org.pl &nbsp; Oktawiusz Chrzanowski: ochrzanowski@fise.org.pl Ewa Ro\u015bciszewska: erosciszewska@fise.org.pl &nbsp; Pracownia Bada\u0144 i Innowacji Spo\u0142ecznych \u201eStocznia\u201d Plac Zamkowy 10 00-277 Warszawa tel.: +48 22 100 55 94 www.stocznia.org.pl www.partycypacjaobywatelska.pl partycypacja@stocznia.org.pl<\/p>\n","protected":false},"author":1,"featured_media":0,"parent":0,"menu_order":0,"comment_status":"open","ping_status":"open","template":"template-konsultacje-kontakt.php","meta":[],"_links":{"self":[{"href":"https:\/\/partycypacjaobywatelska.pl\/konsultacje\/wp-json\/wp\/v2\/pages\/11"}],"collection":[{"href":"https:\/\/partycypacjaobywatelska.pl\/konsultacje\/wp-json\/wp\/v2\/pages"}],"about":[{"href":"https:\/\/partycypacjaobywatelska.pl\/konsultacje\/wp-json\/wp\/v2\/types\/page"}],"author":[{"embeddable":true,"href":"https:\/\/partycypacjaobywatelska.pl\/konsultacje\/wp-json\/wp\/v2\/users\/1"}],"replies":[{"embeddable":true,"href":"https:\/\/partycypacjaobywatelska.pl\/konsultacje\/wp-json\/wp\/v2\/comments?post=11"}],"version-history":[{"count":3,"href":"https:\/\/partycypacjaobywatelska.pl\/konsultacje\/wp-json\/wp\/v2\/pages\/11\/revisions"}],"predecessor-version":[{"id":5158,"href":"https:\/\/partycypacjaobywatelska.pl\/konsultacje\/wp-json\/wp\/v2\/pages\/11\/revisions\/5158"}],"wp:attachment":[{"href":"https:\/\/partycypacjaobywatelska.pl\/konsultacje\/wp-json\/wp\/v2\/media?parent=11"}],"curies":[{"name":"wp","href":"https:\/\/api.w.org\/{rel}","templated":true}]}}