{"id":6369,"date":"2025-05-07T18:00:26","date_gmt":"2025-05-07T16:00:26","guid":{"rendered":"https:\/\/partycypacjaobywatelska.pl\/forum\/?page_id=6369"},"modified":"2025-05-13T21:51:12","modified_gmt":"2025-05-13T19:51:12","slug":"urban-laby-jak-dzialaja-i-czy-zajmuja-sie-partycypacja","status":"publish","type":"page","link":"https:\/\/partycypacjaobywatelska.pl\/forum\/urban-laby-jak-dzialaja-i-czy-zajmuja-sie-partycypacja\/","title":{"rendered":"Urban Laby \u2013 jak dzia\u0142aj\u0105 i czy zajmuj\u0105 si\u0119 partycypacj\u0105?"},"content":{"rendered":"","protected":false},"excerpt":{"rendered":"","protected":false},"author":117,"featured_media":0,"parent":0,"menu_order":0,"comment_status":"closed","ping_status":"closed","template":"template-program.php","meta":[],"_links":{"self":[{"href":"https:\/\/partycypacjaobywatelska.pl\/forum\/wp-json\/wp\/v2\/pages\/6369"}],"collection":[{"href":"https:\/\/partycypacjaobywatelska.pl\/forum\/wp-json\/wp\/v2\/pages"}],"about":[{"href":"https:\/\/partycypacjaobywatelska.pl\/forum\/wp-json\/wp\/v2\/types\/page"}],"author":[{"embeddable":true,"href":"https:\/\/partycypacjaobywatelska.pl\/forum\/wp-json\/wp\/v2\/users\/117"}],"replies":[{"embeddable":true,"href":"https:\/\/partycypacjaobywatelska.pl\/forum\/wp-json\/wp\/v2\/comments?post=6369"}],"version-history":[{"count":8,"href":"https:\/\/partycypacjaobywatelska.pl\/forum\/wp-json\/wp\/v2\/pages\/6369\/revisions"}],"predecessor-version":[{"id":6520,"href":"https:\/\/partycypacjaobywatelska.pl\/forum\/wp-json\/wp\/v2\/pages\/6369\/revisions\/6520"}],"wp:attachment":[{"href":"https:\/\/partycypacjaobywatelska.pl\/forum\/wp-json\/wp\/v2\/media?parent=6369"}],"curies":[{"name":"wp","href":"https:\/\/api.w.org\/{rel}","templated":true}]}}