{"id":6230,"date":"2025-04-29T22:32:28","date_gmt":"2025-04-29T20:32:28","guid":{"rendered":"https:\/\/partycypacjaobywatelska.pl\/forum\/?page_id=6230"},"modified":"2025-05-06T22:35:59","modified_gmt":"2025-05-06T20:35:59","slug":"200-lat-przemian-czyli-historia-lodzi-na-przykladzie-ul-piotrkowskiej-dla-zainteresowanych-urbanistyka","status":"publish","type":"page","link":"https:\/\/partycypacjaobywatelska.pl\/forum\/200-lat-przemian-czyli-historia-lodzi-na-przykladzie-ul-piotrkowskiej-dla-zainteresowanych-urbanistyka\/","title":{"rendered":"200 lat przemian, czyli historia \u0141odzi na przyk\u0142adzie ul. Piotrkowskiej &#8211; dla zainteresowanych urbanistyk\u0105"},"content":{"rendered":"","protected":false},"excerpt":{"rendered":"","protected":false},"author":117,"featured_media":0,"parent":0,"menu_order":0,"comment_status":"closed","ping_status":"closed","template":"template-program.php","meta":[],"_links":{"self":[{"href":"https:\/\/partycypacjaobywatelska.pl\/forum\/wp-json\/wp\/v2\/pages\/6230"}],"collection":[{"href":"https:\/\/partycypacjaobywatelska.pl\/forum\/wp-json\/wp\/v2\/pages"}],"about":[{"href":"https:\/\/partycypacjaobywatelska.pl\/forum\/wp-json\/wp\/v2\/types\/page"}],"author":[{"embeddable":true,"href":"https:\/\/partycypacjaobywatelska.pl\/forum\/wp-json\/wp\/v2\/users\/117"}],"replies":[{"embeddable":true,"href":"https:\/\/partycypacjaobywatelska.pl\/forum\/wp-json\/wp\/v2\/comments?post=6230"}],"version-history":[{"count":5,"href":"https:\/\/partycypacjaobywatelska.pl\/forum\/wp-json\/wp\/v2\/pages\/6230\/revisions"}],"predecessor-version":[{"id":6337,"href":"https:\/\/partycypacjaobywatelska.pl\/forum\/wp-json\/wp\/v2\/pages\/6230\/revisions\/6337"}],"wp:attachment":[{"href":"https:\/\/partycypacjaobywatelska.pl\/forum\/wp-json\/wp\/v2\/media?parent=6230"}],"curies":[{"name":"wp","href":"https:\/\/api.w.org\/{rel}","templated":true}]}}