{"id":6227,"date":"2025-04-29T22:25:57","date_gmt":"2025-04-29T20:25:57","guid":{"rendered":"https:\/\/partycypacjaobywatelska.pl\/forum\/?page_id=6227"},"modified":"2025-05-06T22:37:24","modified_gmt":"2025-05-06T20:37:24","slug":"wiecej-niz-budynek-czyli-jak-budowac-instytucje-otwarte-na-mieszkancow","status":"publish","type":"page","link":"https:\/\/partycypacjaobywatelska.pl\/forum\/wiecej-niz-budynek-czyli-jak-budowac-instytucje-otwarte-na-mieszkancow\/","title":{"rendered":"Wi\u0119cej ni\u017c budynek &#8211; czyli jak budowa\u0107 instytucje otwarte na mieszka\u0144c\u00f3w i mieszkanki"},"content":{"rendered":"","protected":false},"excerpt":{"rendered":"","protected":false},"author":117,"featured_media":0,"parent":0,"menu_order":0,"comment_status":"closed","ping_status":"closed","template":"template-program.php","meta":[],"_links":{"self":[{"href":"https:\/\/partycypacjaobywatelska.pl\/forum\/wp-json\/wp\/v2\/pages\/6227"}],"collection":[{"href":"https:\/\/partycypacjaobywatelska.pl\/forum\/wp-json\/wp\/v2\/pages"}],"about":[{"href":"https:\/\/partycypacjaobywatelska.pl\/forum\/wp-json\/wp\/v2\/types\/page"}],"author":[{"embeddable":true,"href":"https:\/\/partycypacjaobywatelska.pl\/forum\/wp-json\/wp\/v2\/users\/117"}],"replies":[{"embeddable":true,"href":"https:\/\/partycypacjaobywatelska.pl\/forum\/wp-json\/wp\/v2\/comments?post=6227"}],"version-history":[{"count":4,"href":"https:\/\/partycypacjaobywatelska.pl\/forum\/wp-json\/wp\/v2\/pages\/6227\/revisions"}],"predecessor-version":[{"id":6340,"href":"https:\/\/partycypacjaobywatelska.pl\/forum\/wp-json\/wp\/v2\/pages\/6227\/revisions\/6340"}],"wp:attachment":[{"href":"https:\/\/partycypacjaobywatelska.pl\/forum\/wp-json\/wp\/v2\/media?parent=6227"}],"curies":[{"name":"wp","href":"https:\/\/api.w.org\/{rel}","templated":true}]}}