{"id":6025,"date":"2025-04-04T17:17:17","date_gmt":"2025-04-04T15:17:17","guid":{"rendered":"https:\/\/partycypacjaobywatelska.pl\/forum\/?page_id=6025"},"modified":"2025-05-09T21:49:52","modified_gmt":"2025-05-09T19:49:52","slug":"czy-mozna-zapytac-wszystkich-i-znac-odpowiedz-konsultacje-i-badania-w-samorzadowych-procesach-decyzyjnych","status":"publish","type":"page","link":"https:\/\/partycypacjaobywatelska.pl\/forum\/czy-mozna-zapytac-wszystkich-i-znac-odpowiedz-konsultacje-i-badania-w-samorzadowych-procesach-decyzyjnych\/","title":{"rendered":"Czy mo\u017cna zapyta\u0107 wszystkich i zna\u0107 odpowied\u017a? Konsultacje i badania w samorz\u0105dowych procesach decyzyjnych"},"content":{"rendered":"","protected":false},"excerpt":{"rendered":"","protected":false},"author":117,"featured_media":0,"parent":0,"menu_order":0,"comment_status":"closed","ping_status":"closed","template":"template-program.php","meta":[],"_links":{"self":[{"href":"https:\/\/partycypacjaobywatelska.pl\/forum\/wp-json\/wp\/v2\/pages\/6025"}],"collection":[{"href":"https:\/\/partycypacjaobywatelska.pl\/forum\/wp-json\/wp\/v2\/pages"}],"about":[{"href":"https:\/\/partycypacjaobywatelska.pl\/forum\/wp-json\/wp\/v2\/types\/page"}],"author":[{"embeddable":true,"href":"https:\/\/partycypacjaobywatelska.pl\/forum\/wp-json\/wp\/v2\/users\/117"}],"replies":[{"embeddable":true,"href":"https:\/\/partycypacjaobywatelska.pl\/forum\/wp-json\/wp\/v2\/comments?post=6025"}],"version-history":[{"count":7,"href":"https:\/\/partycypacjaobywatelska.pl\/forum\/wp-json\/wp\/v2\/pages\/6025\/revisions"}],"predecessor-version":[{"id":6457,"href":"https:\/\/partycypacjaobywatelska.pl\/forum\/wp-json\/wp\/v2\/pages\/6025\/revisions\/6457"}],"wp:attachment":[{"href":"https:\/\/partycypacjaobywatelska.pl\/forum\/wp-json\/wp\/v2\/media?parent=6025"}],"curies":[{"name":"wp","href":"https:\/\/api.w.org\/{rel}","templated":true}]}}