{"id":6008,"date":"2025-04-04T17:03:18","date_gmt":"2025-04-04T15:03:18","guid":{"rendered":"https:\/\/partycypacjaobywatelska.pl\/forum\/?page_id=6008"},"modified":"2025-05-09T21:52:31","modified_gmt":"2025-05-09T19:52:31","slug":"czy-potrzebujemy-rzecznika-praw-mieszkancow-o-propozycjach-zmian-w-prawie-aby-wzmocnic-glos-mieszkancow","status":"publish","type":"page","link":"https:\/\/partycypacjaobywatelska.pl\/forum\/czy-potrzebujemy-rzecznika-praw-mieszkancow-o-propozycjach-zmian-w-prawie-aby-wzmocnic-glos-mieszkancow\/","title":{"rendered":"Czy potrzebujemy Rzecznika Praw Mieszka\u0144c\u00f3w? O propozycjach zmian w prawie, aby  wzmocni\u0107 g\u0142os mieszka\u0144c\u00f3w"},"content":{"rendered":"","protected":false},"excerpt":{"rendered":"","protected":false},"author":117,"featured_media":0,"parent":0,"menu_order":0,"comment_status":"closed","ping_status":"closed","template":"template-program.php","meta":[],"_links":{"self":[{"href":"https:\/\/partycypacjaobywatelska.pl\/forum\/wp-json\/wp\/v2\/pages\/6008"}],"collection":[{"href":"https:\/\/partycypacjaobywatelska.pl\/forum\/wp-json\/wp\/v2\/pages"}],"about":[{"href":"https:\/\/partycypacjaobywatelska.pl\/forum\/wp-json\/wp\/v2\/types\/page"}],"author":[{"embeddable":true,"href":"https:\/\/partycypacjaobywatelska.pl\/forum\/wp-json\/wp\/v2\/users\/117"}],"replies":[{"embeddable":true,"href":"https:\/\/partycypacjaobywatelska.pl\/forum\/wp-json\/wp\/v2\/comments?post=6008"}],"version-history":[{"count":6,"href":"https:\/\/partycypacjaobywatelska.pl\/forum\/wp-json\/wp\/v2\/pages\/6008\/revisions"}],"predecessor-version":[{"id":6460,"href":"https:\/\/partycypacjaobywatelska.pl\/forum\/wp-json\/wp\/v2\/pages\/6008\/revisions\/6460"}],"wp:attachment":[{"href":"https:\/\/partycypacjaobywatelska.pl\/forum\/wp-json\/wp\/v2\/media?parent=6008"}],"curies":[{"name":"wp","href":"https:\/\/api.w.org\/{rel}","templated":true}]}}