{"id":5945,"date":"2025-04-04T11:22:57","date_gmt":"2025-04-04T09:22:57","guid":{"rendered":"https:\/\/partycypacjaobywatelska.pl\/forum\/?page_id=5945"},"modified":"2025-05-09T21:58:25","modified_gmt":"2025-05-09T19:58:25","slug":"jak-uczynic-dostepnymi-konsultacje-dostepnosci-i-inne-procesy-partycypacyjne","status":"publish","type":"page","link":"https:\/\/partycypacjaobywatelska.pl\/forum\/jak-uczynic-dostepnymi-konsultacje-dostepnosci-i-inne-procesy-partycypacyjne\/","title":{"rendered":"Jak uczyni\u0107 dost\u0119pnymi konsultacje dost\u0119pno\u015bci (i inne procesy partycypacyjne)?"},"content":{"rendered":"","protected":false},"excerpt":{"rendered":"","protected":false},"author":117,"featured_media":0,"parent":0,"menu_order":0,"comment_status":"closed","ping_status":"closed","template":"template-program.php","meta":[],"_links":{"self":[{"href":"https:\/\/partycypacjaobywatelska.pl\/forum\/wp-json\/wp\/v2\/pages\/5945"}],"collection":[{"href":"https:\/\/partycypacjaobywatelska.pl\/forum\/wp-json\/wp\/v2\/pages"}],"about":[{"href":"https:\/\/partycypacjaobywatelska.pl\/forum\/wp-json\/wp\/v2\/types\/page"}],"author":[{"embeddable":true,"href":"https:\/\/partycypacjaobywatelska.pl\/forum\/wp-json\/wp\/v2\/users\/117"}],"replies":[{"embeddable":true,"href":"https:\/\/partycypacjaobywatelska.pl\/forum\/wp-json\/wp\/v2\/comments?post=5945"}],"version-history":[{"count":11,"href":"https:\/\/partycypacjaobywatelska.pl\/forum\/wp-json\/wp\/v2\/pages\/5945\/revisions"}],"predecessor-version":[{"id":6478,"href":"https:\/\/partycypacjaobywatelska.pl\/forum\/wp-json\/wp\/v2\/pages\/5945\/revisions\/6478"}],"wp:attachment":[{"href":"https:\/\/partycypacjaobywatelska.pl\/forum\/wp-json\/wp\/v2\/media?parent=5945"}],"curies":[{"name":"wp","href":"https:\/\/api.w.org\/{rel}","templated":true}]}}