{"id":5549,"date":"2024-03-08T12:05:16","date_gmt":"2024-03-08T11:05:16","guid":{"rendered":"https:\/\/partycypacjaobywatelska.pl\/forum\/?page_id=5549"},"modified":"2024-03-15T10:39:06","modified_gmt":"2024-03-15T09:39:06","slug":"jak-poradzic-sobie-z-nowa-ustawa-o-planowaniu-przestrzennym","status":"publish","type":"page","link":"https:\/\/partycypacjaobywatelska.pl\/forum\/jak-poradzic-sobie-z-nowa-ustawa-o-planowaniu-przestrzennym\/","title":{"rendered":"Jak poradzi\u0107 sobie z now\u0105 ustaw\u0105 o planowaniu przestrzennym?"},"content":{"rendered":"","protected":false},"excerpt":{"rendered":"","protected":false},"author":188,"featured_media":0,"parent":0,"menu_order":0,"comment_status":"closed","ping_status":"closed","template":"template-program.php","meta":[],"_links":{"self":[{"href":"https:\/\/partycypacjaobywatelska.pl\/forum\/wp-json\/wp\/v2\/pages\/5549"}],"collection":[{"href":"https:\/\/partycypacjaobywatelska.pl\/forum\/wp-json\/wp\/v2\/pages"}],"about":[{"href":"https:\/\/partycypacjaobywatelska.pl\/forum\/wp-json\/wp\/v2\/types\/page"}],"author":[{"embeddable":true,"href":"https:\/\/partycypacjaobywatelska.pl\/forum\/wp-json\/wp\/v2\/users\/188"}],"replies":[{"embeddable":true,"href":"https:\/\/partycypacjaobywatelska.pl\/forum\/wp-json\/wp\/v2\/comments?post=5549"}],"version-history":[{"count":4,"href":"https:\/\/partycypacjaobywatelska.pl\/forum\/wp-json\/wp\/v2\/pages\/5549\/revisions"}],"predecessor-version":[{"id":5673,"href":"https:\/\/partycypacjaobywatelska.pl\/forum\/wp-json\/wp\/v2\/pages\/5549\/revisions\/5673"}],"wp:attachment":[{"href":"https:\/\/partycypacjaobywatelska.pl\/forum\/wp-json\/wp\/v2\/media?parent=5549"}],"curies":[{"name":"wp","href":"https:\/\/api.w.org\/{rel}","templated":true}]}}