{"id":5346,"date":"2024-03-05T10:08:56","date_gmt":"2024-03-05T09:08:56","guid":{"rendered":"https:\/\/partycypacjaobywatelska.pl\/forum\/?page_id=5346"},"modified":"2024-03-15T10:07:29","modified_gmt":"2024-03-15T09:07:29","slug":"cala-polska-rozmawia-o-czy-da-sie-prowadzic-dzialania-partycypacyjne-w-skali-ogolnopolskiej-i-jak-to-robic-z-glowa","status":"publish","type":"page","link":"https:\/\/partycypacjaobywatelska.pl\/forum\/cala-polska-rozmawia-o-czy-da-sie-prowadzic-dzialania-partycypacyjne-w-skali-ogolnopolskiej-i-jak-to-robic-z-glowa\/","title":{"rendered":"\u201eCa\u0142a Polska rozmawia o\u2026\u201d \u2013 czy da si\u0119 prowadzi\u0107 dzia\u0142ania partycypacyjne w skali og\u00f3lnopolskiej i jak to robi\u0107 z g\u0142ow\u0105?"},"content":{"rendered":"","protected":false},"excerpt":{"rendered":"","protected":false},"author":230,"featured_media":0,"parent":0,"menu_order":0,"comment_status":"closed","ping_status":"closed","template":"template-program.php","meta":[],"_links":{"self":[{"href":"https:\/\/partycypacjaobywatelska.pl\/forum\/wp-json\/wp\/v2\/pages\/5346"}],"collection":[{"href":"https:\/\/partycypacjaobywatelska.pl\/forum\/wp-json\/wp\/v2\/pages"}],"about":[{"href":"https:\/\/partycypacjaobywatelska.pl\/forum\/wp-json\/wp\/v2\/types\/page"}],"author":[{"embeddable":true,"href":"https:\/\/partycypacjaobywatelska.pl\/forum\/wp-json\/wp\/v2\/users\/230"}],"replies":[{"embeddable":true,"href":"https:\/\/partycypacjaobywatelska.pl\/forum\/wp-json\/wp\/v2\/comments?post=5346"}],"version-history":[{"count":7,"href":"https:\/\/partycypacjaobywatelska.pl\/forum\/wp-json\/wp\/v2\/pages\/5346\/revisions"}],"predecessor-version":[{"id":5926,"href":"https:\/\/partycypacjaobywatelska.pl\/forum\/wp-json\/wp\/v2\/pages\/5346\/revisions\/5926"}],"wp:attachment":[{"href":"https:\/\/partycypacjaobywatelska.pl\/forum\/wp-json\/wp\/v2\/media?parent=5346"}],"curies":[{"name":"wp","href":"https:\/\/api.w.org\/{rel}","templated":true}]}}