{"id":4292,"date":"2023-05-12T13:06:10","date_gmt":"2023-05-12T11:06:10","guid":{"rendered":"https:\/\/partycypacjaobywatelska.pl\/forum\/?page_id=4292"},"modified":"2023-06-14T20:38:48","modified_gmt":"2023-06-14T18:38:48","slug":"czym-my-tak-naprawde-jestesmy-krotka-lawka-wyspecjalizowanych-firm-czy-posrednikami-na-garnuszku-dyskusja-o-tym-jak-komunikujemy-sie-jako-organizacje-spoleczne-i-o-naszej-tozsamosci","status":"publish","type":"page","link":"https:\/\/partycypacjaobywatelska.pl\/forum\/edycja-10\/czym-my-tak-naprawde-jestesmy-krotka-lawka-wyspecjalizowanych-firm-czy-posrednikami-na-garnuszku-dyskusja-o-tym-jak-komunikujemy-sie-jako-organizacje-spoleczne-i-o-naszej-tozsamosci\/","title":{"rendered":"Czym my tak naprawd\u0119 jeste\u015bmy \u2013 kr\u00f3tk\u0105 \u0142awk\u0105 wyspecjalizowanych firm czy po\u015brednikami na garnuszku? Dyskusja o tym, jak komunikujemy si\u0119 jako organizacje spo\u0142eczne, i o naszej to\u017csamo\u015bci"},"content":{"rendered":"","protected":false},"excerpt":{"rendered":"","protected":false},"author":196,"featured_media":0,"parent":4048,"menu_order":0,"comment_status":"closed","ping_status":"closed","template":"template-program.php","meta":[],"_links":{"self":[{"href":"https:\/\/partycypacjaobywatelska.pl\/forum\/wp-json\/wp\/v2\/pages\/4292"}],"collection":[{"href":"https:\/\/partycypacjaobywatelska.pl\/forum\/wp-json\/wp\/v2\/pages"}],"about":[{"href":"https:\/\/partycypacjaobywatelska.pl\/forum\/wp-json\/wp\/v2\/types\/page"}],"author":[{"embeddable":true,"href":"https:\/\/partycypacjaobywatelska.pl\/forum\/wp-json\/wp\/v2\/users\/196"}],"replies":[{"embeddable":true,"href":"https:\/\/partycypacjaobywatelska.pl\/forum\/wp-json\/wp\/v2\/comments?post=4292"}],"version-history":[{"count":10,"href":"https:\/\/partycypacjaobywatelska.pl\/forum\/wp-json\/wp\/v2\/pages\/4292\/revisions"}],"predecessor-version":[{"id":4594,"href":"https:\/\/partycypacjaobywatelska.pl\/forum\/wp-json\/wp\/v2\/pages\/4292\/revisions\/4594"}],"up":[{"embeddable":true,"href":"https:\/\/partycypacjaobywatelska.pl\/forum\/wp-json\/wp\/v2\/pages\/4048"}],"wp:attachment":[{"href":"https:\/\/partycypacjaobywatelska.pl\/forum\/wp-json\/wp\/v2\/media?parent=4292"}],"curies":[{"name":"wp","href":"https:\/\/api.w.org\/{rel}","templated":true}]}}