{"id":4165,"date":"2023-05-10T10:54:28","date_gmt":"2023-05-10T08:54:28","guid":{"rendered":"https:\/\/partycypacjaobywatelska.pl\/forum\/?page_id=4165"},"modified":"2023-06-07T17:59:44","modified_gmt":"2023-06-07T15:59:44","slug":"szkolne-budzety-partycypacyjne-chwilowa-moda-czy-realna-zmiana-w-podejsciu-do-aktywnosci-mlodziezy","status":"publish","type":"page","link":"https:\/\/partycypacjaobywatelska.pl\/forum\/edycja-10\/szkolne-budzety-partycypacyjne-chwilowa-moda-czy-realna-zmiana-w-podejsciu-do-aktywnosci-mlodziezy\/","title":{"rendered":"Szkolne Bud\u017cety Partycypacyjne \u2013 chwilowa moda czy realna zmiana w podej\u015bciu do aktywno\u015bci m\u0142odzie\u017cy?"},"content":{"rendered":"","protected":false},"excerpt":{"rendered":"","protected":false},"author":196,"featured_media":0,"parent":4048,"menu_order":0,"comment_status":"closed","ping_status":"closed","template":"template-program.php","meta":[],"_links":{"self":[{"href":"https:\/\/partycypacjaobywatelska.pl\/forum\/wp-json\/wp\/v2\/pages\/4165"}],"collection":[{"href":"https:\/\/partycypacjaobywatelska.pl\/forum\/wp-json\/wp\/v2\/pages"}],"about":[{"href":"https:\/\/partycypacjaobywatelska.pl\/forum\/wp-json\/wp\/v2\/types\/page"}],"author":[{"embeddable":true,"href":"https:\/\/partycypacjaobywatelska.pl\/forum\/wp-json\/wp\/v2\/users\/196"}],"replies":[{"embeddable":true,"href":"https:\/\/partycypacjaobywatelska.pl\/forum\/wp-json\/wp\/v2\/comments?post=4165"}],"version-history":[{"count":12,"href":"https:\/\/partycypacjaobywatelska.pl\/forum\/wp-json\/wp\/v2\/pages\/4165\/revisions"}],"predecessor-version":[{"id":4567,"href":"https:\/\/partycypacjaobywatelska.pl\/forum\/wp-json\/wp\/v2\/pages\/4165\/revisions\/4567"}],"up":[{"embeddable":true,"href":"https:\/\/partycypacjaobywatelska.pl\/forum\/wp-json\/wp\/v2\/pages\/4048"}],"wp:attachment":[{"href":"https:\/\/partycypacjaobywatelska.pl\/forum\/wp-json\/wp\/v2\/media?parent=4165"}],"curies":[{"name":"wp","href":"https:\/\/api.w.org\/{rel}","templated":true}]}}