{"id":3540,"date":"2022-06-02T07:56:20","date_gmt":"2022-06-02T05:56:20","guid":{"rendered":"https:\/\/partycypacjaobywatelska.pl\/forum\/?page_id=3540"},"modified":"2022-06-10T13:28:59","modified_gmt":"2022-06-10T11:28:59","slug":"mamy-nasz-wspolny-mam-czyli-jak-kreowac-przestrzen-ze-spolecznoscia","status":"publish","type":"page","link":"https:\/\/partycypacjaobywatelska.pl\/forum\/edycja-9\/mamy-nasz-wspolny-mam-czyli-jak-kreowac-przestrzen-ze-spolecznoscia\/","title":{"rendered":"MAMy nasz wsp\u00f3lny MAM, czyli jak kreowa\u0107 przestrze\u0144 ze spo\u0142eczno\u015bci\u0105?"},"content":{"rendered":"","protected":false},"excerpt":{"rendered":"","protected":false},"author":177,"featured_media":0,"parent":3208,"menu_order":0,"comment_status":"closed","ping_status":"closed","template":"template-program.php","meta":[],"_links":{"self":[{"href":"https:\/\/partycypacjaobywatelska.pl\/forum\/wp-json\/wp\/v2\/pages\/3540"}],"collection":[{"href":"https:\/\/partycypacjaobywatelska.pl\/forum\/wp-json\/wp\/v2\/pages"}],"about":[{"href":"https:\/\/partycypacjaobywatelska.pl\/forum\/wp-json\/wp\/v2\/types\/page"}],"author":[{"embeddable":true,"href":"https:\/\/partycypacjaobywatelska.pl\/forum\/wp-json\/wp\/v2\/users\/177"}],"replies":[{"embeddable":true,"href":"https:\/\/partycypacjaobywatelska.pl\/forum\/wp-json\/wp\/v2\/comments?post=3540"}],"version-history":[{"count":4,"href":"https:\/\/partycypacjaobywatelska.pl\/forum\/wp-json\/wp\/v2\/pages\/3540\/revisions"}],"predecessor-version":[{"id":3637,"href":"https:\/\/partycypacjaobywatelska.pl\/forum\/wp-json\/wp\/v2\/pages\/3540\/revisions\/3637"}],"up":[{"embeddable":true,"href":"https:\/\/partycypacjaobywatelska.pl\/forum\/wp-json\/wp\/v2\/pages\/3208"}],"wp:attachment":[{"href":"https:\/\/partycypacjaobywatelska.pl\/forum\/wp-json\/wp\/v2\/media?parent=3540"}],"curies":[{"name":"wp","href":"https:\/\/api.w.org\/{rel}","templated":true}]}}