{"id":3525,"date":"2022-06-01T09:10:05","date_gmt":"2022-06-01T07:10:05","guid":{"rendered":"https:\/\/partycypacjaobywatelska.pl\/forum\/?page_id=3525"},"modified":"2022-07-05T13:35:22","modified_gmt":"2022-07-05T11:35:22","slug":"czy-mamy-klimat-na-klimat-partycypacja-mieszkancow-i-mieszkanek-w-obszarze-mitygacji-i-adaptacji-do-zmian-klimatu-w-czasach-kryzysow","status":"publish","type":"page","link":"https:\/\/partycypacjaobywatelska.pl\/forum\/edycja-9\/czy-mamy-klimat-na-klimat-partycypacja-mieszkancow-i-mieszkanek-w-obszarze-mitygacji-i-adaptacji-do-zmian-klimatu-w-czasach-kryzysow\/","title":{"rendered":"Czy mamy klimat na klimat? Partycypacja mieszka\u0144c\u00f3w i mieszkanek w obszarze mitygacji i adaptacji do zmian klimatu w czasach kryzys\u00f3w"},"content":{"rendered":"","protected":false},"excerpt":{"rendered":"","protected":false},"author":177,"featured_media":0,"parent":3208,"menu_order":0,"comment_status":"closed","ping_status":"closed","template":"template-program.php","meta":[],"_links":{"self":[{"href":"https:\/\/partycypacjaobywatelska.pl\/forum\/wp-json\/wp\/v2\/pages\/3525"}],"collection":[{"href":"https:\/\/partycypacjaobywatelska.pl\/forum\/wp-json\/wp\/v2\/pages"}],"about":[{"href":"https:\/\/partycypacjaobywatelska.pl\/forum\/wp-json\/wp\/v2\/types\/page"}],"author":[{"embeddable":true,"href":"https:\/\/partycypacjaobywatelska.pl\/forum\/wp-json\/wp\/v2\/users\/177"}],"replies":[{"embeddable":true,"href":"https:\/\/partycypacjaobywatelska.pl\/forum\/wp-json\/wp\/v2\/comments?post=3525"}],"version-history":[{"count":5,"href":"https:\/\/partycypacjaobywatelska.pl\/forum\/wp-json\/wp\/v2\/pages\/3525\/revisions"}],"predecessor-version":[{"id":3799,"href":"https:\/\/partycypacjaobywatelska.pl\/forum\/wp-json\/wp\/v2\/pages\/3525\/revisions\/3799"}],"up":[{"embeddable":true,"href":"https:\/\/partycypacjaobywatelska.pl\/forum\/wp-json\/wp\/v2\/pages\/3208"}],"wp:attachment":[{"href":"https:\/\/partycypacjaobywatelska.pl\/forum\/wp-json\/wp\/v2\/media?parent=3525"}],"curies":[{"name":"wp","href":"https:\/\/api.w.org\/{rel}","templated":true}]}}