{"id":3460,"date":"2022-05-27T17:28:36","date_gmt":"2022-05-27T15:28:36","guid":{"rendered":"https:\/\/partycypacjaobywatelska.pl\/forum\/?page_id=3460"},"modified":"2022-07-05T13:30:20","modified_gmt":"2022-07-05T11:30:20","slug":"quo-vadis-budzecie-obywatelski-kondycja-bo-i-refleksja-praktykow-na-temat-czterech-lat-funkcjonowania-przepisow-krajowych-dot-tego-mechanizmu","status":"publish","type":"page","link":"https:\/\/partycypacjaobywatelska.pl\/forum\/edycja-9\/quo-vadis-budzecie-obywatelski-kondycja-bo-i-refleksja-praktykow-na-temat-czterech-lat-funkcjonowania-przepisow-krajowych-dot-tego-mechanizmu\/","title":{"rendered":"Quo vadis bud\u017cecie obywatelski? Kondycja BO i refleksja praktyk\u00f3w na temat czterech lat funkcjonowania przepis\u00f3w krajowych dot. tego mechanizmu"},"content":{"rendered":"","protected":false},"excerpt":{"rendered":"","protected":false},"author":196,"featured_media":0,"parent":3208,"menu_order":0,"comment_status":"closed","ping_status":"closed","template":"template-program.php","meta":[],"_links":{"self":[{"href":"https:\/\/partycypacjaobywatelska.pl\/forum\/wp-json\/wp\/v2\/pages\/3460"}],"collection":[{"href":"https:\/\/partycypacjaobywatelska.pl\/forum\/wp-json\/wp\/v2\/pages"}],"about":[{"href":"https:\/\/partycypacjaobywatelska.pl\/forum\/wp-json\/wp\/v2\/types\/page"}],"author":[{"embeddable":true,"href":"https:\/\/partycypacjaobywatelska.pl\/forum\/wp-json\/wp\/v2\/users\/196"}],"replies":[{"embeddable":true,"href":"https:\/\/partycypacjaobywatelska.pl\/forum\/wp-json\/wp\/v2\/comments?post=3460"}],"version-history":[{"count":7,"href":"https:\/\/partycypacjaobywatelska.pl\/forum\/wp-json\/wp\/v2\/pages\/3460\/revisions"}],"predecessor-version":[{"id":3795,"href":"https:\/\/partycypacjaobywatelska.pl\/forum\/wp-json\/wp\/v2\/pages\/3460\/revisions\/3795"}],"up":[{"embeddable":true,"href":"https:\/\/partycypacjaobywatelska.pl\/forum\/wp-json\/wp\/v2\/pages\/3208"}],"wp:attachment":[{"href":"https:\/\/partycypacjaobywatelska.pl\/forum\/wp-json\/wp\/v2\/media?parent=3460"}],"curies":[{"name":"wp","href":"https:\/\/api.w.org\/{rel}","templated":true}]}}