{"id":3271,"date":"2022-05-20T13:12:10","date_gmt":"2022-05-20T11:12:10","guid":{"rendered":"https:\/\/partycypacjaobywatelska.pl\/forum\/?page_id=3271"},"modified":"2022-06-13T18:52:43","modified_gmt":"2022-06-13T16:52:43","slug":"zwiedzanie-palacu-kultury-zaglebia-w-dabrowie-gorniczej","status":"publish","type":"page","link":"https:\/\/partycypacjaobywatelska.pl\/forum\/zwiedzanie-palacu-kultury-zaglebia-w-dabrowie-gorniczej\/","title":{"rendered":"Zwiedzanie Pa\u0142acu Kultury Zag\u0142\u0119bia w D\u0105browie G\u00f3rniczej"},"content":{"rendered":"","protected":false},"excerpt":{"rendered":"","protected":false},"author":177,"featured_media":0,"parent":0,"menu_order":0,"comment_status":"closed","ping_status":"closed","template":"template-program.php","meta":[],"_links":{"self":[{"href":"https:\/\/partycypacjaobywatelska.pl\/forum\/wp-json\/wp\/v2\/pages\/3271"}],"collection":[{"href":"https:\/\/partycypacjaobywatelska.pl\/forum\/wp-json\/wp\/v2\/pages"}],"about":[{"href":"https:\/\/partycypacjaobywatelska.pl\/forum\/wp-json\/wp\/v2\/types\/page"}],"author":[{"embeddable":true,"href":"https:\/\/partycypacjaobywatelska.pl\/forum\/wp-json\/wp\/v2\/users\/177"}],"replies":[{"embeddable":true,"href":"https:\/\/partycypacjaobywatelska.pl\/forum\/wp-json\/wp\/v2\/comments?post=3271"}],"version-history":[{"count":8,"href":"https:\/\/partycypacjaobywatelska.pl\/forum\/wp-json\/wp\/v2\/pages\/3271\/revisions"}],"predecessor-version":[{"id":3704,"href":"https:\/\/partycypacjaobywatelska.pl\/forum\/wp-json\/wp\/v2\/pages\/3271\/revisions\/3704"}],"wp:attachment":[{"href":"https:\/\/partycypacjaobywatelska.pl\/forum\/wp-json\/wp\/v2\/media?parent=3271"}],"curies":[{"name":"wp","href":"https:\/\/api.w.org\/{rel}","templated":true}]}}