{"id":2886,"date":"2021-06-08T12:13:28","date_gmt":"2021-06-08T10:13:28","guid":{"rendered":"http:\/\/partycypacjaobywatelska.pl\/forum\/?page_id=2886"},"modified":"2021-06-28T10:42:30","modified_gmt":"2021-06-28T08:42:30","slug":"czy-mozna-rozmawiac-z-mieszkancami-o-klimacie-bez-panelu-obywatelskiego-doswiadczenia-gdynskie","status":"publish","type":"page","link":"https:\/\/partycypacjaobywatelska.pl\/forum\/czy-mozna-rozmawiac-z-mieszkancami-o-klimacie-bez-panelu-obywatelskiego-doswiadczenia-gdynskie\/","title":{"rendered":"Czy mo\u017cna rozmawia\u0107 z mieszka\u0144cami o klimacie bez panelu obywatelskiego? Do\u015bwiadczenia gdy\u0144skie"},"content":{"rendered":"","protected":false},"excerpt":{"rendered":"","protected":false},"author":141,"featured_media":0,"parent":0,"menu_order":0,"comment_status":"closed","ping_status":"closed","template":"template-program.php","meta":[],"_links":{"self":[{"href":"https:\/\/partycypacjaobywatelska.pl\/forum\/wp-json\/wp\/v2\/pages\/2886"}],"collection":[{"href":"https:\/\/partycypacjaobywatelska.pl\/forum\/wp-json\/wp\/v2\/pages"}],"about":[{"href":"https:\/\/partycypacjaobywatelska.pl\/forum\/wp-json\/wp\/v2\/types\/page"}],"author":[{"embeddable":true,"href":"https:\/\/partycypacjaobywatelska.pl\/forum\/wp-json\/wp\/v2\/users\/141"}],"replies":[{"embeddable":true,"href":"https:\/\/partycypacjaobywatelska.pl\/forum\/wp-json\/wp\/v2\/comments?post=2886"}],"version-history":[{"count":5,"href":"https:\/\/partycypacjaobywatelska.pl\/forum\/wp-json\/wp\/v2\/pages\/2886\/revisions"}],"predecessor-version":[{"id":3113,"href":"https:\/\/partycypacjaobywatelska.pl\/forum\/wp-json\/wp\/v2\/pages\/2886\/revisions\/3113"}],"wp:attachment":[{"href":"https:\/\/partycypacjaobywatelska.pl\/forum\/wp-json\/wp\/v2\/media?parent=2886"}],"curies":[{"name":"wp","href":"https:\/\/api.w.org\/{rel}","templated":true}]}}