{"id":2034,"date":"2019-06-02T22:43:05","date_gmt":"2019-06-02T20:43:05","guid":{"rendered":"http:\/\/partycypacjaobywatelska.pl\/forum\/?page_id=2034"},"modified":"2019-06-05T14:33:21","modified_gmt":"2019-06-05T12:33:21","slug":"w-poszukiwaniu-glosu-suwerena-jak-rozwiazac-problem-samoselekcji-i-samonominacji-w-procesach-reprezentacji-interesow","status":"publish","type":"page","link":"https:\/\/partycypacjaobywatelska.pl\/forum\/edycja-6\/w-poszukiwaniu-glosu-suwerena-jak-rozwiazac-problem-samoselekcji-i-samonominacji-w-procesach-reprezentacji-interesow\/","title":{"rendered":"W poszukiwaniu \u201eg\u0142osu\u201d suwerena \u2013 jak rozwi\u0105za\u0107 problem samoselekcji i samonominacji w procesach reprezentacji interes\u00f3w?"},"content":{"rendered":"","protected":false},"excerpt":{"rendered":"","protected":false},"author":141,"featured_media":0,"parent":908,"menu_order":0,"comment_status":"closed","ping_status":"closed","template":"template-program.php","meta":[],"_links":{"self":[{"href":"https:\/\/partycypacjaobywatelska.pl\/forum\/wp-json\/wp\/v2\/pages\/2034"}],"collection":[{"href":"https:\/\/partycypacjaobywatelska.pl\/forum\/wp-json\/wp\/v2\/pages"}],"about":[{"href":"https:\/\/partycypacjaobywatelska.pl\/forum\/wp-json\/wp\/v2\/types\/page"}],"author":[{"embeddable":true,"href":"https:\/\/partycypacjaobywatelska.pl\/forum\/wp-json\/wp\/v2\/users\/141"}],"replies":[{"embeddable":true,"href":"https:\/\/partycypacjaobywatelska.pl\/forum\/wp-json\/wp\/v2\/comments?post=2034"}],"version-history":[{"count":5,"href":"https:\/\/partycypacjaobywatelska.pl\/forum\/wp-json\/wp\/v2\/pages\/2034\/revisions"}],"predecessor-version":[{"id":2163,"href":"https:\/\/partycypacjaobywatelska.pl\/forum\/wp-json\/wp\/v2\/pages\/2034\/revisions\/2163"}],"up":[{"embeddable":true,"href":"https:\/\/partycypacjaobywatelska.pl\/forum\/wp-json\/wp\/v2\/pages\/908"}],"wp:attachment":[{"href":"https:\/\/partycypacjaobywatelska.pl\/forum\/wp-json\/wp\/v2\/media?parent=2034"}],"curies":[{"name":"wp","href":"https:\/\/api.w.org\/{rel}","templated":true}]}}