{"id":1956,"date":"2019-05-24T14:15:47","date_gmt":"2019-05-24T12:15:47","guid":{"rendered":"http:\/\/partycypacjaobywatelska.pl\/forum\/?page_id=1956"},"modified":"2019-06-05T14:04:17","modified_gmt":"2019-06-05T12:04:17","slug":"czego-o-partycypacji-obywatelskiej-mozemy-nauczyc-sie-z-doswiadczenia-miedzywojennego-legendarnej-warszawskiej-spoldzielni-mieszkaniowej","status":"publish","type":"page","link":"https:\/\/partycypacjaobywatelska.pl\/forum\/edycja-6\/czego-o-partycypacji-obywatelskiej-mozemy-nauczyc-sie-z-doswiadczenia-miedzywojennego-legendarnej-warszawskiej-spoldzielni-mieszkaniowej\/","title":{"rendered":"Czego o partycypacji obywatelskiej mo\u017cemy nauczy\u0107 si\u0119 z do\u015bwiadczenia mi\u0119dzywojennego legendarnej Warszawskiej Sp\u00f3\u0142dzielni Mieszkaniowej?"},"content":{"rendered":"","protected":false},"excerpt":{"rendered":"","protected":false},"author":141,"featured_media":0,"parent":908,"menu_order":0,"comment_status":"closed","ping_status":"closed","template":"template-program.php","meta":[],"_links":{"self":[{"href":"https:\/\/partycypacjaobywatelska.pl\/forum\/wp-json\/wp\/v2\/pages\/1956"}],"collection":[{"href":"https:\/\/partycypacjaobywatelska.pl\/forum\/wp-json\/wp\/v2\/pages"}],"about":[{"href":"https:\/\/partycypacjaobywatelska.pl\/forum\/wp-json\/wp\/v2\/types\/page"}],"author":[{"embeddable":true,"href":"https:\/\/partycypacjaobywatelska.pl\/forum\/wp-json\/wp\/v2\/users\/141"}],"replies":[{"embeddable":true,"href":"https:\/\/partycypacjaobywatelska.pl\/forum\/wp-json\/wp\/v2\/comments?post=1956"}],"version-history":[{"count":3,"href":"https:\/\/partycypacjaobywatelska.pl\/forum\/wp-json\/wp\/v2\/pages\/1956\/revisions"}],"predecessor-version":[{"id":2141,"href":"https:\/\/partycypacjaobywatelska.pl\/forum\/wp-json\/wp\/v2\/pages\/1956\/revisions\/2141"}],"up":[{"embeddable":true,"href":"https:\/\/partycypacjaobywatelska.pl\/forum\/wp-json\/wp\/v2\/pages\/908"}],"wp:attachment":[{"href":"https:\/\/partycypacjaobywatelska.pl\/forum\/wp-json\/wp\/v2\/media?parent=1956"}],"curies":[{"name":"wp","href":"https:\/\/api.w.org\/{rel}","templated":true}]}}