{"id":1940,"date":"2019-05-24T12:59:21","date_gmt":"2019-05-24T10:59:21","guid":{"rendered":"http:\/\/partycypacjaobywatelska.pl\/forum\/?page_id=1940"},"modified":"2019-06-06T13:26:43","modified_gmt":"2019-06-06T11:26:43","slug":"uczelnia-i-miasto-poszukajmy-punktow-styku-czy-jest-wsrod-nich-partycypacja","status":"publish","type":"page","link":"https:\/\/partycypacjaobywatelska.pl\/forum\/edycja-6\/uczelnia-i-miasto-poszukajmy-punktow-styku-czy-jest-wsrod-nich-partycypacja\/","title":{"rendered":"Uczelnia i miasto \u2013 poszukajmy punkt\u00f3w styku. Czy jest w\u015br\u00f3d nich partycypacja?"},"content":{"rendered":"","protected":false},"excerpt":{"rendered":"","protected":false},"author":141,"featured_media":0,"parent":908,"menu_order":0,"comment_status":"closed","ping_status":"closed","template":"template-program.php","meta":[],"_links":{"self":[{"href":"https:\/\/partycypacjaobywatelska.pl\/forum\/wp-json\/wp\/v2\/pages\/1940"}],"collection":[{"href":"https:\/\/partycypacjaobywatelska.pl\/forum\/wp-json\/wp\/v2\/pages"}],"about":[{"href":"https:\/\/partycypacjaobywatelska.pl\/forum\/wp-json\/wp\/v2\/types\/page"}],"author":[{"embeddable":true,"href":"https:\/\/partycypacjaobywatelska.pl\/forum\/wp-json\/wp\/v2\/users\/141"}],"replies":[{"embeddable":true,"href":"https:\/\/partycypacjaobywatelska.pl\/forum\/wp-json\/wp\/v2\/comments?post=1940"}],"version-history":[{"count":4,"href":"https:\/\/partycypacjaobywatelska.pl\/forum\/wp-json\/wp\/v2\/pages\/1940\/revisions"}],"predecessor-version":[{"id":2171,"href":"https:\/\/partycypacjaobywatelska.pl\/forum\/wp-json\/wp\/v2\/pages\/1940\/revisions\/2171"}],"up":[{"embeddable":true,"href":"https:\/\/partycypacjaobywatelska.pl\/forum\/wp-json\/wp\/v2\/pages\/908"}],"wp:attachment":[{"href":"https:\/\/partycypacjaobywatelska.pl\/forum\/wp-json\/wp\/v2\/media?parent=1940"}],"curies":[{"name":"wp","href":"https:\/\/api.w.org\/{rel}","templated":true}]}}