{"id":1840,"date":"2019-05-17T17:38:19","date_gmt":"2019-05-17T15:38:19","guid":{"rendered":"http:\/\/partycypacjaobywatelska.pl\/forum\/?page_id=1840"},"modified":"2019-06-24T11:51:00","modified_gmt":"2019-06-24T09:51:00","slug":"dostepnosc-w-procesach-partycypacyjnych-jak-dbac-o-potrzeby-osob-z-niepelnosprawnosciami","status":"publish","type":"page","link":"https:\/\/partycypacjaobywatelska.pl\/forum\/edycja-6\/dostepnosc-w-procesach-partycypacyjnych-jak-dbac-o-potrzeby-osob-z-niepelnosprawnosciami\/","title":{"rendered":"Dost\u0119pno\u015b\u0107 w procesach partycypacyjnych \u2013 jak dba\u0107 o potrzeby os\u00f3b z niepe\u0142nosprawno\u015bciami?"},"content":{"rendered":"","protected":false},"excerpt":{"rendered":"","protected":false},"author":141,"featured_media":0,"parent":908,"menu_order":0,"comment_status":"closed","ping_status":"closed","template":"template-program.php","meta":[],"_links":{"self":[{"href":"https:\/\/partycypacjaobywatelska.pl\/forum\/wp-json\/wp\/v2\/pages\/1840"}],"collection":[{"href":"https:\/\/partycypacjaobywatelska.pl\/forum\/wp-json\/wp\/v2\/pages"}],"about":[{"href":"https:\/\/partycypacjaobywatelska.pl\/forum\/wp-json\/wp\/v2\/types\/page"}],"author":[{"embeddable":true,"href":"https:\/\/partycypacjaobywatelska.pl\/forum\/wp-json\/wp\/v2\/users\/141"}],"replies":[{"embeddable":true,"href":"https:\/\/partycypacjaobywatelska.pl\/forum\/wp-json\/wp\/v2\/comments?post=1840"}],"version-history":[{"count":15,"href":"https:\/\/partycypacjaobywatelska.pl\/forum\/wp-json\/wp\/v2\/pages\/1840\/revisions"}],"predecessor-version":[{"id":2278,"href":"https:\/\/partycypacjaobywatelska.pl\/forum\/wp-json\/wp\/v2\/pages\/1840\/revisions\/2278"}],"up":[{"embeddable":true,"href":"https:\/\/partycypacjaobywatelska.pl\/forum\/wp-json\/wp\/v2\/pages\/908"}],"wp:attachment":[{"href":"https:\/\/partycypacjaobywatelska.pl\/forum\/wp-json\/wp\/v2\/media?parent=1840"}],"curies":[{"name":"wp","href":"https:\/\/api.w.org\/{rel}","templated":true}]}}