{"id":1732,"date":"2019-05-09T11:02:56","date_gmt":"2019-05-09T09:02:56","guid":{"rendered":"http:\/\/partycypacjaobywatelska.pl\/forum\/?page_id=1732"},"modified":"2019-06-05T13:50:26","modified_gmt":"2019-06-05T11:50:26","slug":"mosty-zamiast-murow-rozwiazywanie-konfliktow-w-spolecznosci-lokalnej","status":"publish","type":"page","link":"https:\/\/partycypacjaobywatelska.pl\/forum\/edycja-6\/mosty-zamiast-murow-rozwiazywanie-konfliktow-w-spolecznosci-lokalnej\/","title":{"rendered":"Mosty zamiast mur\u00f3w \u2013 rozwi\u0105zywanie konflikt\u00f3w w spo\u0142eczno\u015bci lokalnej"},"content":{"rendered":"","protected":false},"excerpt":{"rendered":"","protected":false},"author":141,"featured_media":0,"parent":908,"menu_order":0,"comment_status":"closed","ping_status":"closed","template":"template-program.php","meta":[],"_links":{"self":[{"href":"https:\/\/partycypacjaobywatelska.pl\/forum\/wp-json\/wp\/v2\/pages\/1732"}],"collection":[{"href":"https:\/\/partycypacjaobywatelska.pl\/forum\/wp-json\/wp\/v2\/pages"}],"about":[{"href":"https:\/\/partycypacjaobywatelska.pl\/forum\/wp-json\/wp\/v2\/types\/page"}],"author":[{"embeddable":true,"href":"https:\/\/partycypacjaobywatelska.pl\/forum\/wp-json\/wp\/v2\/users\/141"}],"replies":[{"embeddable":true,"href":"https:\/\/partycypacjaobywatelska.pl\/forum\/wp-json\/wp\/v2\/comments?post=1732"}],"version-history":[{"count":3,"href":"https:\/\/partycypacjaobywatelska.pl\/forum\/wp-json\/wp\/v2\/pages\/1732\/revisions"}],"predecessor-version":[{"id":2131,"href":"https:\/\/partycypacjaobywatelska.pl\/forum\/wp-json\/wp\/v2\/pages\/1732\/revisions\/2131"}],"up":[{"embeddable":true,"href":"https:\/\/partycypacjaobywatelska.pl\/forum\/wp-json\/wp\/v2\/pages\/908"}],"wp:attachment":[{"href":"https:\/\/partycypacjaobywatelska.pl\/forum\/wp-json\/wp\/v2\/media?parent=1732"}],"curies":[{"name":"wp","href":"https:\/\/api.w.org\/{rel}","templated":true}]}}