{"id":990,"date":"2018-05-29T11:24:42","date_gmt":"2018-05-29T09:24:42","guid":{"rendered":"http:\/\/partycypacjaobywatelska.pl\/forum-2018\/?page_id=990"},"modified":"2018-06-06T16:06:51","modified_gmt":"2018-06-06T14:06:51","slug":"architekt-jako-partner-dialog-projektant-uzytkownik-na-wstepnym-etapie-planowania-inwestycji-i-w-trakcie-realizacji","status":"publish","type":"page","link":"https:\/\/partycypacjaobywatelska.pl\/forum-2018\/architekt-jako-partner-dialog-projektant-uzytkownik-na-wstepnym-etapie-planowania-inwestycji-i-w-trakcie-realizacji\/","title":{"rendered":"Architekt jako partner: dialog projektant &#8211; u\u017cytkownik na wst\u0119pnym etapie planowania inwestycji i w trakcie realizacji"},"content":{"rendered":"<h4><strong>Prowadzenie:<\/strong><\/h4>\n<p>\u0141ukasz Pancewicz,\u00a0A2P2 Architecture &amp; Planning<br \/>\nSylwia Widzisz-Pronobis, PRONOBIS STUDIO<\/p>\n<h4><strong>Go\u015bcie:<\/strong><\/h4>\n<p>Monika Arczy\u0144ska, A2P2 Architecture &amp; Planning<br \/>\nGrzegorz Pronobis, PRONOBIS STUDIO<\/p>\n<h4><strong>Termin:<\/strong><\/h4>\n<p>1. dzie\u0144 Forum (11 czerwca, poniedzia\u0142ek), godz. 15.45-17.45<\/p>\n<h4><strong>Miejsce:<\/strong><\/h4>\n<p>pi\u0119tro 0, strefa E1<\/p>\n<h4><strong>Formu\u0142a:\u00a0<\/strong><\/h4>\n<p>wymiana do\u015bwiadcze\u0144 \/ sesja warsztatowa<\/p>\n<h4><strong>Opis:<\/strong><\/h4>\n<p>W trakcie sesji opowiemy, w jaki spos\u00f3b anga\u017cowa\u0107 przysz\u0142ych u\u017cytkownik\u00f3w w dyskusj\u0119 na wczesnych etapach planowania inwestycji i jak\u0105 rol\u0119 mog\u0105 pe\u0142ni\u0107 w trakcie jej realizacji. Opowiemy te\u017c o roli projektant\u00f3w w procesie konsultacyjnym i sposobach wykorzystania ich wiedzy oraz o korzy\u015bciach takiego podej\u015bcia.<\/p>\n<p>Mechanizmy i narz\u0119dzia, zaprezentowane w trakcie sesji, opiera\u0107 si\u0119 b\u0119d\u0105 na do\u015bwiadczeniu prowadz\u0105cych zdobytym w trakcie realizacji szeregu projekt\u00f3w zwi\u0105zanych z programowaniem inwestycji publicznych o r\u00f3\u017cnej skali, m.in. takich prototypowych proces\u00f3w, jak: &#8222;Osiedla Warszawy&#8221;, &#8222;Zmieniamy Ulice&#8221; w \u0141odzi, projekty dla ulicy Starowiejskiej w Gdyni, przebudowa Placu Nieznanego \u017bo\u0142nierza w Gorzowie Wielkopolskim\u00a0czy rewitalizacja Bytomia.<\/p>\n<p>Sesja b\u0119dzie podzielona na dwie cz\u0119\u015bci. Pierwsz\u0105 b\u0119dzie dyskusja z go\u015b\u0107mi &#8211; Monik\u0105 Arczy\u0144sk\u0105 i Grzegorzem Pronobisem, w kt\u00f3rej architekci przedstawi\u0105 swoje spojrzenie na procesy w\u0142\u0105czaj\u0105ce u\u017cytkownik\u00f3w do planowania inwestycji. Druga cz\u0119\u015b\u0107 b\u0119dzie mia\u0142a charakter warsztatowy i w tej cz\u0119\u015bci, wraz z uczestnikami sesji, b\u0119dziemy szczeg\u00f3\u0142owo omawiali mo\u017cliwe narz\u0119dzia i techniki usprawnienia proces\u00f3w w\u0142\u0105czaj\u0105cych przysz\u0142ych u\u017cytkownik\u00f3w.<\/p>\n<p>Sesja jest skierowana zar\u00f3wno do praktyk\u00f3w partycypacji\u00a0i projektant\u00f3w, jak i do urz\u0119dnik\u00f3w odpowiedzialnych za programowanie i planowanie inwestycji.<\/p>\n","protected":false},"excerpt":{"rendered":"<p>Prowadzenie: \u0141ukasz Pancewicz,\u00a0A2P2 Architecture &amp; Planning Sylwia Widzisz-Pronobis, PRONOBIS STUDIO Go\u015bcie: Monika Arczy\u0144ska, A2P2 Architecture &amp; Planning Grzegorz Pronobis, PRONOBIS STUDIO Termin: 1. dzie\u0144 Forum (11 czerwca, poniedzia\u0142ek), godz. 15.45-17.45 Miejsce: pi\u0119tro 0, strefa E1 Formu\u0142a:\u00a0 wymiana do\u015bwiadcze\u0144 \/ sesja warsztatowa Opis: W trakcie sesji opowiemy, w jaki spos\u00f3b anga\u017cowa\u0107 przysz\u0142ych u\u017cytkownik\u00f3w w dyskusj\u0119 na [&hellip;]<\/p>\n","protected":false},"author":141,"featured_media":0,"parent":0,"menu_order":0,"comment_status":"open","ping_status":"open","template":"template-forum_praktykow.php","meta":[],"_links":{"self":[{"href":"https:\/\/partycypacjaobywatelska.pl\/forum-2018\/wp-json\/wp\/v2\/pages\/990"}],"collection":[{"href":"https:\/\/partycypacjaobywatelska.pl\/forum-2018\/wp-json\/wp\/v2\/pages"}],"about":[{"href":"https:\/\/partycypacjaobywatelska.pl\/forum-2018\/wp-json\/wp\/v2\/types\/page"}],"author":[{"embeddable":true,"href":"https:\/\/partycypacjaobywatelska.pl\/forum-2018\/wp-json\/wp\/v2\/users\/141"}],"replies":[{"embeddable":true,"href":"https:\/\/partycypacjaobywatelska.pl\/forum-2018\/wp-json\/wp\/v2\/comments?post=990"}],"version-history":[{"count":13,"href":"https:\/\/partycypacjaobywatelska.pl\/forum-2018\/wp-json\/wp\/v2\/pages\/990\/revisions"}],"predecessor-version":[{"id":1316,"href":"https:\/\/partycypacjaobywatelska.pl\/forum-2018\/wp-json\/wp\/v2\/pages\/990\/revisions\/1316"}],"wp:attachment":[{"href":"https:\/\/partycypacjaobywatelska.pl\/forum-2018\/wp-json\/wp\/v2\/media?parent=990"}],"curies":[{"name":"wp","href":"https:\/\/api.w.org\/{rel}","templated":true}]}}