{"id":938,"date":"2018-05-28T11:23:47","date_gmt":"2018-05-28T09:23:47","guid":{"rendered":"http:\/\/partycypacjaobywatelska.pl\/forum-2018\/?page_id=938"},"modified":"2018-06-06T12:10:11","modified_gmt":"2018-06-06T10:10:11","slug":"wyzwania-partycypacji-w-rewitalizacji","status":"publish","type":"page","link":"https:\/\/partycypacjaobywatelska.pl\/forum-2018\/wyzwania-partycypacji-w-rewitalizacji\/","title":{"rendered":"Wyzwania partycypacji w rewitalizacji"},"content":{"rendered":"<h4><strong>Prowadzenie:<\/strong><\/h4>\n<p>Hanna Gill-Pi\u0105tek,\u00a0Fundacja POLIS Instytut Miast<br \/>\nJoanna Suchomska, Pracownia Zr\u00f3wnowa\u017conego Rozwoju<\/p>\n<h4><strong>Wyst\u0105pienia:<\/strong><\/h4>\n<p>Magdalena Mike, Centrum Aktywno\u015bci Obywatelskiej, Urz\u0105d Miejski w D\u0105browie G\u00f3rniczej<br \/>\nAneta Nasternak-Kmie\u0107, Urz\u0105d Miasta Starachowice<br \/>\nStefan Bobrowski, Centrum Komunikacji Spo\u0142ecznej, Urz\u0105d m.st. Warszawy<br \/>\nMarta Ostrowska, Fundacja Pole Dialogu<\/p>\n<h4><strong>Termin:<\/strong><\/h4>\n<p>1. dzie\u0144 Forum (11 czerwca, poniedzia\u0142ek), godz. 14.00-15.15<\/p>\n<h4><strong>Miejsce:<\/strong><\/h4>\n<p>pi\u0119tro -1, sala D<\/p>\n<h4><strong>Formu\u0142a:\u00a0<\/strong><\/h4>\n<p>kalejdoskop<\/p>\n<h4><strong>Opis:<\/strong><\/h4>\n<p><span style=\"font-weight: 400\">Wiele samorz\u0105d\u00f3w ma ju\u017c za sob\u0105 pierwsze do\u015bwiadczenia anga\u017cowania mieszka\u0144c\u00f3w w ramach projekt\u00f3w rewitalizacyjnych. Spokojnie mo\u017cemy powiedzie\u0107, \u017ce to ju\u017c czas na dzielenie si\u0119 pierwszymi rekomendacjami, ale te\u017c w\u0105tpliwo\u015bciami. <\/span><\/p>\n<p><span style=\"font-weight: 400\">Podczas sesji us\u0142yszymy o do\u015bwiadczeniach rewitalizacji \u015br\u00f3dmie\u015bcia D\u0105browy G\u00f3rniczej i procesie w\u0142\u0105czenia mieszka\u0144c\u00f3w oraz organizacji pozarz\u0105dowych w proces przygotowania i wdro\u017cenia koncepcji funkcjonalno-przestrzennej POR Centrum. Dowiemy si\u0119, z jakimi wyzwaniami mierzy\u0142a si\u0119 Warszawa, prowadz\u0105c dzia\u0142ania partycypacyjne dotycz\u0105ce <\/span><span style=\"font-weight: 400\">modernizacji przestrzeni publicznych na obszarach rewitalizowanych. <\/span><span style=\"font-weight: 400\">Starachowice opowiedz\u0105 o metodach pracy z mieszka\u0144cami osiedla Wzg\u00f3rze, by\u0142ej kolonii robotniczej. <\/span><\/p>\n<p><span style=\"font-weight: 400\">Dyskusj\u0119 w ramach sesji poprowadzi Hanna Gill-Pi\u0105tek \u2013 dzia\u0142aczka spo\u0142eczna i polityczna, publicystka, ekspertka w zakresie rewitalizacji m.in. z ramienia Krajowego Instytutu Polityki Przestrzennej <\/span><span style=\"font-weight: 400\">i Mieszkalnictwa, bra\u0142a udzia\u0142 w pracach nad ustaw\u0105 o rewitalizacji. W latach 2014-2016 pracowa\u0142a w Urz\u0119dzie Miasta \u0141odzi, prowadz\u0105c projekt pilota\u017cowy przygotowuj\u0105cy \u0141\u00f3d\u017a do procesu rewitalizacji. <\/span><\/p>\n","protected":false},"excerpt":{"rendered":"<p>Prowadzenie: Hanna Gill-Pi\u0105tek,\u00a0Fundacja POLIS Instytut Miast Joanna Suchomska, Pracownia Zr\u00f3wnowa\u017conego Rozwoju Wyst\u0105pienia: Magdalena Mike, Centrum Aktywno\u015bci Obywatelskiej, Urz\u0105d Miejski w D\u0105browie G\u00f3rniczej Aneta Nasternak-Kmie\u0107, Urz\u0105d Miasta Starachowice Stefan Bobrowski, Centrum Komunikacji Spo\u0142ecznej, Urz\u0105d m.st. Warszawy Marta Ostrowska, Fundacja Pole Dialogu Termin: 1. dzie\u0144 Forum (11 czerwca, poniedzia\u0142ek), godz. 14.00-15.15 Miejsce: pi\u0119tro -1, sala D Formu\u0142a:\u00a0 [&hellip;]<\/p>\n","protected":false},"author":141,"featured_media":0,"parent":0,"menu_order":0,"comment_status":"open","ping_status":"open","template":"template-forum_praktykow.php","meta":[],"_links":{"self":[{"href":"https:\/\/partycypacjaobywatelska.pl\/forum-2018\/wp-json\/wp\/v2\/pages\/938"}],"collection":[{"href":"https:\/\/partycypacjaobywatelska.pl\/forum-2018\/wp-json\/wp\/v2\/pages"}],"about":[{"href":"https:\/\/partycypacjaobywatelska.pl\/forum-2018\/wp-json\/wp\/v2\/types\/page"}],"author":[{"embeddable":true,"href":"https:\/\/partycypacjaobywatelska.pl\/forum-2018\/wp-json\/wp\/v2\/users\/141"}],"replies":[{"embeddable":true,"href":"https:\/\/partycypacjaobywatelska.pl\/forum-2018\/wp-json\/wp\/v2\/comments?post=938"}],"version-history":[{"count":7,"href":"https:\/\/partycypacjaobywatelska.pl\/forum-2018\/wp-json\/wp\/v2\/pages\/938\/revisions"}],"predecessor-version":[{"id":1263,"href":"https:\/\/partycypacjaobywatelska.pl\/forum-2018\/wp-json\/wp\/v2\/pages\/938\/revisions\/1263"}],"wp:attachment":[{"href":"https:\/\/partycypacjaobywatelska.pl\/forum-2018\/wp-json\/wp\/v2\/media?parent=938"}],"curies":[{"name":"wp","href":"https:\/\/api.w.org\/{rel}","templated":true}]}}