{"id":85,"date":"2018-04-19T17:31:45","date_gmt":"2018-04-19T15:31:45","guid":{"rendered":"http:\/\/partycypacjaobywatelska.pl\/forum-2018\/?page_id=85"},"modified":"2019-04-10T14:45:33","modified_gmt":"2019-04-10T12:45:33","slug":"program","status":"publish","type":"page","link":"https:\/\/partycypacjaobywatelska.pl\/forum-2018\/program\/","title":{"rendered":"Program"},"content":{"rendered":"<table style=\"height: 846px\" width=\"1369\">\n<tbody>\n<tr>\n<td style=\"width: 105px;vertical-align: top\">10.30\u201311.30<\/td>\n<td style=\"vertical-align: top\" colspan=\"2\">Rejestracja uczestnik\u00f3w<\/td>\n<\/tr>\n<tr>\n<td style=\"width: 105px;vertical-align: top\">11.30\u201313.00<\/td>\n<td style=\"vertical-align: top\" colspan=\"2\"><a href=\"http:\/\/partycypacjaobywatelska.pl\/forum-2018\/sesja-otwierajaca\/\" target=\"_blank\">Rozpocz\u0119cie Forum i poznanie si\u0119 uczestnik\u00f3w<\/a><\/td>\n<\/tr>\n<tr>\n<td style=\"width: 105px;vertical-align: top\">13.00\u201314.00<\/td>\n<td style=\"vertical-align: top\" colspan=\"2\">Lunch<\/td>\n<\/tr>\n<tr>\n<td style=\"width: 105px;vertical-align: top\">14.00\u201315.15<\/td>\n<td style=\"vertical-align: top\"><span style=\"text-decoration: underline\">Kalejdoskop:<\/span><\/p>\n<ol>\n<li><a href=\"http:\/\/partycypacjaobywatelska.pl\/forum-2018\/dzialania-lokalne-i-sasiedzkie-w-miescie-czyli-rzecz-o-budowaniu-wspolnot-nie-tylko-mieszkaniowych\/\" target=\"_blank\">Dzia\u0142ania lokalne i s\u0105siedzkie w mie\u015bcie &#8211; czyli rzecz o budowaniu wsp\u00f3lnot, nie tylko mieszkaniowych<\/a><\/li>\n<li><a href=\"http:\/\/partycypacjaobywatelska.pl\/forum-2018\/e-partycypacja-w-obszarze-planowania-przestrzennego-w-poszukiwaniu-nowych-rozwiazan-i-efektywnych-narzedzi-it\/\" target=\"_blank\">E-partycypacja w obszarze planowania przestrzennego. W poszukiwaniu nowych rozwi\u0105za\u0144 i efektywnych narz\u0119dzi IT<\/a><\/li>\n<li><a href=\"http:\/\/partycypacjaobywatelska.pl\/forum-2018\/edukacja-obywatelska-w-szkole\/\" target=\"_blank\">Edukacja obywatelska w szkole<\/a><\/li>\n<li><a href=\"http:\/\/partycypacjaobywatelska.pl\/forum-2018\/ewaluacja-dlaczego-ja-robic-i-jak\/\" target=\"_blank\">Ewaluacja \u2013 dlaczego j\u0105 robi\u0107 i jak?<\/a><\/li>\n<li><a href=\"http:\/\/partycypacjaobywatelska.pl\/forum-2018\/partycypacja-w-duzych-procesach-inwestycyjnych\/\" target=\"_blank\">Partycypacja w du\u017cych procesach inwestycyjnych<\/a><\/li>\n<li><a href=\"http:\/\/partycypacjaobywatelska.pl\/forum-2018\/wyzwania-partycypacji-w-rewitalizacji\/\" target=\"_blank\">Wyzwania partycypacji w rewitalizacji<\/a><\/li>\n<\/ol>\n<\/td>\n<td style=\"vertical-align: top\"><\/td>\n<\/tr>\n<tr>\n<td style=\"width: 105px;vertical-align: top\">15.15\u201315.30<\/td>\n<td style=\"vertical-align: top\" colspan=\"2\">Przerwa na kaw\u0119<\/td>\n<\/tr>\n<tr>\n<td style=\"width: 105px;vertical-align: top\">15.45\u201317.45<\/td>\n<td style=\"vertical-align: top\"><span style=\"text-decoration: underline\">Sesje:<\/span><\/p>\n<ol>\n<li><a href=\"http:\/\/partycypacjaobywatelska.pl\/forum-2018\/architekt-jako-partner-dialog-projektant-uzytkownik-na-wstepnym-etapie-planowania-inwestycji-i-w-trakcie-realizacji\/\" target=\"_blank\">Architekt jako partner: dialog projektant \u2013\u00a0u\u017cytkownik na wst\u0119pnym etapie planowania inwestycji i w trakcie realizacji<\/a><\/li>\n<li><a href=\"http:\/\/partycypacjaobywatelska.pl\/forum-2018\/budzet-partycypacyjny-dla-koneserow-porozmawiajmy-o-weryfikacji\/\" target=\"_blank\">Bud\u017cet partycypacyjny dla koneser\u00f3w \u2013 porozmawiajmy o weryfikacji<\/a><\/li>\n<li><a href=\"http:\/\/partycypacjaobywatelska.pl\/forum-2018\/czy-samorzad-powinien-finansowac-dzialania-obywatelskie-lub-lokalne-mieszkancow\/\" target=\"_blank\">Czy samorz\u0105d powinien finansowa\u0107 dzia\u0142ania obywatelskie lub lokalne mieszka\u0144c\u00f3w?<\/a><\/li>\n<li><a href=\"http:\/\/partycypacjaobywatelska.pl\/forum-2018\/panel-obywatelski-jak-go-robic-wskazowki-z-placu-boju\/\" target=\"_blank\">Panel obywatelski &#8211; jak go robi\u0107? Wskaz\u00f3wki z placu boju<\/a><\/li>\n<li><a href=\"http:\/\/partycypacjaobywatelska.pl\/forum-2018\/partycypacja-w-czasach-konfliktu-o-umiejetnosci-mediacji-i-facylitacji-w-prowadzeniu-procesow-partycypacyjnych\/\" target=\"_blank\">Partycypacja w czasach konfliktu: o umiej\u0119tno\u015bci mediacji i facylitacji w prowadzeniu proces\u00f3w partycypacyjnych<\/a><\/li>\n<li><a href=\"http:\/\/partycypacjaobywatelska.pl\/forum-2018\/polityka-mlodziezowa-miastaregionu-jak-ja-kreowac\/\" target=\"_blank\">Polityka m\u0142odzie\u017cowa miasta\/regionu\u00a0&#8211; jak j\u0105 kreowa\u0107?<\/a><\/li>\n<li><a href=\"http:\/\/partycypacjaobywatelska.pl\/forum-2018\/superwizja-dla-partycypatora-przestrzen-na-refleksje-i-rozwoj\/\" target=\"_blank\">Superwizja dla partycypatora? Przestrze\u0144 na refleksj\u0119 i rozw\u00f3j<\/a><\/li>\n<\/ol>\n<\/td>\n<td style=\"vertical-align: top\" rowspan=\"3\"><\/td>\n<\/tr>\n<tr>\n<td style=\"width: 105px;vertical-align: top\">Od 18.15<\/td>\n<td style=\"vertical-align: top\"><span style=\"text-decoration: underline\">Kolacja i aktywno\u015bci wieczorne:<\/span><\/p>\n<ol>\n<li><a href=\"http:\/\/partycypacjaobywatelska.pl\/forum-2018\/kolacja-i-afterparty-w-klubokawiarni-czasoprzestrzen\/\" target=\"_blank\">Kolacja i afterparty w klubokawiarni &#8222;Czasoprzestrze\u0144&#8221;<\/a>\u00a0(od 18.15)<\/li>\n<li><a href=\"http:\/\/partycypacjaobywatelska.pl\/forum-2018\/zwiedzanie-zajezdni-tramwajowej-dabie\/\" target=\"_blank\">Zwiedzanie zajezdni tramwajowej &#8222;D\u0105bie&#8221;<\/a>\u00a0(od 19.00)<\/li>\n<li><a href=\"http:\/\/partycypacjaobywatelska.pl\/forum-2018\/wycieczka-po-wuwie\/\" target=\"_blank\">Wycieczka po WUW-ie<\/a> (od 19.30)<\/li>\n<\/ol>\n<\/td>\n<\/tr>\n<\/tbody>\n<\/table>\n<p><!--more--><\/p>\n<table width=\"1374\">\n<tbody>\n<tr>\n<td style=\"width: 105px;vertical-align: top\">9.30\u201310.30<\/td>\n<td style=\"vertical-align: top\"><span style=\"text-decoration: underline\">Spotkania \u015bniadaniowe:<\/span><\/p>\n<ol>\n<li><a href=\"http:\/\/partycypacjaobywatelska.pl\/forum-2018\/analiza-funkcjonalna-osiedli-we-wroclawiu-co-wynika-z-badania\/\" target=\"_blank\">Analiza funkcjonalna osiedli\u00a0we Wroc\u0142awiu &#8211; co wynika z badania?<\/a><\/li>\n<li><a href=\"http:\/\/partycypacjaobywatelska.pl\/forum-2018\/jak-partycypacyjnie-rozdawac-pieniadze-i-budowac-odpowiedzialna-spolecznosc-na-przykladzie-funduszu-feministycznego\/\" target=\"_blank\">Jak partycypacyjnie rozdawa\u0107 pieni\u0105dze i budowa\u0107 odpowiedzialn\u0105 spo\u0142eczno\u015b\u0107 (na przyk\u0142adzie Funduszu Feministycznego)?<\/a><\/li>\n<li><a href=\"http:\/\/partycypacjaobywatelska.pl\/forum-2018\/jak-wspierac-rady-seniorow-praktyczne-wskazowki\/\" target=\"_blank\">Jak wspiera\u0107 rady senior\u00f3w? Praktyczne wskaz\u00f3wki<\/a><\/li>\n<li><a href=\"http:\/\/partycypacjaobywatelska.pl\/forum-2018\/jak-wspolpracowac-ze-studiem-graficznym-od-briefu-do-skutecznej-realizacji\/\" target=\"_blank\">Jak wsp\u00f3\u0142pracowa\u0107 ze studiem graficznym? \u2013 od briefu do skutecznej realizacji<\/a><\/li>\n<li><a href=\"http:\/\/partycypacjaobywatelska.pl\/forum-2018\/trzecia-przestrzen-klubokawiarnia-czulosc-miejsce-wygodne-dla-wszystkich\/\" target=\"_blank\">Klubokawiarnia &#8222;Czu\u0142o\u015b\u0107&#8221; &#8211; miejsce wygodne dla wszystkich<\/a><\/li>\n<li><a href=\"http:\/\/partycypacjaobywatelska.pl\/forum-2018\/partycypacja-jak-ja-mierzyc\/\" target=\"_blank\">Partycypacja \u2013 jak j\u0105 mierzy\u0107?<\/a><\/li>\n<li><a href=\"http:\/\/partycypacjaobywatelska.pl\/forum-2018\/partycypacja-i-service-design-w-projektowaniu-oferty-instytucji-kultury\/\" target=\"_blank\">Partycypacja i Service Design w projektowaniu oferty instytucji kultury<\/a><\/li>\n<li><a href=\"http:\/\/partycypacjaobywatelska.pl\/forum-2018\/solectwo-prawdziwie-wlaczajace-mlodziez\/\" target=\"_blank\">So\u0142ectwo prawdziwie w\u0142\u0105czaj\u0105ce m\u0142odzie\u017c<\/a><\/li>\n<\/ol>\n<\/td>\n<td style=\"vertical-align: top\" rowspan=\"3\"><\/td>\n<\/tr>\n<tr>\n<td style=\"width: 105px;vertical-align: top\">10.30\u201310.45<\/td>\n<td style=\"vertical-align: top\">Przerwa na kaw\u0119<\/td>\n<\/tr>\n<tr>\n<td style=\"width: 105px;vertical-align: top\">10.45\u201312.15<\/td>\n<td style=\"vertical-align: top\"><span style=\"text-decoration: underline\">Sesje:<\/span><\/p>\n<ol>\n<li><a href=\"http:\/\/partycypacjaobywatelska.pl\/forum-2018\/ciemne-strony-partycypacji\/\" target=\"_blank\">Ciemne strony partycypacji<\/a><\/li>\n<li><a href=\"http:\/\/partycypacjaobywatelska.pl\/forum-2018\/dobre-praktyki-w-konsultacjach-dotyczacych-planowania-przestrzennego\/\" target=\"_blank\">Dobre praktyki w konsultacjach dotycz\u0105cych planowania przestrzennego<\/a><\/li>\n<li><a href=\"http:\/\/partycypacjaobywatelska.pl\/forum-2018\/jak-nie-wiadomo-o-co-chodzi-to-chodzi-o-pieniadze-czyli-o-tym-jak-rozmawiac-o-budzecie-gminy-z-mieszkancami-by-sie-zrozumiec\/\" target=\"_blank\">Jak nie wiadomo, o co chodzi, to chodzi o pieni\u0105dze. Czyli o tym, jak rozmawia\u0107 o bud\u017cecie gminy z mieszka\u0144cami, by si\u0119 zrozumie\u0107<\/a><\/li>\n<li><a href=\"http:\/\/partycypacjaobywatelska.pl\/forum-2018\/patrzac-rzemieslniczym-okiem-na-pomysly-marzyciela-praktycznie-o-przygotowaniu-konsultacji\/\" target=\"_blank\">Patrz\u0105c rzemie\u015blniczym okiem na pomys\u0142y marzyciela. Praktycznie o przygotowaniu konsultacji<\/a><\/li>\n<li><a href=\"http:\/\/partycypacjaobywatelska.pl\/forum-2018\/prosto-i-kropka-jak-pisac-efektywniej-o-partycypacji\/\" target=\"_blank\">Prosto i kropka. Jak pisa\u0107 efektywniej o partycypacji<\/a><\/li>\n<li><a href=\"http:\/\/partycypacjaobywatelska.pl\/forum-2018\/przyszlosc-budzetu-partycypacyjnego-obywatelskiego\/\" target=\"_blank\">Przysz\u0142o\u015b\u0107 bud\u017cetu partycypacyjnego (obywatelskiego)<\/a><\/li>\n<li><a href=\"http:\/\/partycypacjaobywatelska.pl\/forum-2018\/reprezentacja-czy-partycypacja-kto-ma-wieksza-legitymizacje-do-podejmowania-kluczowych-decyzji\/\" target=\"_blank\">Reprezentacja czy partycypacja? Kto ma wi\u0119ksz\u0105 legitymizacj\u0119 do podejmowania kluczowych decyzji?<\/a><\/li>\n<\/ol>\n<\/td>\n<\/tr>\n<tr>\n<td style=\"width: 105px;vertical-align: top\">12.15\u201312.45<\/td>\n<td style=\"vertical-align: top\" colspan=\"2\">Przerwa na kaw\u0119<\/td>\n<\/tr>\n<tr>\n<td style=\"width: 105px;vertical-align: top\">12.45\u201314.15<\/td>\n<td style=\"vertical-align: top\" colspan=\"2\"><span style=\"text-decoration: underline\">Sesje:<\/span><\/p>\n<ol>\n<li><a href=\"http:\/\/partycypacjaobywatelska.pl\/forum-2018\/czemu-slowo-warsztat-odstrasza-czyli-jak-skutecznie-zapraszac-do-partycypacji\/\" target=\"_blank\">Czemu s\u0142owo \u201ewarsztat\u201d odstrasza, czyli jak skutecznie zaprasza\u0107 do partycypacji<\/a><\/li>\n<li><a href=\"http:\/\/partycypacjaobywatelska.pl\/forum-2018\/design-thinking-w-procesach-partycypacyjnych-wyzwania-i-patenciki\/\" target=\"_blank\">Design Thinking w procesach partycypacyjnych &#8211; wyzwania i patenciki<\/a><\/li>\n<li><a href=\"http:\/\/partycypacjaobywatelska.pl\/forum-2018\/edukacja-urzednikow\/\" target=\"_blank\">Konsultacje spo\u0142eczne &#8211; jakich b\u0142\u0119d\u00f3w nie pope\u0142nia\u0107?<\/a><\/li>\n<li><a href=\"http:\/\/partycypacjaobywatelska.pl\/forum-2018\/technologie-obywatelskie-w-zarzadzaniu-miastem\/\" target=\"_blank\">Technologie obywatelskie w zarz\u0105dzaniu miastem<\/a><\/li>\n<li><a href=\"http:\/\/partycypacjaobywatelska.pl\/forum-2018\/wlaczajacy-sie-budzet-partycypacyjny\/\" target=\"_blank\">W\u0142\u0105czaj\u0105cy (si\u0119) bud\u017cet partycypacyjny<\/a><\/li>\n<li><a href=\"http:\/\/partycypacjaobywatelska.pl\/forum-2018\/wspolnie-o-owadach-zapylajacych-partycypacyjne-tworzenie-polityk-ochrony-srodowiska\/\" target=\"_blank\">Wsp\u00f3lnie o owadach zapylaj\u0105cych. Partycypacyjne tworzenie polityk ochrony \u015brodowiska<\/a><\/li>\n<\/ol>\n<\/td>\n<\/tr>\n<tr>\n<td style=\"width: 105px;vertical-align: top\">14.20\u201314.50<\/td>\n<td style=\"vertical-align: top\" colspan=\"2\">Sesja podsumowuj\u0105ca i zako\u0144czenie Forum<\/td>\n<\/tr>\n<tr>\n<td style=\"width: 105px;vertical-align: top\">14.50\u201315.45<\/td>\n<td style=\"vertical-align: top\" colspan=\"2\">Lunch<\/td>\n<\/tr>\n<tr>\n<td style=\"width: 105px;vertical-align: top\">Od 15.30<\/td>\n<td style=\"vertical-align: top\"><a href=\"http:\/\/partycypacjaobywatelska.pl\/forum-2018\/wycieczka-do-afrykarium\/\" target=\"_blank\">Wycieczka do afrykarium<\/a><\/td>\n<\/tr>\n<\/tbody>\n<\/table>\n","protected":false},"excerpt":{"rendered":"<p>10.30\u201311.30 Rejestracja uczestnik\u00f3w 11.30\u201313.00 Rozpocz\u0119cie Forum i poznanie si\u0119 uczestnik\u00f3w 13.00\u201314.00 Lunch 14.00\u201315.15 Kalejdoskop: Dzia\u0142ania lokalne i s\u0105siedzkie w mie\u015bcie &#8211; czyli rzecz o budowaniu wsp\u00f3lnot, nie tylko mieszkaniowych E-partycypacja w obszarze planowania przestrzennego. W poszukiwaniu nowych rozwi\u0105za\u0144 i efektywnych narz\u0119dzi IT Edukacja obywatelska w szkole Ewaluacja \u2013 dlaczego j\u0105 robi\u0107 i jak? Partycypacja w [&hellip;]<\/p>\n","protected":false},"author":1,"featured_media":0,"parent":0,"menu_order":0,"comment_status":"open","ping_status":"closed","template":"template-forum_program.php","meta":[],"_links":{"self":[{"href":"https:\/\/partycypacjaobywatelska.pl\/forum-2018\/wp-json\/wp\/v2\/pages\/85"}],"collection":[{"href":"https:\/\/partycypacjaobywatelska.pl\/forum-2018\/wp-json\/wp\/v2\/pages"}],"about":[{"href":"https:\/\/partycypacjaobywatelska.pl\/forum-2018\/wp-json\/wp\/v2\/types\/page"}],"author":[{"embeddable":true,"href":"https:\/\/partycypacjaobywatelska.pl\/forum-2018\/wp-json\/wp\/v2\/users\/1"}],"replies":[{"embeddable":true,"href":"https:\/\/partycypacjaobywatelska.pl\/forum-2018\/wp-json\/wp\/v2\/comments?post=85"}],"version-history":[{"count":104,"href":"https:\/\/partycypacjaobywatelska.pl\/forum-2018\/wp-json\/wp\/v2\/pages\/85\/revisions"}],"predecessor-version":[{"id":1516,"href":"https:\/\/partycypacjaobywatelska.pl\/forum-2018\/wp-json\/wp\/v2\/pages\/85\/revisions\/1516"}],"wp:attachment":[{"href":"https:\/\/partycypacjaobywatelska.pl\/forum-2018\/wp-json\/wp\/v2\/media?parent=85"}],"curies":[{"name":"wp","href":"https:\/\/api.w.org\/{rel}","templated":true}]}}