{"id":847,"date":"2018-05-25T18:02:29","date_gmt":"2018-05-25T16:02:29","guid":{"rendered":"http:\/\/partycypacjaobywatelska.pl\/forum-2018\/?page_id=847"},"modified":"2018-06-06T12:16:36","modified_gmt":"2018-06-06T10:16:36","slug":"jak-partycypacyjnie-rozdawac-pieniadze-i-budowac-odpowiedzialna-spolecznosc-na-przykladzie-funduszu-feministycznego","status":"publish","type":"page","link":"https:\/\/partycypacjaobywatelska.pl\/forum-2018\/jak-partycypacyjnie-rozdawac-pieniadze-i-budowac-odpowiedzialna-spolecznosc-na-przykladzie-funduszu-feministycznego\/","title":{"rendered":"Jak partycypacyjnie rozdawa\u0107 pieni\u0105dze i budowa\u0107 odpowiedzialn\u0105 spo\u0142eczno\u015b\u0107 (na przyk\u0142adzie Funduszu Feministycznego)?"},"content":{"rendered":"<h4><strong>Prowadzenie:<\/strong><\/h4>\n<p><span style=\"font-weight: 400\">Agata Urbanik, Pogotowie Facylitacyjne\u00a0\/ Fundacja Pole Dialogu<\/span><br \/>\n<span style=\"font-weight: 400\">Marta Raw\u0142uszko i Magdalena Poche\u0107, Fundusz Feministyczny<\/span><\/p>\n<h4><strong>Termin:<\/strong><\/h4>\n<p>2. dzie\u0144 Forum (12 czerwca, wtorek),\u00a0godz. 9.30-10.30<\/p>\n<h4><strong>Miejsce:<\/strong><\/h4>\n<p>pi\u0119tro 0, strefa E2<\/p>\n<h4><strong>Formu\u0142a:\u00a0<\/strong><\/h4>\n<p>sesja\u00a0\u015bniadaniowa<\/p>\n<h4><strong>Opis:<\/strong><\/h4>\n<p>W ostatnim czasie tradycyjnie rozumiana przestrze\u0144 na partycypacj\u0119 si\u0119 kurczy. To dobry moment, \u017ceby zmieni\u0107 perspektyw\u0119 i poszuka\u0107 mniej oczywistych obszar\u00f3w do zakorzeniania i upowszechniania partycypacyjnego podej\u015bcia do rzeczywisto\u015bci. Zapraszamy na spotkanie z Funduszem Feministycznym \u2013 inicjatyw\u0105, kt\u00f3rej celem jest wzmacnianie organizacji feministycznych i staj\u0105cych w obronie kobiet grup nieformalnych poprzez konkurs minigrantowy. Zasady konkursu odbiegaj\u0105 od regu\u0142, do kt\u00f3rych przyzwyczaili nas tradycyjni grantodawcy. Naczeln\u0105 zasad\u0105 w konkursie FemFundu jest zaufanie do jego uczestniczek. To one same podejmuj\u0105 decyzj\u0119 o tym, kto otrzyma minigrant, przyznaj\u0105c 75 procent (!) ca\u0142ej puli dost\u0119pnego finansowania.<\/p>\n<p>W ramach I konkursu FemFundu wp\u0142yn\u0119\u0142y 193 wnioski z 72 miejscowo\u015bci z ca\u0142ej Polski. Ostatecznie sfinansowano 20 minigrant\u00f3w \u2013 po\u0142owa z nich realizowana jest na terenach wiejskich.<\/p>\n<p>Wsp\u00f3\u0142za\u0142o\u017cycielki FemFundu, Marta Raw\u0142uszko i Magdalena Poche\u0107, opowiedz\u0105 o praktycznej stronie i konsekwencjach partycypacyjnego podej\u015bcia, do\u015bwiadczeniach pierwszej edycji konkursu minigrantowego, wnioskach z badania ewaluacyjnego, wyzwaniach i dylematach, przed jakimi staj\u0105. Wsp\u00f3lnie z nimi zastanowimy si\u0119, co z tych do\u015bwiadcze\u0144 mo\u017cna przenie\u015b\u0107 w inne obszary i jak sprawi\u0107, by partycypacja by\u0142a obecna tak\u017ce wewn\u0105trz instytucji i procedur. Rozmow\u0119 poprowadzi Agata Urbanik z Pogotowia Facylitacyjnego i Fundacji Pole Dialogu.<\/p>\n","protected":false},"excerpt":{"rendered":"<p>Prowadzenie: Agata Urbanik, Pogotowie Facylitacyjne\u00a0\/ Fundacja Pole Dialogu Marta Raw\u0142uszko i Magdalena Poche\u0107, Fundusz Feministyczny Termin: 2. dzie\u0144 Forum (12 czerwca, wtorek),\u00a0godz. 9.30-10.30 Miejsce: pi\u0119tro 0, strefa E2 Formu\u0142a:\u00a0 sesja\u00a0\u015bniadaniowa Opis: W ostatnim czasie tradycyjnie rozumiana przestrze\u0144 na partycypacj\u0119 si\u0119 kurczy. To dobry moment, \u017ceby zmieni\u0107 perspektyw\u0119 i poszuka\u0107 mniej oczywistych obszar\u00f3w do zakorzeniania i [&hellip;]<\/p>\n","protected":false},"author":141,"featured_media":0,"parent":0,"menu_order":0,"comment_status":"open","ping_status":"open","template":"template-forum_praktykow.php","meta":[],"_links":{"self":[{"href":"https:\/\/partycypacjaobywatelska.pl\/forum-2018\/wp-json\/wp\/v2\/pages\/847"}],"collection":[{"href":"https:\/\/partycypacjaobywatelska.pl\/forum-2018\/wp-json\/wp\/v2\/pages"}],"about":[{"href":"https:\/\/partycypacjaobywatelska.pl\/forum-2018\/wp-json\/wp\/v2\/types\/page"}],"author":[{"embeddable":true,"href":"https:\/\/partycypacjaobywatelska.pl\/forum-2018\/wp-json\/wp\/v2\/users\/141"}],"replies":[{"embeddable":true,"href":"https:\/\/partycypacjaobywatelska.pl\/forum-2018\/wp-json\/wp\/v2\/comments?post=847"}],"version-history":[{"count":7,"href":"https:\/\/partycypacjaobywatelska.pl\/forum-2018\/wp-json\/wp\/v2\/pages\/847\/revisions"}],"predecessor-version":[{"id":1275,"href":"https:\/\/partycypacjaobywatelska.pl\/forum-2018\/wp-json\/wp\/v2\/pages\/847\/revisions\/1275"}],"wp:attachment":[{"href":"https:\/\/partycypacjaobywatelska.pl\/forum-2018\/wp-json\/wp\/v2\/media?parent=847"}],"curies":[{"name":"wp","href":"https:\/\/api.w.org\/{rel}","templated":true}]}}