{"id":8,"date":"2018-02-21T13:19:11","date_gmt":"2018-02-21T12:19:11","guid":{"rendered":"http:\/\/partycypacjaobywatelska.pl\/forum-2018\/?page_id=8"},"modified":"2019-04-10T14:57:18","modified_gmt":"2019-04-10T12:57:18","slug":"o-wydarzeniu","status":"publish","type":"page","link":"https:\/\/partycypacjaobywatelska.pl\/forum-2018\/przykladowa-strona\/o-wydarzeniu\/","title":{"rendered":"O wydarzeniu"},"content":{"rendered":"<p>5. edycja Forum Praktyk\u00f3w Partycypacji, czyli 2-dniowego wydarzenia maj\u0105cego na celu wymian\u0119 do\u015bwiadcze\u0144 mi\u0119dzy osobami na co dzie\u0144 zajmuj\u0105cymi si\u0119 procesami w\u0142\u0105czania mieszka\u0144c\u00f3w w procesy podejmowania decyzji, odby\u0142a si\u0119 w\u00a0dniach\u00a011-12 czerwca we Wroc\u0142awiu, a dok\u0142adniej &#8211; we Wroc\u0142awskim Centrum Kongresowym przy\u00a0Hali Stulecia.<\/p>\n<p>Wydarzenie zorganizowali\u015bmy we wsp\u00f3\u0142pracy z Urz\u0119dem Miejskim Wroc\u0142awia i Wroc\u0142awskim Centrum Rozwoju Spo\u0142ecznego.<\/p>\n<p>Forum Praktyk\u00f3w Partycypacji to wydarzenie przeznaczone dla os\u00f3b aktywnie zaanga\u017cowanych w tematyk\u0119 partycypacji obywatelskiej skierowane do ka\u017cdego, kto posiada wiedz\u0119 i do\u015bwiadczenie w realizacji r\u00f3\u017cnych proces\u00f3w partycypacyjnych, chce nawi\u0105za\u0107 nowe kontakty i poruszy\u0107 podczas niego bardziej skomplikowane problemy.<\/p>\n<p>Organizuj\u0105c Forum chcemy umo\u017cliwi\u0107 praktykom partycypacji poznanie innych os\u00f3b zajmuj\u0105cych si\u0119 t\u0105 tematyk\u0105, stworzy\u0107 przestrze\u0144 wymiany my\u015bli i do\u015bwiadcze\u0144, wzajemnego poszerzania wiedzy. Chcemy\u00a0przyczynia\u0107 si\u0119 do poprawy jako\u015bci proces\u00f3w partycypacyjnych oraz utworzenia \u015brodowiska os\u00f3b zajmuj\u0105cych si\u0119 partycypacj\u0105, wspieraj\u0105cych si\u0119 merytorycznie i wzajemnie motywuj\u0105cych w organizacji w\u0142asnych przedsi\u0119wzi\u0119\u0107.<\/p>\n<p>Jak co roku,\u00a0zaproszenie do udzia\u0142u w Forum kierowali\u015bmy\u00a0do os\u00f3b praktycznie zajmuj\u0105cych si\u0119 partycypacj\u0105 obywatelsk\u0105, czyli takich, kt\u00f3re przeprowadzaj\u0105, nadzoruj\u0105 lub oceniaj\u0105 procesy w\u0142\u0105czaj\u0105ce mieszka\u0144c\u00f3w w podejmowanie decyzji, chc\u0105 si\u0119 dzieli\u0107 wiedz\u0105 jak to robi\u0107, ale te\u017c uczy\u0107 od innych.<\/p>\n<p><a href=\"http:\/\/partycypacjaobywatelska.pl\/forum-2018\/wp-content\/uploads\/sites\/10\/2018\/02\/organizatorzyFPP_belka.jpg\" data-rel=\"lightbox-image-0\" data-rl_title=\"\" data-rl_caption=\"\" title=\"\"><img loading=\"lazy\" class=\"alignleft wp-image-120 size-large\" src=\"https:\/\/partycypacjaobywatelska.pl\/forum-2018\/wp-content\/uploads\/sites\/10\/2018\/02\/organizatorzyFPP_belka-1024x188.jpg\" alt=\"organizatorzyFPP_belka\" width=\"1500\" height=\"130\" \/><\/a><\/p>\n<p>&nbsp;<\/p>\n","protected":false},"excerpt":{"rendered":"<p>5. edycja Forum Praktyk\u00f3w Partycypacji, czyli 2-dniowego wydarzenia maj\u0105cego na celu wymian\u0119 do\u015bwiadcze\u0144 mi\u0119dzy osobami na co dzie\u0144 zajmuj\u0105cymi si\u0119 procesami w\u0142\u0105czania mieszka\u0144c\u00f3w w procesy podejmowania decyzji, odby\u0142a si\u0119 w\u00a0dniach\u00a011-12 czerwca we Wroc\u0142awiu, a dok\u0142adniej &#8211; we Wroc\u0142awskim Centrum Kongresowym przy\u00a0Hali Stulecia. Wydarzenie zorganizowali\u015bmy we wsp\u00f3\u0142pracy z Urz\u0119dem Miejskim Wroc\u0142awia i Wroc\u0142awskim Centrum Rozwoju Spo\u0142ecznego. [&hellip;]<\/p>\n","protected":false},"author":1,"featured_media":0,"parent":2,"menu_order":0,"comment_status":"open","ping_status":"closed","template":"template-forum_praktykow.php","meta":[],"_links":{"self":[{"href":"https:\/\/partycypacjaobywatelska.pl\/forum-2018\/wp-json\/wp\/v2\/pages\/8"}],"collection":[{"href":"https:\/\/partycypacjaobywatelska.pl\/forum-2018\/wp-json\/wp\/v2\/pages"}],"about":[{"href":"https:\/\/partycypacjaobywatelska.pl\/forum-2018\/wp-json\/wp\/v2\/types\/page"}],"author":[{"embeddable":true,"href":"https:\/\/partycypacjaobywatelska.pl\/forum-2018\/wp-json\/wp\/v2\/users\/1"}],"replies":[{"embeddable":true,"href":"https:\/\/partycypacjaobywatelska.pl\/forum-2018\/wp-json\/wp\/v2\/comments?post=8"}],"version-history":[{"count":25,"href":"https:\/\/partycypacjaobywatelska.pl\/forum-2018\/wp-json\/wp\/v2\/pages\/8\/revisions"}],"predecessor-version":[{"id":1440,"href":"https:\/\/partycypacjaobywatelska.pl\/forum-2018\/wp-json\/wp\/v2\/pages\/8\/revisions\/1440"}],"up":[{"embeddable":true,"href":"https:\/\/partycypacjaobywatelska.pl\/forum-2018\/wp-json\/wp\/v2\/pages\/2"}],"wp:attachment":[{"href":"https:\/\/partycypacjaobywatelska.pl\/forum-2018\/wp-json\/wp\/v2\/media?parent=8"}],"curies":[{"name":"wp","href":"https:\/\/api.w.org\/{rel}","templated":true}]}}