{"id":1335,"date":"2018-06-07T11:13:50","date_gmt":"2018-06-07T09:13:50","guid":{"rendered":"http:\/\/partycypacjaobywatelska.pl\/forum-2018\/?page_id=1335"},"modified":"2018-06-07T13:03:59","modified_gmt":"2018-06-07T11:03:59","slug":"apel-w-sprawie-budzetow-partycypacyjnychobywatelskich","status":"publish","type":"page","link":"https:\/\/partycypacjaobywatelska.pl\/forum-2018\/apel-w-sprawie-budzetow-partycypacyjnychobywatelskich\/","title":{"rendered":"Apel w sprawie BP\/BO"},"content":{"rendered":"<p>Ustawa z 11 stycznia 2018 r. o zmianie niekt\u00f3rych ustaw w celu zwi\u0119kszenia udzia\u0142u obywateli w procesie wybierania, funkcjonowania i kontrolowania niekt\u00f3rych organ\u00f3w publicznych\u00a0<b>wprowadzi\u0142a m.in. przepisy dotycz\u0105ce bud\u017cet\u00f3w obywatelskich\/partycypacyjnych.<\/b><\/p>\n<p><b>Cz\u0119\u015b\u0107 z nich budzi w\u0105tpliwo\u015bci <\/b>i dlatego od kilku miesi\u0119cy na przeci\u0119ciu \u015brodowiska pozarz\u0105dowego i samorz\u0105dowego podejmujemy wysi\u0142ki zmierzaj\u0105ce do tego, by przekona\u0107 osoby maj\u0105ce wp\u0142yw na kszta\u0142t tych przepis\u00f3w do tego, by pochylili si\u0119 raz jeszcze nad tymi przepisami i wprowadzili niezb\u0119dne modyfikacje.<\/p>\n<p>W marcu br. Zwi\u0105zek Miast Polskich przyj\u0105\u0142 stanowisko Zarz\u0105du w tej sprawie i wystosowa\u0142 list do Prezydenta Andrzeja Dudy. Na razie bez specjalnego odzewu. Postanowili\u015bmy jednak nie poddawa\u0107 si\u0119 i st\u0105d propozycja, by tak\u017ce na Forum ten w\u0105tek si\u0119 pojawi\u0142.<\/p>\n<p>Chcemy, aby <strong>u<\/strong><b>czestnicy i uczestniczki Forum mogli\/mog\u0142y poprze\u0107 postulaty dotycz\u0105ce zmian<\/b>, analogiczne do tych sformu\u0142owanych w stanowisku ZMP.<\/p>\n<p><b>Poni\u017cej znajd\u0105 Pa\u0144stwo tre\u015b\u0107 listu<\/b>, kt\u00f3ry wy\u015blemy ponownie do Prezydenta RP, Przewodnicz\u0105cego Komitetu Po\u017cytku Publicznego oraz do wszystkich parlamentarzyst\u00f3w i parlamentarzystek. Towarzyszy mu <strong>za\u0142\u0105cznik z postulatami konkretnych zmian<\/strong>.<\/p>\n<p>Prosimy zapozna\u0107 si\u0119 z nim na spokojnie przed Forum i zdecydowa\u0107, czy chcecie go podpisa\u0107. Fizycznie <b>podpisy pod tym listem b\u0119dziemy zbiera\u0107 w trakcie Forum.<\/b><\/p>\n<p>Podpisywa\u0107 mo\u017cna w dwojaki spos\u00f3b albo <strong>indywidualnie (jako osoby fizyczne) albo jako instytucje.<br \/>\n<\/strong><\/p>\n<p>&nbsp;<\/p>\n<p><strong><a href=\"http:\/\/partycypacjaobywatelska.pl\/forum-2018\/wp-content\/uploads\/sites\/10\/2018\/06\/Pismo_zmiany_BO_BP_VFPP.pdf\">Tre\u015b\u0107 listu\/apelu<\/a><\/strong><\/p>\n<p><strong><a href=\"http:\/\/partycypacjaobywatelska.pl\/forum-2018\/wp-content\/uploads\/sites\/10\/2018\/06\/Zmiany_przepisow_BO_BP_VFPP.pdf\">Za\u0142\u0105cznik z propozycjami zmian<\/a><\/strong><\/p>\n","protected":false},"excerpt":{"rendered":"<p>Ustawa z 11 stycznia 2018 r. o zmianie niekt\u00f3rych ustaw w celu zwi\u0119kszenia udzia\u0142u obywateli w procesie wybierania, funkcjonowania i kontrolowania niekt\u00f3rych organ\u00f3w publicznych\u00a0wprowadzi\u0142a m.in. przepisy dotycz\u0105ce bud\u017cet\u00f3w obywatelskich\/partycypacyjnych. Cz\u0119\u015b\u0107 z nich budzi w\u0105tpliwo\u015bci i dlatego od kilku miesi\u0119cy na przeci\u0119ciu \u015brodowiska pozarz\u0105dowego i samorz\u0105dowego podejmujemy wysi\u0142ki zmierzaj\u0105ce do tego, by przekona\u0107 osoby maj\u0105ce wp\u0142yw [&hellip;]<\/p>\n","protected":false},"author":1,"featured_media":0,"parent":0,"menu_order":0,"comment_status":"open","ping_status":"open","template":"template-forum_praktykow.php","meta":[],"_links":{"self":[{"href":"https:\/\/partycypacjaobywatelska.pl\/forum-2018\/wp-json\/wp\/v2\/pages\/1335"}],"collection":[{"href":"https:\/\/partycypacjaobywatelska.pl\/forum-2018\/wp-json\/wp\/v2\/pages"}],"about":[{"href":"https:\/\/partycypacjaobywatelska.pl\/forum-2018\/wp-json\/wp\/v2\/types\/page"}],"author":[{"embeddable":true,"href":"https:\/\/partycypacjaobywatelska.pl\/forum-2018\/wp-json\/wp\/v2\/users\/1"}],"replies":[{"embeddable":true,"href":"https:\/\/partycypacjaobywatelska.pl\/forum-2018\/wp-json\/wp\/v2\/comments?post=1335"}],"version-history":[{"count":8,"href":"https:\/\/partycypacjaobywatelska.pl\/forum-2018\/wp-json\/wp\/v2\/pages\/1335\/revisions"}],"predecessor-version":[{"id":1356,"href":"https:\/\/partycypacjaobywatelska.pl\/forum-2018\/wp-json\/wp\/v2\/pages\/1335\/revisions\/1356"}],"wp:attachment":[{"href":"https:\/\/partycypacjaobywatelska.pl\/forum-2018\/wp-json\/wp\/v2\/media?parent=1335"}],"curies":[{"name":"wp","href":"https:\/\/api.w.org\/{rel}","templated":true}]}}