{"id":1215,"date":"2018-06-05T09:29:39","date_gmt":"2018-06-05T07:29:39","guid":{"rendered":"http:\/\/partycypacjaobywatelska.pl\/forum-2018\/?page_id=1215"},"modified":"2018-07-02T13:51:31","modified_gmt":"2018-07-02T11:51:31","slug":"polityka-mlodziezowa-miastaregionu-jak-ja-kreowac","status":"publish","type":"page","link":"https:\/\/partycypacjaobywatelska.pl\/forum-2018\/polityka-mlodziezowa-miastaregionu-jak-ja-kreowac\/","title":{"rendered":"Polityka m\u0142odzie\u017cowa miasta\/regionu &#8211; jak j\u0105 kreowa\u0107?"},"content":{"rendered":"<h4><strong>Prowadzenie:<\/strong><\/h4>\n<p>Karolina Dudek-R\u0105czka, Centrum Komunikacji Spo\u0142ecznej, Urz\u0105d m.st. Warszawy<\/p>\n<h4><strong>Go\u015bcie:<\/strong><\/h4>\n<p>Anna Podzielna,\u00a0Urz\u0105d Miasta Starachowice<\/p>\n<h4><strong>Termin:<\/strong><\/h4>\n<p>1. dzie\u0144 Forum (11 czerwca, poniedzia\u0142ek), godz. 15.45-17.45<\/p>\n<h4><strong>Miejsce:<\/strong><\/h4>\n<p>pi\u0119tro +1, sala\u00a0F<\/p>\n<h4><strong>Formu\u0142a:\u00a0<\/strong><\/h4>\n<p>sesja dyskusyjna \/ wymiana do\u015bwiadcze\u0144<\/p>\n<h4><strong>Opis:<\/strong><\/h4>\n<p>Podczas sesji zastanowimy si\u0119, czy polityka m\u0142odzie\u017cowa jest potrzebna polskim miastom i regionom. Zadamy sobie trud okre\u015blenia, czym jest i czym powinna by\u0107 polityka m\u0142odzie\u017cowa w Polsce. Zaproszeni go\u015bcie (pe\u0142na lista b\u0119dzie dost\u0119pna w aplikacji mobilnej) przedstawi\u0105 na przyk\u0142adzie swoich miast i region\u00f3w, jak warto tworzy\u0107 tego typu dokumenty, i podziel\u0105 si\u0119 dobrymi praktykami w zakresie ich realizacji. W trakcie sesji nie zabraknie r\u00f3wnie\u017c czasu na dyskusj\u0119 i wymian\u0119 do\u015bwiadcze\u0144.<\/p>\n<hr \/>\n<p>Wi\u0119cej o temacie aktywizacji obywatelskiej m\u0142odzie\u017cy i politykach m\u0142odzie\u017cowych przeczytasz\u00a0<a href=\"http:\/\/partycypacjaobywatelska.pl\/forum-2018\/wp-content\/uploads\/sites\/10\/2018\/06\/Prezentacja_FPP_CKS.pdf\">tutaj.<\/a><\/p>\n","protected":false},"excerpt":{"rendered":"<p>Prowadzenie: Karolina Dudek-R\u0105czka, Centrum Komunikacji Spo\u0142ecznej, Urz\u0105d m.st. Warszawy Go\u015bcie: Anna Podzielna,\u00a0Urz\u0105d Miasta Starachowice Termin: 1. dzie\u0144 Forum (11 czerwca, poniedzia\u0142ek), godz. 15.45-17.45 Miejsce: pi\u0119tro +1, sala\u00a0F Formu\u0142a:\u00a0 sesja dyskusyjna \/ wymiana do\u015bwiadcze\u0144 Opis: Podczas sesji zastanowimy si\u0119, czy polityka m\u0142odzie\u017cowa jest potrzebna polskim miastom i regionom. Zadamy sobie trud okre\u015blenia, czym jest i czym [&hellip;]<\/p>\n","protected":false},"author":141,"featured_media":0,"parent":0,"menu_order":0,"comment_status":"open","ping_status":"open","template":"template-forum_praktykow.php","meta":[],"_links":{"self":[{"href":"https:\/\/partycypacjaobywatelska.pl\/forum-2018\/wp-json\/wp\/v2\/pages\/1215"}],"collection":[{"href":"https:\/\/partycypacjaobywatelska.pl\/forum-2018\/wp-json\/wp\/v2\/pages"}],"about":[{"href":"https:\/\/partycypacjaobywatelska.pl\/forum-2018\/wp-json\/wp\/v2\/types\/page"}],"author":[{"embeddable":true,"href":"https:\/\/partycypacjaobywatelska.pl\/forum-2018\/wp-json\/wp\/v2\/users\/141"}],"replies":[{"embeddable":true,"href":"https:\/\/partycypacjaobywatelska.pl\/forum-2018\/wp-json\/wp\/v2\/comments?post=1215"}],"version-history":[{"count":6,"href":"https:\/\/partycypacjaobywatelska.pl\/forum-2018\/wp-json\/wp\/v2\/pages\/1215\/revisions"}],"predecessor-version":[{"id":1380,"href":"https:\/\/partycypacjaobywatelska.pl\/forum-2018\/wp-json\/wp\/v2\/pages\/1215\/revisions\/1380"}],"wp:attachment":[{"href":"https:\/\/partycypacjaobywatelska.pl\/forum-2018\/wp-json\/wp\/v2\/media?parent=1215"}],"curies":[{"name":"wp","href":"https:\/\/api.w.org\/{rel}","templated":true}]}}