{"id":1116,"date":"2018-05-30T18:33:44","date_gmt":"2018-05-30T16:33:44","guid":{"rendered":"http:\/\/partycypacjaobywatelska.pl\/forum-2018\/?page_id=1116"},"modified":"2018-06-05T10:51:56","modified_gmt":"2018-06-05T08:51:56","slug":"zwiedzanie-zajezdni-tramwajowej-dabie","status":"publish","type":"page","link":"https:\/\/partycypacjaobywatelska.pl\/forum-2018\/zwiedzanie-zajezdni-tramwajowej-dabie\/","title":{"rendered":"Zwiedzanie zajezdni tramwajowej &#8222;D\u0105bie&#8221;"},"content":{"rendered":"<h4><strong>Termin:<\/strong><\/h4>\n<p>1. dzie\u0144 Forum (11 czerwca, poniedzia\u0142ek), godz. 19.00<\/p>\n<h4><strong>Miejsce:<\/strong><\/h4>\n<p>Wej\u015bcie g\u0142\u00f3wne do zajezdni tramwajowej &#8222;D\u0105bie&#8221;, ul. Tramwajowa 1-3<\/p>\n<h4><strong>Opis:<\/strong><\/h4>\n<p>Zapraszamy na wycieczk\u0119 po zajezdni tramwajowej\u00a0\u201cD\u0105bie\u201d, podczas kt\u00f3rej opowiemy o historii tego miejsca i jego szczeg\u00f3lnym charakterze.<\/p>\n<p>Zajezdnia jest uznawana za jedn\u0105 z najpi\u0119kniejszych budowli tego typu. Wpisuje si\u0119 w tradycjonalistyczny nurt modernizmu pocz\u0105tk\u00f3w XX wieku. Powsta\u0142a w latach 1912\u20131913 w zwi\u0105zku z otwarciem Hali Stulecia i stanowi najlepiej zachowany przyk\u0142ad architektury komunikacyjnej na terenie Wroc\u0142awia. Swoj\u0105 funkcj\u0119 pe\u0142ni\u0142a przez prawie wiek. Ostatni sk\u0142ad opu\u015bci\u0142 jej teren w nocy z 4 na 5 kwietnia 2014 r. W\u0142adze miasta po jej zamkni\u0119ciu og\u0142osi\u0142y konkurs na zagospodarowanie obiektu i terenu wok\u00f3\u0142. Pod koniec 2015 r. wybrano koncepcj\u0119 z\u0142o\u017con\u0105 przez Partnerstwo Zajezdni D\u0105bie, kt\u00f3remu lideruje Stowarzyszenie \u2013 Centrum ds. Katastrof i Kl\u0119sk \u017bywio\u0142owych TRATWA. Tworzy je kilkana\u015bcie fundacji, klub\u00f3w, stowarzysze\u0144, organizacji spo\u0142ecznych oraz Uniwersytet Medyczny i Uniwersytet Przyrodniczy.\u00a0Zajezdnia &#8222;D\u0105bie&#8221; to 4,5 tysi\u0105ca metr\u00f3w pod dachem (dwie hale postojowe plus budynki techniczne) i 2 hektary terenu wok\u00f3\u0142. (\u0179r\u00f3d\u0142o: <a href=\"https:\/\/www.wroclaw.pl\/przyjdz-i-porozmawiaj-o-nowym-otwarciu-dawnej-zajezdni-dabie\">www.wroclaw.pl<\/a>).<\/p>\n<p><strong>Po zwiedzaniu zapraszamy na\u00a0<a href=\"http:\/\/partycypacjaobywatelska.pl\/forum-2018\/kolacja-i-afterparty-w-klubokawiarni-czasoprzestrzen\/\" target=\"_blank\">afterparty<\/a>!<\/strong><\/p>\n","protected":false},"excerpt":{"rendered":"<p>Termin: 1. dzie\u0144 Forum (11 czerwca, poniedzia\u0142ek), godz. 19.00 Miejsce: Wej\u015bcie g\u0142\u00f3wne do zajezdni tramwajowej &#8222;D\u0105bie&#8221;, ul. Tramwajowa 1-3 Opis: Zapraszamy na wycieczk\u0119 po zajezdni tramwajowej\u00a0\u201cD\u0105bie\u201d, podczas kt\u00f3rej opowiemy o historii tego miejsca i jego szczeg\u00f3lnym charakterze. Zajezdnia jest uznawana za jedn\u0105 z najpi\u0119kniejszych budowli tego typu. Wpisuje si\u0119 w tradycjonalistyczny nurt modernizmu pocz\u0105tk\u00f3w XX [&hellip;]<\/p>\n","protected":false},"author":141,"featured_media":0,"parent":0,"menu_order":0,"comment_status":"open","ping_status":"open","template":"template-forum_praktykow.php","meta":[],"_links":{"self":[{"href":"https:\/\/partycypacjaobywatelska.pl\/forum-2018\/wp-json\/wp\/v2\/pages\/1116"}],"collection":[{"href":"https:\/\/partycypacjaobywatelska.pl\/forum-2018\/wp-json\/wp\/v2\/pages"}],"about":[{"href":"https:\/\/partycypacjaobywatelska.pl\/forum-2018\/wp-json\/wp\/v2\/types\/page"}],"author":[{"embeddable":true,"href":"https:\/\/partycypacjaobywatelska.pl\/forum-2018\/wp-json\/wp\/v2\/users\/141"}],"replies":[{"embeddable":true,"href":"https:\/\/partycypacjaobywatelska.pl\/forum-2018\/wp-json\/wp\/v2\/comments?post=1116"}],"version-history":[{"count":11,"href":"https:\/\/partycypacjaobywatelska.pl\/forum-2018\/wp-json\/wp\/v2\/pages\/1116\/revisions"}],"predecessor-version":[{"id":1228,"href":"https:\/\/partycypacjaobywatelska.pl\/forum-2018\/wp-json\/wp\/v2\/pages\/1116\/revisions\/1228"}],"wp:attachment":[{"href":"https:\/\/partycypacjaobywatelska.pl\/forum-2018\/wp-json\/wp\/v2\/media?parent=1116"}],"curies":[{"name":"wp","href":"https:\/\/api.w.org\/{rel}","templated":true}]}}