{"id":859,"date":"2017-05-11T09:48:41","date_gmt":"2017-05-11T07:48:41","guid":{"rendered":"http:\/\/partycypacjaobywatelska.pl\/forum-2017\/?page_id=859"},"modified":"2017-05-26T16:54:11","modified_gmt":"2017-05-26T14:54:11","slug":"zaorane-dwa-lata-pracy-nad-miejscowym-planem","status":"publish","type":"page","link":"https:\/\/partycypacjaobywatelska.pl\/forum-2017\/zaorane-dwa-lata-pracy-nad-miejscowym-planem\/","title":{"rendered":"Zaorane&#8230; dwa lata pracy nad miejscowym planem"},"content":{"rendered":"<h4><strong>Prowadzenie:<\/strong><\/h4>\n<p>Agata Cholewa, animatorka partycypacji spo\u0142ecznej, radna Rady Dzielnicy Czuby Po\u0142udniowe w Lublinie<\/p>\n<p>Krzysztof Wi\u015bniewski, cz\u0142onek Forum Kultury Przestrzeni i inicjatywy Pieszy Lublin, radny Rady Dzielnicy Czuby Po\u0142udniowe w Lublinie<\/p>\n<h4><strong>Termin:<\/strong><\/h4>\n<p>2. dzie\u0144 Forum (6 czerwca, wtorek), godz. 9.30-10.30<\/p>\n<h4><strong>Miejsce:<\/strong><\/h4>\n<p>pi\u0119tro -1, strefa D<\/p>\n<h4><strong>Formu\u0142a:\u00a0<\/strong><\/h4>\n<p>spotkanie\u00a0\u015bniadaniowe<\/p>\n<h4><strong>Opis:<\/strong><\/h4>\n<p>Studium przypadku, jak dwoje mieszka\u0144c\u00f3w &#8222;wykry\u0142o&#8221; pocz\u0105tek prac planistycznych nad centralnym osiedlowym zielonym placem i jak dzi\u0119ki wsp\u00f3lnemu dzia\u0142aniu z innymi mieszka\u0144cami dzielnicy uda\u0142o si\u0119 im zapewni\u0107 uwzgl\u0119dnienie w tym planie interesu spo\u0142ecznego.<\/p>\n<p>Przy kawie i herbacie opowiemy o naszych do\u015bwiadczeniach:<\/p>\n<p>&#8211; jak sprawili\u015bmy, \u017ce mieszka\u0144com chcia\u0142o si\u0119 chcie\u0107?<\/p>\n<p>&#8211; jak zorganizowali\u015bmy spotkanie, na kt\u00f3rym pojawili si\u0119 kluczowi urz\u0119dnicy?<\/p>\n<p>&#8211; sk\u0105d wzi\u0119li\u015bmy w\u0142asne wizualizacje zmian bez ponoszenia koszt\u00f3w?<\/p>\n<p>Sesja jest skierowana do wszystkich zainteresowanych uczestnictwem w planowaniu przestrzennym oraz w\u0142\u0105czaniem mieszka\u0144c\u00f3w i przedstawicieli urz\u0119du miasta w ten proces.<\/p>\n","protected":false},"excerpt":{"rendered":"<p>Prowadzenie: Agata Cholewa, animatorka partycypacji spo\u0142ecznej, radna Rady Dzielnicy Czuby Po\u0142udniowe w Lublinie Krzysztof Wi\u015bniewski, cz\u0142onek Forum Kultury Przestrzeni i inicjatywy Pieszy Lublin, radny Rady Dzielnicy Czuby Po\u0142udniowe w Lublinie Termin: 2. dzie\u0144 Forum (6 czerwca, wtorek), godz. 9.30-10.30 Miejsce: pi\u0119tro -1, strefa D Formu\u0142a:\u00a0 spotkanie\u00a0\u015bniadaniowe Opis: Studium przypadku, jak dwoje mieszka\u0144c\u00f3w &#8222;wykry\u0142o&#8221; pocz\u0105tek prac [&hellip;]<\/p>\n","protected":false},"author":141,"featured_media":0,"parent":0,"menu_order":0,"comment_status":"open","ping_status":"open","template":"template-forum_praktykow.php","meta":[],"_links":{"self":[{"href":"https:\/\/partycypacjaobywatelska.pl\/forum-2017\/wp-json\/wp\/v2\/pages\/859"}],"collection":[{"href":"https:\/\/partycypacjaobywatelska.pl\/forum-2017\/wp-json\/wp\/v2\/pages"}],"about":[{"href":"https:\/\/partycypacjaobywatelska.pl\/forum-2017\/wp-json\/wp\/v2\/types\/page"}],"author":[{"embeddable":true,"href":"https:\/\/partycypacjaobywatelska.pl\/forum-2017\/wp-json\/wp\/v2\/users\/141"}],"replies":[{"embeddable":true,"href":"https:\/\/partycypacjaobywatelska.pl\/forum-2017\/wp-json\/wp\/v2\/comments?post=859"}],"version-history":[{"count":7,"href":"https:\/\/partycypacjaobywatelska.pl\/forum-2017\/wp-json\/wp\/v2\/pages\/859\/revisions"}],"predecessor-version":[{"id":1394,"href":"https:\/\/partycypacjaobywatelska.pl\/forum-2017\/wp-json\/wp\/v2\/pages\/859\/revisions\/1394"}],"wp:attachment":[{"href":"https:\/\/partycypacjaobywatelska.pl\/forum-2017\/wp-json\/wp\/v2\/media?parent=859"}],"curies":[{"name":"wp","href":"https:\/\/api.w.org\/{rel}","templated":true}]}}