{"id":503,"date":"2017-05-09T10:32:12","date_gmt":"2017-05-09T08:32:12","guid":{"rendered":"http:\/\/partycypacjaobywatelska.pl\/forum-2017\/?page_id=503"},"modified":"2017-05-26T16:20:33","modified_gmt":"2017-05-26T14:20:33","slug":"true","status":"publish","type":"page","link":"https:\/\/partycypacjaobywatelska.pl\/forum-2017\/true\/","title":{"rendered":"TRUE: Trening Rozwoju Uwa\u017cno\u015bci Empatycznej"},"content":{"rendered":"<h4><strong>Prowadzenie:<\/strong><\/h4>\n<p>Przemek Dziewitek, akcja-empatia.pl<\/p>\n<h4><strong>Termin:<\/strong><\/h4>\n<p>1. dzie\u0144 Forum (5 czerwca, poniedzia\u0142ek), godz. 17.30-19.30<\/p>\n<h4><strong>Miejsce:<\/strong><\/h4>\n<p>pi\u0119tro -1, sala H<\/p>\n<h4><strong>Formu\u0142a:<\/strong><\/h4>\n<p>warsztat<\/p>\n<h4><strong>Opis:<\/strong><\/h4>\n<p>TRUE, czyli Trening Rozwoju Uwa\u017cno\u015bci Empatycznej, jest dla wszystkich, kt\u00f3rzy wsp\u00f3\u0142pracuj\u0105 z innymi lud\u017ami i chc\u0105 si\u0119 z nimi dobrze komunikowa\u0107, czyli s\u0142ysze\u0107 to, co rzeczywi\u015bcie powiedzieli, oraz rozpoznawa\u0107 emocje, kt\u00f3re towarzysz\u0105 im w tej relacji. Do tego niezb\u0119dne s\u0105: uwa\u017cno\u015b\u0107, kt\u00f3r\u0105 mo\u017cna \u0107wiczy\u0107 indywidualnie, przez medytacj\u0119 lub inne \u0107wiczenia, albo w kontakcie z drugim cz\u0142owiekiem, poprzez aktywne s\u0142uchanie. S\u0142uchanie aktywne jest procesem empatycznego dostrojenia si\u0119 do uczu\u0107 i my\u015bli drugiego cz\u0142owieka. Na poziomie fizjologicznym uaktywniane s\u0105 specyficzne struktury m\u00f3zgowe zwane neuronami lustrzanymi. Na poziomie psychologicznym aktywne s\u0142uchanie oznacza maksymalnie mo\u017cliwe otwarcie na przekazy werbalne i niewerbalne, znaczenia i emocje p\u0142yn\u0105ce od osoby, na kt\u00f3rej koncentruje si\u0119 s\u0142uchaj\u0105cy, a na poziomie duchowym &#8211; decyzj\u0119 na osobowe spotkanie, wej\u015bcie w relacj\u0119 JA \u2013 TY.<\/p>\n<p>Do takich spotka\u0144 zapraszam podczas tej sesji warsztatowej. Wypr\u00f3bujemy aktywne s\u0142uchanie na sobie i porozmawiamy o tym, jak mo\u017cna przenie\u015b\u0107 TRUE do swoich \u015brodowisk. Bo \u017ceby TRUE da\u0142o efekty w postaci wsp\u00f3\u0142pracy opartej na empatii, to musi by\u0107 regularnie trenowane.<\/p>\n<p>TRUE s\u0105 realizowane wed\u0142ug scenariusza przygotowanego przez Jaca Jakubowskiego, za\u0142o\u017cyciela Fundacji TROP. S\u0105 cz\u0119\u015bci\u0105 akcji spo\u0142ecznej <a href=\"http:\/\/akcja-empatia.pl\">akcja-empatia.pl<\/a>.<\/p>\n","protected":false},"excerpt":{"rendered":"<p>Prowadzenie: Przemek Dziewitek, akcja-empatia.pl Termin: 1. dzie\u0144 Forum (5 czerwca, poniedzia\u0142ek), godz. 17.30-19.30 Miejsce: pi\u0119tro -1, sala H Formu\u0142a: warsztat Opis: TRUE, czyli Trening Rozwoju Uwa\u017cno\u015bci Empatycznej, jest dla wszystkich, kt\u00f3rzy wsp\u00f3\u0142pracuj\u0105 z innymi lud\u017ami i chc\u0105 si\u0119 z nimi dobrze komunikowa\u0107, czyli s\u0142ysze\u0107 to, co rzeczywi\u015bcie powiedzieli, oraz rozpoznawa\u0107 emocje, kt\u00f3re towarzysz\u0105 im w [&hellip;]<\/p>\n","protected":false},"author":141,"featured_media":0,"parent":0,"menu_order":0,"comment_status":"open","ping_status":"open","template":"template-forum_praktykow.php","meta":[],"_links":{"self":[{"href":"https:\/\/partycypacjaobywatelska.pl\/forum-2017\/wp-json\/wp\/v2\/pages\/503"}],"collection":[{"href":"https:\/\/partycypacjaobywatelska.pl\/forum-2017\/wp-json\/wp\/v2\/pages"}],"about":[{"href":"https:\/\/partycypacjaobywatelska.pl\/forum-2017\/wp-json\/wp\/v2\/types\/page"}],"author":[{"embeddable":true,"href":"https:\/\/partycypacjaobywatelska.pl\/forum-2017\/wp-json\/wp\/v2\/users\/141"}],"replies":[{"embeddable":true,"href":"https:\/\/partycypacjaobywatelska.pl\/forum-2017\/wp-json\/wp\/v2\/comments?post=503"}],"version-history":[{"count":8,"href":"https:\/\/partycypacjaobywatelska.pl\/forum-2017\/wp-json\/wp\/v2\/pages\/503\/revisions"}],"predecessor-version":[{"id":1586,"href":"https:\/\/partycypacjaobywatelska.pl\/forum-2017\/wp-json\/wp\/v2\/pages\/503\/revisions\/1586"}],"wp:attachment":[{"href":"https:\/\/partycypacjaobywatelska.pl\/forum-2017\/wp-json\/wp\/v2\/media?parent=503"}],"curies":[{"name":"wp","href":"https:\/\/api.w.org\/{rel}","templated":true}]}}