{"id":5,"date":"2016-08-17T16:35:37","date_gmt":"2016-08-17T14:35:37","guid":{"rendered":"http:\/\/partycypacjaobywatelska.pl\/forum-2017\/?page_id=5"},"modified":"2017-07-10T16:32:20","modified_gmt":"2017-07-10T14:32:20","slug":"o-wydarzeniu","status":"publish","type":"page","link":"https:\/\/partycypacjaobywatelska.pl\/forum-2017\/","title":{"rendered":"O wydarzeniu"},"content":{"rendered":"<p>W\u00a0dniach 5-6 czerwca\u00a0odby\u0142a si\u0119 4. edycja Forum Praktyk\u00f3w Partycypacji, czyli 2-dniowego wydarzenia maj\u0105cego na celu wymian\u0119 do\u015bwiadcze\u0144 mi\u0119dzy osobami na co dzie\u0144 zajmuj\u0105cymi si\u0119 procesami w\u0142\u0105czania mieszka\u0144c\u00f3w w procesy podejmowania decyzji.<\/p>\n<p>Tym razem wydarzenie organizowali\u015bmy we wsp\u00f3\u0142pracy z Miastem Lublin, w <strong>Centrum Spotkania Kultur w\u00a0Lublinie (Plac Teatralny 1)<\/strong>.<\/p>\n<h4><strong>Czym jest Forum Praktyk\u00f3w Partycypacji?<\/strong><\/h4>\n<p>To wydarzenie przeznaczone dla os\u00f3b aktywnie zaanga\u017cowanych w tematyk\u0119 partycypacji obywatelskiej skierowane do ka\u017cdego, kto posiada wiedz\u0119 i do\u015bwiadczenie w realizacji r\u00f3\u017cnych proces\u00f3w partycypacyjnych, chce nawi\u0105za\u0107 nowe kontakty i poruszy\u0107 podczas niego bardziej skomplikowane problemy.<\/p>\n<p>Organizuj\u0105c Forum chcemy umo\u017cliwi\u0107 praktykom partycypacji poznanie innych os\u00f3b zajmuj\u0105cych si\u0119 t\u0105 tematyk\u0105, stworzy\u0107 przestrze\u0144 wymiany my\u015bli i do\u015bwiadcze\u0144, wzajemnego poszerzania wiedzy. Chcemy\u00a0przyczynia\u0107 si\u0119 do poprawy jako\u015bci proces\u00f3w partycypacyjnych oraz utworzenia \u015brodowiska os\u00f3b zajmuj\u0105cych si\u0119 partycypacj\u0105, wspieraj\u0105cych si\u0119 merytorycznie i wzajemnie motywuj\u0105cych w organizacji w\u0142asnych przedsi\u0119wzi\u0119\u0107.<\/p>\n<p><img loading=\"lazy\" class=\" size-full wp-image-10 alignnone\" src=\"http:\/\/partycypacjaobywatelska.pl\/forum-2017\/wp-content\/uploads\/sites\/8\/2016\/08\/fpp4-zapowiedz_wydarzenie.png\" alt=\"fpp4-zapowiedz_wydarzenie\" width=\"1701\" height=\"271\" \/><\/p>\n<h4><strong>Kogo\u00a0zapraszali\u015bmy?<\/strong><\/h4>\n<p>Jak co roku,<strong> zaproszenie do udzia\u0142u w Forum kierowali\u015bmy g\u0142\u00f3wnie do os\u00f3b praktycznie zajmuj\u0105cych si\u0119 partycypacj\u0105 obywatelsk\u0105<\/strong>, czyli takich, kt\u00f3re przeprowadzaj\u0105, nadzoruj\u0105 lub oceniaj\u0105 procesy w\u0142\u0105czaj\u0105ce mieszka\u0144c\u00f3w w podejmowanie decyzji, chc\u0105 si\u0119 dzieli\u0107 wiedz\u0105 jak to robi\u0107, ale te\u017c uczy\u0107 od innych.<\/p>\n<p>&nbsp;<\/p>\n<h4>Forum odby\u0142o si\u0119 w Lublinie, kt\u00f3ry uroczy\u015bcie \u015bwi\u0119tuje w tym roku swoje 700-lecie.<\/h4>\n<p><a href=\"http:\/\/partycypacjaobywatelska.pl\/forum-2017\/wp-content\/uploads\/sites\/8\/2016\/08\/herb700_poziom_B.jpg\"><img loading=\"lazy\" class=\"  wp-image-1678 alignleft\" src=\"http:\/\/partycypacjaobywatelska.pl\/forum-2017\/wp-content\/uploads\/sites\/8\/2016\/08\/herb700_poziom_B.jpg\" alt=\"herb700_poziom_B\" width=\"321\" height=\"173\" srcset=\"https:\/\/partycypacjaobywatelska.pl\/forum-2017\/wp-content\/uploads\/sites\/8\/2016\/08\/herb700_poziom_B.jpg 1708w, https:\/\/partycypacjaobywatelska.pl\/forum-2017\/wp-content\/uploads\/sites\/8\/2016\/08\/herb700_poziom_B-300x162.jpg 300w, https:\/\/partycypacjaobywatelska.pl\/forum-2017\/wp-content\/uploads\/sites\/8\/2016\/08\/herb700_poziom_B-1024x553.jpg 1024w\" sizes=\"(max-width: 321px) 100vw, 321px\" \/><\/a><\/p>\n","protected":false},"excerpt":{"rendered":"<p>W\u00a0dniach 5-6 czerwca\u00a0odby\u0142a si\u0119 4. edycja Forum Praktyk\u00f3w Partycypacji, czyli 2-dniowego wydarzenia maj\u0105cego na celu wymian\u0119 do\u015bwiadcze\u0144 mi\u0119dzy osobami na co dzie\u0144 zajmuj\u0105cymi si\u0119 procesami w\u0142\u0105czania mieszka\u0144c\u00f3w w procesy podejmowania decyzji. Tym razem wydarzenie organizowali\u015bmy we wsp\u00f3\u0142pracy z Miastem Lublin, w Centrum Spotkania Kultur w\u00a0Lublinie (Plac Teatralny 1). Czym jest Forum Praktyk\u00f3w Partycypacji? To wydarzenie [&hellip;]<\/p>\n","protected":false},"author":1,"featured_media":0,"parent":0,"menu_order":0,"comment_status":"open","ping_status":"open","template":"template-forum_praktykow.php","meta":[],"_links":{"self":[{"href":"https:\/\/partycypacjaobywatelska.pl\/forum-2017\/wp-json\/wp\/v2\/pages\/5"}],"collection":[{"href":"https:\/\/partycypacjaobywatelska.pl\/forum-2017\/wp-json\/wp\/v2\/pages"}],"about":[{"href":"https:\/\/partycypacjaobywatelska.pl\/forum-2017\/wp-json\/wp\/v2\/types\/page"}],"author":[{"embeddable":true,"href":"https:\/\/partycypacjaobywatelska.pl\/forum-2017\/wp-json\/wp\/v2\/users\/1"}],"replies":[{"embeddable":true,"href":"https:\/\/partycypacjaobywatelska.pl\/forum-2017\/wp-json\/wp\/v2\/comments?post=5"}],"version-history":[{"count":17,"href":"https:\/\/partycypacjaobywatelska.pl\/forum-2017\/wp-json\/wp\/v2\/pages\/5\/revisions"}],"predecessor-version":[{"id":1807,"href":"https:\/\/partycypacjaobywatelska.pl\/forum-2017\/wp-json\/wp\/v2\/pages\/5\/revisions\/1807"}],"wp:attachment":[{"href":"https:\/\/partycypacjaobywatelska.pl\/forum-2017\/wp-json\/wp\/v2\/media?parent=5"}],"curies":[{"name":"wp","href":"https:\/\/api.w.org\/{rel}","templated":true}]}}

<p>W dniach 5-6 czerwca odbyła się 4. edycja Forum Praktyków Partycypacji, czyli 2-dniowego wydarzenia mającego na celu wymianę doświadczeń między osobami na co dzień zajmującymi się procesami włączania mieszkańców w procesy podejmowania decyzji.</p>
<p>Tym razem wydarzenie organizowaliśmy we współpracy z Miastem Lublin, w <strong>Centrum Spotkania Kultur w Lublinie (Plac Teatralny 1)</strong>.</p>
<h4><strong>Czym jest Forum Praktyków Partycypacji?</strong></h4>
<p>To wydarzenie przeznaczone dla osób aktywnie zaangażowanych w tematykę partycypacji obywatelskiej skierowane do każdego, kto posiada wiedzę i doświadczenie w realizacji różnych procesów partycypacyjnych, chce nawiązać nowe kontakty i poruszyć podczas niego bardziej skomplikowane problemy.</p>
<p>Organizując Forum chcemy umożliwić praktykom partycypacji poznanie innych osób zajmujących się tą tematyką, stworzyć przestrzeń wymiany myśli i doświadczeń, wzajemnego poszerzania wiedzy. Chcemy przyczyniać się do poprawy jakości procesów partycypacyjnych oraz utworzenia środowiska osób zajmujących się partycypacją, wspierających się merytorycznie i wzajemnie motywujących w organizacji własnych przedsięwzięć.</p>
<p><img loading="lazy" class=" size-full wp-image-10 alignnone" src="http://partycypacjaobywatelska.pl/forum-2017/wp-content/uploads/sites/8/2016/08/fpp4-zapowiedz_wydarzenie.png" alt="fpp4-zapowiedz_wydarzenie" width="1701" height="271" /></p>
<h4><strong>Kogo zapraszaliśmy?</strong></h4>
<p>Jak co roku,<strong> zaproszenie do udziału w Forum kierowaliśmy głównie do osób praktycznie zajmujących się partycypacją obywatelską</strong>, czyli takich, które przeprowadzają, nadzorują lub oceniają procesy włączające mieszkańców w podejmowanie decyzji, chcą się dzielić wiedzą jak to robić, ale też uczyć od innych.</p>
<p>&nbsp;</p>
<h4>Forum odbyło się w Lublinie, który uroczyście świętuje w tym roku swoje 700-lecie.</h4>
<p><a href="http://partycypacjaobywatelska.pl/forum-2017/wp-content/uploads/sites/8/2016/08/herb700_poziom_B.jpg"><img loading="lazy" class="  wp-image-1678 alignleft" src="http://partycypacjaobywatelska.pl/forum-2017/wp-content/uploads/sites/8/2016/08/herb700_poziom_B.jpg" alt="herb700_poziom_B" width="321" height="173" srcset="https://partycypacjaobywatelska.pl/forum-2017/wp-content/uploads/sites/8/2016/08/herb700_poziom_B.jpg 1708w, https://partycypacjaobywatelska.pl/forum-2017/wp-content/uploads/sites/8/2016/08/herb700_poziom_B-300x162.jpg 300w, https://partycypacjaobywatelska.pl/forum-2017/wp-content/uploads/sites/8/2016/08/herb700_poziom_B-1024x553.jpg 1024w" sizes="(max-width: 321px) 100vw, 321px" /></a></p>

<p>W dniach 5-6 czerwca odbyła się 4. edycja Forum Praktyków Partycypacji, czyli 2-dniowego wydarzenia mającego na celu wymianę doświadczeń między osobami na co dzień zajmującymi się procesami włączania mieszkańców w procesy podejmowania decyzji. Tym razem wydarzenie organizowaliśmy we współpracy z Miastem Lublin, w Centrum Spotkania Kultur w Lublinie (Plac Teatralny 1). Czym jest Forum Praktyków Partycypacji? To wydarzenie [&hellip;]</p>
