{"id":438,"date":"2017-05-08T16:48:31","date_gmt":"2017-05-08T14:48:31","guid":{"rendered":"http:\/\/partycypacjaobywatelska.pl\/forum-2017\/?page_id=438"},"modified":"2017-05-26T17:07:58","modified_gmt":"2017-05-26T15:07:58","slug":"studiowac-partycypacje","status":"publish","type":"page","link":"https:\/\/partycypacjaobywatelska.pl\/forum-2017\/studiowac-partycypacje\/","title":{"rendered":"Studiowa\u0107 partycypacj\u0119? Zr\u00f3bmy sylabus!"},"content":{"rendered":"<h4><strong>Prowadzenie:<\/strong><\/h4>\n<p><span style=\"font-weight: 400\">Marcin Skrzypek,\u00a0<\/span><span style=\"font-weight: 400\">O\u015brodek &#8222;Brama Grodzka &#8211; Teatr NN&#8221;<\/span><\/p>\n<h4><strong>Termin:<\/strong><\/h4>\n<p>2. dzie\u0144 Forum (6 czerwca, wtorek), godz. 10.45-12.15<\/p>\n<h4><strong>Miejsce:<\/strong><\/h4>\n<p>pi\u0119tro -1, sala G<\/p>\n<h4><strong>Formu\u0142a:<\/strong><\/h4>\n<p>warsztat<\/p>\n<h4><strong>Opis:<\/strong><\/h4>\n<p>Czy partycypacja obywatelska mo\u017ce by\u0107 kierunkiem studi\u00f3w przygotowuj\u0105cym przysz\u0142ych urz\u0119dnik\u00f3w, lider\u00f3w, obywateli do roli praktyka partycypacji? Co trzeba umie\u0107, \u017ceby kiedy\u015b w przysz\u0142o\u015bci m\u00f3c z tego \u017cy\u0107? Takie pytanie zadaj\u0119 sobie jako osoba prowadz\u0105ca zaj\u0119cia na kierunku Kreatywno\u015b\u0107 spo\u0142eczna na UMCS i jako spo\u0142ecznik, kt\u00f3ry widzi, jak ma\u0142o o praktyce i pragmatyce partycypacji wiedz\u0105 mieszka\u0144cy i decydenci. Zr\u00f3bmy prototyp takich studi\u00f3w! U\u0142\u00f3\u017cmy ich sylabus.<\/p>\n<p>Wyobra\u017amy sobie, \u017ce dostajemy \u015brodki na stworzenie nowego kierunku studi\u00f3w po\u015bwi\u0119conych partycypacji spo\u0142ecznej, kszta\u0142c\u0105cych specjalist\u00f3w znajduj\u0105cych potem swoje miejsce w firmach prywatnych, administracji publicznej,\u00a0instytucjach, sp\u00f3\u0142dzielniach mieszkaniowych, NGO-sach itd. Jaka wiedza, jakie kompetencje\u00a0i do\u015bwiadczenie s\u0105 do tego potrzebne? Jak nazwa\u0107 taki kierunek, by zach\u0119ci\u0107 m\u0142odych ludzi do studiowania? Jaki powinien by\u0107 program 3 lub 5 lat studi\u00f3w? Kto m\u00f3g\u0142by prowadzi\u0107 zaj\u0119cia? Z jakich temat\u00f3w mo\u017cna by pisa\u0107 prace?<\/p>\n<p>Kto wie, mo\u017ce dzi\u0119ki naszemu spotkaniu takie studia powstan\u0105!<\/p>\n","protected":false},"excerpt":{"rendered":"<p>Prowadzenie: Marcin Skrzypek,\u00a0O\u015brodek &#8222;Brama Grodzka &#8211; Teatr NN&#8221; Termin: 2. dzie\u0144 Forum (6 czerwca, wtorek), godz. 10.45-12.15 Miejsce: pi\u0119tro -1, sala G Formu\u0142a: warsztat Opis: Czy partycypacja obywatelska mo\u017ce by\u0107 kierunkiem studi\u00f3w przygotowuj\u0105cym przysz\u0142ych urz\u0119dnik\u00f3w, lider\u00f3w, obywateli do roli praktyka partycypacji? Co trzeba umie\u0107, \u017ceby kiedy\u015b w przysz\u0142o\u015bci m\u00f3c z tego \u017cy\u0107? Takie pytanie zadaj\u0119 [&hellip;]<\/p>\n","protected":false},"author":141,"featured_media":0,"parent":0,"menu_order":0,"comment_status":"open","ping_status":"open","template":"template-forum_praktykow.php","meta":[],"_links":{"self":[{"href":"https:\/\/partycypacjaobywatelska.pl\/forum-2017\/wp-json\/wp\/v2\/pages\/438"}],"collection":[{"href":"https:\/\/partycypacjaobywatelska.pl\/forum-2017\/wp-json\/wp\/v2\/pages"}],"about":[{"href":"https:\/\/partycypacjaobywatelska.pl\/forum-2017\/wp-json\/wp\/v2\/types\/page"}],"author":[{"embeddable":true,"href":"https:\/\/partycypacjaobywatelska.pl\/forum-2017\/wp-json\/wp\/v2\/users\/141"}],"replies":[{"embeddable":true,"href":"https:\/\/partycypacjaobywatelska.pl\/forum-2017\/wp-json\/wp\/v2\/comments?post=438"}],"version-history":[{"count":5,"href":"https:\/\/partycypacjaobywatelska.pl\/forum-2017\/wp-json\/wp\/v2\/pages\/438\/revisions"}],"predecessor-version":[{"id":1616,"href":"https:\/\/partycypacjaobywatelska.pl\/forum-2017\/wp-json\/wp\/v2\/pages\/438\/revisions\/1616"}],"wp:attachment":[{"href":"https:\/\/partycypacjaobywatelska.pl\/forum-2017\/wp-json\/wp\/v2\/media?parent=438"}],"curies":[{"name":"wp","href":"https:\/\/api.w.org\/{rel}","templated":true}]}}