{"id":43,"date":"2017-04-27T09:59:41","date_gmt":"2017-04-27T07:59:41","guid":{"rendered":"http:\/\/partycypacjaobywatelska.pl\/forum-2017\/?page_id=43"},"modified":"2017-05-26T16:06:03","modified_gmt":"2017-05-26T14:06:03","slug":"program","status":"publish","type":"page","link":"https:\/\/partycypacjaobywatelska.pl\/forum-2017\/program\/","title":{"rendered":"Program"},"content":{"rendered":"<table style=\"height: 846px\" width=\"1369\">\n<tbody>\n<tr>\n<td style=\"width: 105px;vertical-align: top\">10.30\u201311.30<\/td>\n<td style=\"vertical-align: top\" colspan=\"2\">Rejestracja uczestnik\u00f3w<\/td>\n<\/tr>\n<tr>\n<td style=\"width: 105px;vertical-align: top\">11.30\u201313.00<\/td>\n<td style=\"vertical-align: top\" colspan=\"2\">Rozpocz\u0119cie Forum z udzia\u0142em Krzysztofa \u017buka, Prezydenta Miasta Lublin; poznanie si\u0119 uczestnik\u00f3w; wyst\u0105pienie wprowadzaj\u0105ce Kuby Wygna\u0144skiego (pi\u0119tro 1, sala A)<\/td>\n<\/tr>\n<tr>\n<td style=\"width: 105px;vertical-align: top\">13.00\u201314.00<\/td>\n<td style=\"vertical-align: top\" colspan=\"2\">Lunch (pi\u0119tro 0)<\/td>\n<\/tr>\n<tr>\n<td style=\"width: 105px;vertical-align: top\">14.00\u201315.00<\/td>\n<td style=\"vertical-align: top\"><span style=\"text-decoration: underline\">Kalejdoskop:<\/span><\/p>\n<ol>\n<li><a href=\"http:\/\/partycypacjaobywatelska.pl\/forum-2017\/budzet-partycypacyjny\/\">Bud\u017cet partycypacyjny<\/a><\/li>\n<li><a href=\"http:\/\/partycypacjaobywatelska.pl\/forum-2017\/przestrzen-publiczna\/\">Przestrze\u0144 publiczna<\/a><\/li>\n<li><a href=\"http:\/\/partycypacjaobywatelska.pl\/forum-2017\/rewitalizacja\/\">Rewitalizacja<\/a><\/li>\n<li><a href=\"http:\/\/partycypacjaobywatelska.pl\/forum-2017\/roznorodnosci\/\">R\u00f3\u017cno\u015bci<\/a><\/li>\n<\/ol>\n<\/td>\n<td style=\"vertical-align: top\"><\/td>\n<\/tr>\n<tr>\n<td style=\"width: 105px;vertical-align: top\">15.00\u201315.30<\/td>\n<td style=\"vertical-align: top\" colspan=\"2\">Przerwa na kaw\u0119\u00a0(pi\u0119tro -1)<\/td>\n<\/tr>\n<tr>\n<td style=\"width: 105px;vertical-align: top\">15.30\u201317.15<\/td>\n<td style=\"vertical-align: top\"><span style=\"text-decoration: underline\">Sesje (15.30\u201317.15):<\/span><\/p>\n<ol>\n<li><a href=\"http:\/\/partycypacjaobywatelska.pl\/forum-2017\/budzet-partycypacyjny-i-konflikt-skazana-na-siebie-para\/\">Bud\u017cet partycypacyjny i konflikt \u2013\u00a0skazana na siebie para?<\/a><\/li>\n<li><a href=\"http:\/\/partycypacjaobywatelska.pl\/forum-2017\/komitet-rewitalizacyjny\/\">Komitet Rewitalizacyjny \u2013\u00a0sk\u0142adnik przepisu na udan\u0105 rewitalizacj\u0119<\/a><\/li>\n<li><a href=\"http:\/\/partycypacjaobywatelska.pl\/forum-2017\/panel-obywatelski\/\">Panel obywatelski \u2013 jak to dzia\u0142a?<\/a><\/li>\n<\/ol>\n<\/td>\n<td style=\"vertical-align: top\" rowspan=\"3\"><span style=\"text-decoration: underline\">Warsztaty (15.30 \u2013\u00a0maks. 19.00):<\/span><\/p>\n<ol>\n<li><a href=\"http:\/\/partycypacjaobywatelska.pl\/forum-2017\/jak-budowac-dialog\/\">Jak budowa\u0107 dialog? Podstawy porozumienia bez przemocy (NVC)<\/a><\/li>\n<li><a href=\"http:\/\/partycypacjaobywatelska.pl\/forum-2017\/metody-prototypowania\/\">Metody prototypowania\u00a0\u2013 warsztat praktyczny<\/a><\/li>\n<li><a href=\"http:\/\/partycypacjaobywatelska.pl\/forum-2017\/trudny-klient\/\">\u201eTrudny klient\u201d \u2013 jak sobie z nim radzi\u0107? \u0179r\u00f3d\u0142a trudno\u015bci, pomocne narz\u0119dzia<\/a><\/li>\n<\/ol>\n<\/td>\n<\/tr>\n<tr>\n<td style=\"width: 105px;vertical-align: top\">17.15\u201317.30<\/td>\n<td style=\"vertical-align: top\">Przerwa na kaw\u0119\u00a0(pi\u0119tro -1)<\/td>\n<\/tr>\n<tr>\n<td style=\"width: 105px;vertical-align: top\">17.30\u201319.30<\/td>\n<td style=\"vertical-align: top\"><span style=\"text-decoration: underline\">Sesje i warsztaty:<\/span><\/p>\n<ol>\n<li><a href=\"http:\/\/partycypacjaobywatelska.pl\/forum-2017\/gry-dyskusyjne\/\">Gry dyskusyjne. Bardziej gra czy bardziej dyskusja?<\/a><\/li>\n<li><a href=\"http:\/\/partycypacjaobywatelska.pl\/forum-2017\/ogrod-w-skali-miasta\/\">Ogr\u00f3d w skali miasta. Jak urz\u0105d miasta mo\u017ce wspiera\u0107 ogrodnictwo miejskie?<\/a><\/li>\n<li><a href=\"http:\/\/partycypacjaobywatelska.pl\/forum-2017\/true\/\">TRUE: Trening Rozwoju Uwa\u017cno\u015bci Empatycznej<\/a><\/li>\n<\/ol>\n<\/td>\n<\/tr>\n<tr>\n<td style=\"width: 105px;vertical-align: top\">19.30\u201320.00<\/td>\n<td style=\"vertical-align: top\" colspan=\"2\">Kolacja\u00a0(pi\u0119tro 0)<\/td>\n<\/tr>\n<tr>\n<td style=\"width: 105px;vertical-align: top\">Od 20.00<\/td>\n<td style=\"vertical-align: top\" colspan=\"2\"><span style=\"text-decoration: underline\">Aktywno\u015bci wieczorne:<\/span><\/p>\n<ol>\n<li><a href=\"http:\/\/partycypacjaobywatelska.pl\/forum-2017\/impreza-na-dachu-centrum-spotkania-kultur\/\">Impreza na dachu Centrum Spotkania Kultur<\/a><\/li>\n<li><a href=\"http:\/\/partycypacjaobywatelska.pl\/forum-2017\/spacer-tematyczny\/\">Spacer tematyczny po Lublinie <span style=\"color: #333333\">\u2013<\/span> dzia\u0142ania spo\u0142eczne i rewitalizacyjne w dzielnicy Stare Bronowice i Piaski<\/a><\/li>\n<li><a href=\"http:\/\/partycypacjaobywatelska.pl\/forum-2017\/wycieczka-rowerowa\/\">Wycieczka rowerowa po Lublinie \u2013 zmiany w infrastrukturze rowerowej i pieszej jako element partycypacji spo\u0142ecznej<\/a><\/li>\n<\/ol>\n<\/td>\n<\/tr>\n<\/tbody>\n<\/table>\n<p><!--more--><\/p>\n<table width=\"1374\">\n<tbody>\n<tr>\n<td style=\"width: 105px;vertical-align: top\">9.30\u201310.30<\/td>\n<td style=\"vertical-align: top\"><span style=\"text-decoration: underline\">Spotkania \u015bniadaniowe:<\/span><\/p>\n<ol>\n<li><a href=\"http:\/\/partycypacjaobywatelska.pl\/forum-2017\/forum-i-rada-kultury-przestrzeni-w-lublinie\/\"><span style=\"color: #333333\">Forum i Rada Kultury Przestrzeni w Lublinie \u2013 jak to dzia\u0142a?<\/span><\/a><\/li>\n<li><a href=\"http:\/\/partycypacjaobywatelska.pl\/forum-2017\/miasto-dla-kobiet\/\">Miasto dla kobiet?<\/a><\/li>\n<li><a href=\"http:\/\/partycypacjaobywatelska.pl\/forum-2017\/otwarte-miasta\/\">Otwarte miasta? Spo\u0142eczno\u015b\u0107 lokalna na rzecz r\u00f3\u017cnorodno\u015bci<\/a><\/li>\n<li><a href=\"http:\/\/partycypacjaobywatelska.pl\/forum-2017\/partycypacja-dwoch-predkosci\/\">Partycypacja dw\u00f3ch pr\u0119dko\u015bci w urz\u0119dzie. Jak sobie z ni\u0105 radzi\u0107?<\/a><\/li>\n<li><a href=\"http:\/\/partycypacjaobywatelska.pl\/forum-2017\/partycypacja-okiem-architekta\/\">Partycypacja okiem architekta<\/a><\/li>\n<li><a href=\"http:\/\/partycypacjaobywatelska.pl\/forum-2017\/zaorane-dwa-lata-pracy-nad-miejscowym-planem\/\">Zaorane&#8230; dwa lata pracy nad miejscowym planem<\/a><\/li>\n<li><a href=\"http:\/\/partycypacjaobywatelska.pl\/forum-2017\/prototypowanie-urbanistyczne\/\">&#8222;\u017bywa Ulica&#8221; \u2013\u00a0prototypowanie urbanistyczne<\/a><\/li>\n<\/ol>\n<\/td>\n<td style=\"vertical-align: top\" rowspan=\"3\"><span style=\"text-decoration: underline\">Warsztat (9.30\u201312.15):<\/span><\/p>\n<ol>\n<li><a href=\"http:\/\/partycypacjaobywatelska.pl\/forum-2017\/jak-oswoic-termin-partycypacja\/\">Jak oswoi\u0107 termin \u201epartycypacja\u201d?<\/a><\/li>\n<\/ol>\n<\/td>\n<\/tr>\n<tr>\n<td style=\"width: 105px;vertical-align: top\">10.30\u201310.45<\/td>\n<td style=\"vertical-align: top\">Przerwa na kaw\u0119\u00a0(pi\u0119tro -1)<\/td>\n<\/tr>\n<tr>\n<td style=\"width: 105px;vertical-align: top\">10.45\u201312.15<\/td>\n<td style=\"vertical-align: top\"><span style=\"text-decoration: underline\">Sesje i warsztaty:<\/span><\/p>\n<ol>\n<li><a href=\"http:\/\/partycypacjaobywatelska.pl\/forum-2017\/gminne-rady-seniorow-oraz-mlodziezowe-rady-gmin\/\">Gminne rady senior\u00f3w i m\u0142odzie\u017cowe rady gmin \u2013 niewykorzystany potencja\u0142 czy koszmar partycypacji?<\/a><\/li>\n<li><a href=\"http:\/\/partycypacjaobywatelska.pl\/forum-2017\/fundusz-solecki\/\">Fundusz so\u0142ecki \u2013 szansa czy pu\u0142apka partycypacji?<\/a><\/li>\n<li><a href=\"http:\/\/partycypacjaobywatelska.pl\/forum-2017\/konsultacje-z-powerem\/\">Konsultacje z POWEREM, czyli jak gminy powinny planowa\u0107 przestrze\u0144 z mieszka\u0144cami<\/a><\/li>\n<li><a href=\"http:\/\/partycypacjaobywatelska.pl\/forum-2017\/partycypacyjne-tworzenie-strategii-miejskich\/\">Partycypacyjne tworzenie strategii miejskich<\/a><\/li>\n<li><a href=\"http:\/\/partycypacjaobywatelska.pl\/forum-2017\/przyneta-jak-zachecic-ludzi-do-udzialu-w-konsultacjach-spolecznych\/\"><span style=\"font-weight: 400\">Przyn\u0119ta \u2013 jak zach\u0119ci\u0107 ludzi do udzia\u0142u w konsultacjach spo\u0142ecznych?<\/span><\/a><\/li>\n<li><a href=\"http:\/\/partycypacjaobywatelska.pl\/forum-2017\/studiowac-partycypacje\/\">Studiowa\u0107 partycypacj\u0119? Zr\u00f3bmy sylabus!<\/a><\/li>\n<\/ol>\n<\/td>\n<\/tr>\n<tr>\n<td style=\"width: 105px;vertical-align: top\">12.15\u201312.45<\/td>\n<td style=\"vertical-align: top\" colspan=\"2\">Przerwa na kaw\u0119\u00a0(pi\u0119tro -1)<\/td>\n<\/tr>\n<tr>\n<td style=\"width: 105px;vertical-align: top\">12.45\u201314.15<\/td>\n<td style=\"vertical-align: top\" colspan=\"2\"><span style=\"text-decoration: underline\">Sesje i warsztaty:<\/span><\/p>\n<ol>\n<li><a href=\"http:\/\/partycypacjaobywatelska.pl\/forum-2017\/miejsca-aktywnosci-lokalnej\/\">Miejsca aktywno\u015bci lokalnej \u2013 przysz\u0142o\u015b\u0107 s\u0105siedzkiej partycypacji<\/a><\/li>\n<li><a href=\"http:\/\/partycypacjaobywatelska.pl\/forum-2017\/odwazni-w-rysowaniu\/\">Odwa\u017cni w rysowaniu, czyli facylitacja graficzna w praktyce. Po co? Dla kogo? Dlaczego? Kiedy? Jak?<\/a><\/li>\n<li><a href=\"http:\/\/partycypacjaobywatelska.pl\/forum-2017\/outsourcing-w-partycypacji\/\">Outsourcing w partycypacji, czyli o tym, czy mo\u017cna i czy powinno si\u0119 korzysta\u0107 z ka\u017cdej propozycji<\/a><\/li>\n<li><a href=\"http:\/\/partycypacjaobywatelska.pl\/forum-2017\/dziedzictwo-kulturowe\/\">Partycypacja w dziedzictwie kulturowym<\/a><\/li>\n<li><a href=\"http:\/\/partycypacjaobywatelska.pl\/forum-2017\/pokaz-co-robisz\/\">Poka\u017c, co robisz! Projektowanie graficzne jako efektywny j\u0119zyk komunikacji<\/a><\/li>\n<li><a href=\"http:\/\/partycypacjaobywatelska.pl\/forum-2017\/projektowanie-z-mieszkancami\/\">Projektowanie z mieszka\u0144cami<\/a><\/li>\n<\/ol>\n<\/td>\n<\/tr>\n<tr>\n<td style=\"width: 105px;vertical-align: top\">14.20\u201314.50<\/td>\n<td style=\"vertical-align: top\" colspan=\"2\">Sesja podsumowuj\u0105ca i zako\u0144czenie Forum (pi\u0119tro -1, sala B)<\/td>\n<\/tr>\n<tr>\n<td style=\"width: 105px;vertical-align: top\">14.50\u201315.45<\/td>\n<td style=\"vertical-align: top\" colspan=\"2\">Lunch\u00a0(pi\u0119tro 0)<\/td>\n<\/tr>\n<\/tbody>\n<\/table>\n<p><strong>\u00a0<\/strong><\/p>\n","protected":false},"excerpt":{"rendered":"<p>10.30\u201311.30 Rejestracja uczestnik\u00f3w 11.30\u201313.00 Rozpocz\u0119cie Forum z udzia\u0142em Krzysztofa \u017buka, Prezydenta Miasta Lublin; poznanie si\u0119 uczestnik\u00f3w; wyst\u0105pienie wprowadzaj\u0105ce Kuby Wygna\u0144skiego (pi\u0119tro 1, sala A) 13.00\u201314.00 Lunch (pi\u0119tro 0) 14.00\u201315.00 Kalejdoskop: Bud\u017cet partycypacyjny Przestrze\u0144 publiczna Rewitalizacja R\u00f3\u017cno\u015bci 15.00\u201315.30 Przerwa na kaw\u0119\u00a0(pi\u0119tro -1) 15.30\u201317.15 Sesje (15.30\u201317.15): Bud\u017cet partycypacyjny i konflikt \u2013\u00a0skazana na siebie para? Komitet Rewitalizacyjny \u2013\u00a0sk\u0142adnik [&hellip;]<\/p>\n","protected":false},"author":1,"featured_media":0,"parent":0,"menu_order":0,"comment_status":"open","ping_status":"open","template":"template-forum_program.php","meta":[],"_links":{"self":[{"href":"https:\/\/partycypacjaobywatelska.pl\/forum-2017\/wp-json\/wp\/v2\/pages\/43"}],"collection":[{"href":"https:\/\/partycypacjaobywatelska.pl\/forum-2017\/wp-json\/wp\/v2\/pages"}],"about":[{"href":"https:\/\/partycypacjaobywatelska.pl\/forum-2017\/wp-json\/wp\/v2\/types\/page"}],"author":[{"embeddable":true,"href":"https:\/\/partycypacjaobywatelska.pl\/forum-2017\/wp-json\/wp\/v2\/users\/1"}],"replies":[{"embeddable":true,"href":"https:\/\/partycypacjaobywatelska.pl\/forum-2017\/wp-json\/wp\/v2\/comments?post=43"}],"version-history":[{"count":136,"href":"https:\/\/partycypacjaobywatelska.pl\/forum-2017\/wp-json\/wp\/v2\/pages\/43\/revisions"}],"predecessor-version":[{"id":1561,"href":"https:\/\/partycypacjaobywatelska.pl\/forum-2017\/wp-json\/wp\/v2\/pages\/43\/revisions\/1561"}],"wp:attachment":[{"href":"https:\/\/partycypacjaobywatelska.pl\/forum-2017\/wp-json\/wp\/v2\/media?parent=43"}],"curies":[{"name":"wp","href":"https:\/\/api.w.org\/{rel}","templated":true}]}}