{"id":425,"date":"2017-05-08T16:14:53","date_gmt":"2017-05-08T14:14:53","guid":{"rendered":"http:\/\/partycypacjaobywatelska.pl\/forum-2017\/?page_id=425"},"modified":"2017-05-26T16:47:23","modified_gmt":"2017-05-26T14:47:23","slug":"forum-i-rada-kultury-przestrzeni-w-lublinie","status":"publish","type":"page","link":"https:\/\/partycypacjaobywatelska.pl\/forum-2017\/forum-i-rada-kultury-przestrzeni-w-lublinie\/","title":{"rendered":"Forum i Rada Kultury Przestrzeni w Lublinie &#8211; jak to dzia\u0142a?"},"content":{"rendered":"<h4><strong>Prowadzenie:<\/strong><\/h4>\n<p>Jan Kami\u0144ski, Instytut Architektury Krajobrazu KUL, przewodnicz\u0105cy\u00a0Rady Kultury Przestrzeni w Lublinie<\/p>\n<p>Marcin Skrzypek, O\u015brodek &#8222;Brama Grodzka &#8211; Teatr NN&#8221;, koordynator Forum\u00a0Kultury Przestrzeni w Lublinie<\/p>\n<h4><strong>Termin: <\/strong><\/h4>\n<p>2. dzie\u0144 Forum (6 czerwca, wtorek), godz. 9.30-10.30<\/p>\n<h4><strong>Miejsce:<\/strong><\/h4>\n<p>pi\u0119tro -1, strefa C<\/p>\n<h4><strong>Formu\u0142a:\u00a0<\/strong><\/h4>\n<p>spotkanie\u00a0\u015bniadaniowe<\/p>\n<h4><strong>Opis:<\/strong><\/h4>\n<p>B\u0119dzie to prezentacja o animacji i dzia\u0142aniach &#8222;spo\u0142ecznej chmury&#8221;\u00a0Forum i Rady Kultury Przestrzeni w Lublinie. Rada jest cia\u0142em doradczym\u00a0prezydenta. Forum jest grup\u0105\u00a0nieformaln\u0105 licz\u0105ca ok. 170 uczestnik\u00f3w. Powsta\u0142o na pro\u015bb\u0119 urbanisty Romualda Dylewskiego w\u00a02005 roku i jest koordynowane przez O\u015brodek &#8222;Brama Grodzka &#8211; Teatr NN&#8221;.<\/p>\n<p>Kultura przestrzeni to sformu\u0142owanie pozwalaj\u0105ce na zintegrowanie\u00a0os\u00f3b zajmuj\u0105cych si\u0119 zawodowo i amatorsko jako\u015bci\u0105 \u015brodowiska\u00a0\u017cycia w mie\u015bcie,\u00a0szczeg\u00f3lnie r\u00f3\u017cnorodnymi tematami\u00a0zwi\u0105zanymi z zagospodarowaniem przestrzennym, jako\u015bci\u0105 przestrzeni\u00a0publicznej, krajobrazem, zr\u00f3wnowa\u017conym transportem itd. Opowiemy o naszych dzia\u0142aniach i o tym, jakie\u00a0mamy osi\u0105gni\u0119cia i pora\u017cki. Wspomnimy o najwa\u017cniejszych inicjatywach, takich jak: Porozumienie Rowerowe, Rok Jana Gehla, Pieszy Lublin, Parki\u00a0Lublin, Miasto dla ludzi.<\/p>\n","protected":false},"excerpt":{"rendered":"<p>Prowadzenie: Jan Kami\u0144ski, Instytut Architektury Krajobrazu KUL, przewodnicz\u0105cy\u00a0Rady Kultury Przestrzeni w Lublinie Marcin Skrzypek, O\u015brodek &#8222;Brama Grodzka &#8211; Teatr NN&#8221;, koordynator Forum\u00a0Kultury Przestrzeni w Lublinie Termin: 2. dzie\u0144 Forum (6 czerwca, wtorek), godz. 9.30-10.30 Miejsce: pi\u0119tro -1, strefa C Formu\u0142a:\u00a0 spotkanie\u00a0\u015bniadaniowe Opis: B\u0119dzie to prezentacja o animacji i dzia\u0142aniach &#8222;spo\u0142ecznej chmury&#8221;\u00a0Forum i Rady Kultury Przestrzeni [&hellip;]<\/p>\n","protected":false},"author":141,"featured_media":0,"parent":0,"menu_order":0,"comment_status":"open","ping_status":"open","template":"template-forum_praktykow.php","meta":[],"_links":{"self":[{"href":"https:\/\/partycypacjaobywatelska.pl\/forum-2017\/wp-json\/wp\/v2\/pages\/425"}],"collection":[{"href":"https:\/\/partycypacjaobywatelska.pl\/forum-2017\/wp-json\/wp\/v2\/pages"}],"about":[{"href":"https:\/\/partycypacjaobywatelska.pl\/forum-2017\/wp-json\/wp\/v2\/types\/page"}],"author":[{"embeddable":true,"href":"https:\/\/partycypacjaobywatelska.pl\/forum-2017\/wp-json\/wp\/v2\/users\/141"}],"replies":[{"embeddable":true,"href":"https:\/\/partycypacjaobywatelska.pl\/forum-2017\/wp-json\/wp\/v2\/comments?post=425"}],"version-history":[{"count":11,"href":"https:\/\/partycypacjaobywatelska.pl\/forum-2017\/wp-json\/wp\/v2\/pages\/425\/revisions"}],"predecessor-version":[{"id":1589,"href":"https:\/\/partycypacjaobywatelska.pl\/forum-2017\/wp-json\/wp\/v2\/pages\/425\/revisions\/1589"}],"wp:attachment":[{"href":"https:\/\/partycypacjaobywatelska.pl\/forum-2017\/wp-json\/wp\/v2\/media?parent=425"}],"curies":[{"name":"wp","href":"https:\/\/api.w.org\/{rel}","templated":true}]}}