{"id":228,"date":"2017-04-27T10:42:32","date_gmt":"2017-04-27T08:42:32","guid":{"rendered":"http:\/\/partycypacjaobywatelska.pl\/forum-2017\/?page_id=228"},"modified":"2017-08-01T15:47:20","modified_gmt":"2017-08-01T13:47:20","slug":"zasady-uczestnictwa","status":"publish","type":"page","link":"https:\/\/partycypacjaobywatelska.pl\/forum-2017\/zasady-uczestnictwa\/","title":{"rendered":"Zasady uczestnictwa"},"content":{"rendered":"<h3>REJESTRACJA<\/h3>\n<p>Formularz zg\u0142oszeniowy by\u0142 dost\u0119pny\u00a0do 12 maja.<\/p>\n<p>Zach\u0119camy, by opr\u00f3cz podstawowych danych przes\u0142ali Pa\u0144stwo swoje zdj\u0119cia &#8211; pos\u0142u\u017c\u0105 do stworzenia Pa\u0144stwa wizyt\u00f3wek. Dzi\u0119ki nim \u0142atwiej nam b\u0119dzie si\u0119 podczas wydarzenia pozna\u0107.<\/p>\n<p>&nbsp;<\/p>\n<h3>P\u0141ATNO\u015aCI<\/h3>\n<p><strong>Kwestia odp\u0142atno\u015bci za udzia\u0142 w wydarzeniu<\/strong><\/p>\n<p><span style=\"text-decoration: underline;\">Dlaczego je wprowadzamy?<\/span><\/p>\n<p>Do tej pory udzia\u0142 w Forach Praktyk\u00f3w Partycypacji by\u0142 bezp\u0142atny. Tym razem, tak jak ju\u017c uprzedzali\u015bmy, chcemy i musimy to zmieni\u0107. Powody s\u0105 dwojakiego rodzaju. Po pierwsze, inaczej ni\u017c w latach ubieg\u0142ych nie mamy zapewnionego finansowania na pokrycie wszystkich koszt\u00f3w organizacji wydarzenia. Po drugie (i nie mniej wa\u017cne), uznali\u015bmy, \u017ce warto, by w pokryciu przynajmniej cz\u0119\u015bci koszt\u00f3w tego rodzaju wydarzenia uczestniczyli tak\u017ce sami uczestnicy lub instytucje, z kt\u00f3rymi s\u0105 zwi\u0105zani. To wa\u017cny i widoczny sygna\u0142 tego, \u017ce jest to nasze wsp\u00f3lne \u015brodowiskowe wydarzenie.<\/p>\n<p>Po zasi\u0119gni\u0119ciu opinii uczestnik\u00f3w zesz\u0142orocznego Forum ustalili\u015bmy, \u017ce op\u0142ata za udzia\u0142 w tegorocznym wydarzeniu b\u0119dzie wynosi\u0142a <strong>100 z\u0142 brutto od osoby<\/strong>.<\/p>\n<p>Oczywi\u015bcie <strong>nie chcemy, by ta op\u0142ata stanowi\u0142a barier\u0119 w udziale w wydarzeniu<\/strong>. Dlatego, w uzasadnionych przypadkach istnieje mo\u017cliwo\u015b\u0107 niewnoszenia tej op\u0142aty i uczestnictwa w Forum, o czym piszemy ni\u017cej.<\/p>\n<p>Podobnie op\u0142aty tej nie musz\u0105 wnosi\u0107 <strong>osoby, kt\u00f3re prowadz\u0105 poszczeg\u00f3lne sesje<\/strong> (traktujemy to jako ich wk\u0142ad w wydarzenie), oraz <strong>organizacje z Lublina<\/strong>, poniewa\u017c to samorz\u0105d tego miasta op\u0142aca gros koszt\u00f3w zwi\u0105zanych z organizacj\u0105 wydarzenia.<\/p>\n<p><span style=\"text-decoration: underline;\">Jak technicznie b\u0119dzie wygl\u0105da\u0142a kwestia potwierdze\u0144 i p\u0142atno\u015bci?<\/span><\/p>\n<p>Na etapie wype\u0142niania formularza zg\u0142oszeniowego nie trzeba dokonywa\u0107 wp\u0142aty. Ze wzgl\u0119d\u00f3w organizacyjnych prosimy jednak o udzielenie podstawowych informacji dotycz\u0105cych formy p\u0142atno\u015bci i ewentualnych potrzeb zwi\u0105zanych ze wsparciem finansowym.<\/p>\n<p><strong>Wype\u0142nienie formularza zg\u0142oszeniowego nie jest jednoznaczne z potwierdzeniem udzia\u0142u w wydarzeniu.<\/strong> Co roku staramy si\u0119 zapewni\u0107 mo\u017cliwo\u015b\u0107 udzia\u0142u i wymiany do\u015bwiadcze\u0144 praktykom partycypacji, jednak zg\u0142osze\u0144 jest zazwyczaj wi\u0119cej ni\u017c miejsc i przy naszych ograniczeniach logistycznych (sale, liczba sesji itd.) oznacza to, \u017ce nie mo\u017cemy zagwarantowa\u0107 wszystkim ch\u0119tnym mo\u017cliwo\u015bci udzia\u0142u.<\/p>\n<p>Po zako\u0144czeniu rejestracji <strong>(12 maja)<\/strong> do wszystkich os\u00f3b, kt\u00f3re przes\u0142a\u0142y swoje zg\u0142oszenia, wy\u015blemy mail z informacj\u0105 zwrotn\u0105 dotycz\u0105c\u0105 uczestnictwa w Forum. W przypadku potwierdzenia udzia\u0142u do\u0142\u0105czymy faktur\u0119 pro forma oraz pro\u015bb\u0119 o dokonanie wp\u0142aty 100 z\u0142.<\/p>\n<p>B\u0119dziemy prosili o wniesienie op\u0142aty przed wydarzeniem <strong>(do 19 maja)<\/strong> na podstawie wystawionej przez nas pro formy od os\u00f3b fizycznych i przedstawicieli organizacji pozarz\u0105dowych\/instytucji\/firm. Osoby z instytucji publicznych (ze wzgl\u0119d\u00f3w proceduralnych tych instytucji) mog\u0105 wybra\u0107 form\u0119 p\u0142atno\u015bci przed wydarzeniem lub po wydarzeniu.<\/p>\n<p>&nbsp;<\/p>\n<h3>KOSZTY PODR\u00d3\u017bY I NOCLEG<\/h3>\n<p>Co do zasady, z opisanych powy\u017cej powod\u00f3w koszty podr\u00f3\u017cy op\u0142acane s\u0105 w tym roku przez uczestnik\u00f3w. Podobnie z noclegiem &#8211; nie pokrywamy w tym roku koszt\u00f3w noclegu. Jednak &#8211; aby u\u0142atwi\u0107 Pa\u0144stwu udzia\u0142 w Forum, rezerwujemy pul\u0119 miejsc w hotelu (szczeg\u00f3\u0142y wkr\u00f3tce). Na podane przez nas has\u0142o b\u0119d\u0105 mogli Pa\u0144stwo zarezerwowa\u0107 tam nocleg po rabatowej stawce.<\/p>\n<p>&nbsp;<\/p>\n<h3>MO\u017bLIWO\u015a\u0106 UZYSKANIA WSPARCIA ZWI\u0104ZANEGO Z UDZIA\u0141EM, PODR\u00d3\u017b\u0104 I NOCLEGIEM<\/h3>\n<p>Zdajemy sobie spraw\u0119 z tego, \u017ce odp\u0142atne uczestnictwo w Forum oraz konieczno\u015b\u0107 ponoszenia koszt\u00f3w udzia\u0142u, podr\u00f3\u017cy i noclegu mo\u017ce stanowi\u0107 dla cz\u0119\u015bci z Pa\u0144stwa realn\u0105 barier\u0119 i uniemo\u017cliwi\u0107 wzi\u0119cie udzia\u0142u w wydarzeniu.<\/p>\n<p><strong>Dysponujemy pewn\u0105 (ograniczon\u0105) pul\u0105 \u015brodk\u00f3w przeznaczonych na pokrycie koszt\u00f3w noclegu i\/lub podr\u00f3\u017cy uczestnik\u00f3w spoza Lublina <\/strong>&#8211; tak\u0105 potrzeb\u0119 prosz\u0119 zg\u0142osi\u0107 w formularzu zg\u0142oszeniowym. Dodatkowo, tak jak wspominali\u015bmy wy\u017cej, istnieje mo\u017cliwo\u015b\u0107 zwolnienia z op\u0142aty za udzia\u0142 w Forum &#8211; przewidujemy je dla os\u00f3b, dla kt\u00f3rych stanowi ona realn\u0105 barier\u0119, ale tak\u017ce osobom prowadz\u0105cym sesje w trakcie Forum oraz przedstawicielom organizacji pozarz\u0105dowych z siedzib\u0105 w Lublinie.<\/p>\n","protected":false},"excerpt":{"rendered":"<p>REJESTRACJA Formularz zg\u0142oszeniowy by\u0142 dost\u0119pny\u00a0do 12 maja. Zach\u0119camy, by opr\u00f3cz podstawowych danych przes\u0142ali Pa\u0144stwo swoje zdj\u0119cia &#8211; pos\u0142u\u017c\u0105 do stworzenia Pa\u0144stwa wizyt\u00f3wek. Dzi\u0119ki nim \u0142atwiej nam b\u0119dzie si\u0119 podczas wydarzenia pozna\u0107. &nbsp; P\u0141ATNO\u015aCI Kwestia odp\u0142atno\u015bci za udzia\u0142 w wydarzeniu Dlaczego je wprowadzamy? Do tej pory udzia\u0142 w Forach Praktyk\u00f3w Partycypacji by\u0142 bezp\u0142atny. Tym razem, tak [&hellip;]<\/p>\n","protected":false},"author":1,"featured_media":0,"parent":0,"menu_order":0,"comment_status":"open","ping_status":"open","template":"template-forum_praktykow.php","meta":[],"_links":{"self":[{"href":"https:\/\/partycypacjaobywatelska.pl\/forum-2017\/wp-json\/wp\/v2\/pages\/228"}],"collection":[{"href":"https:\/\/partycypacjaobywatelska.pl\/forum-2017\/wp-json\/wp\/v2\/pages"}],"about":[{"href":"https:\/\/partycypacjaobywatelska.pl\/forum-2017\/wp-json\/wp\/v2\/types\/page"}],"author":[{"embeddable":true,"href":"https:\/\/partycypacjaobywatelska.pl\/forum-2017\/wp-json\/wp\/v2\/users\/1"}],"replies":[{"embeddable":true,"href":"https:\/\/partycypacjaobywatelska.pl\/forum-2017\/wp-json\/wp\/v2\/comments?post=228"}],"version-history":[{"count":29,"href":"https:\/\/partycypacjaobywatelska.pl\/forum-2017\/wp-json\/wp\/v2\/pages\/228\/revisions"}],"predecessor-version":[{"id":1824,"href":"https:\/\/partycypacjaobywatelska.pl\/forum-2017\/wp-json\/wp\/v2\/pages\/228\/revisions\/1824"}],"wp:attachment":[{"href":"https:\/\/partycypacjaobywatelska.pl\/forum-2017\/wp-json\/wp\/v2\/media?parent=228"}],"curies":[{"name":"wp","href":"https:\/\/api.w.org\/{rel}","templated":true}]}}

<h3>REJESTRACJA</h3>
<p>Formularz zgłoszeniowy był dostępny do 12 maja.</p>
<p>Zachęcamy, by oprócz podstawowych danych przesłali Państwo swoje zdjęcia &#8211; posłużą do stworzenia Państwa wizytówek. Dzięki nim łatwiej nam będzie się podczas wydarzenia poznać.</p>
<p>&nbsp;</p>
<h3>PŁATNOŚCI</h3>
<p><strong>Kwestia odpłatności za udział w wydarzeniu</strong></p>
<p><span style="text-decoration: underline;">Dlaczego je wprowadzamy?</span></p>
<p>Do tej pory udział w Forach Praktyków Partycypacji był bezpłatny. Tym razem, tak jak już uprzedzaliśmy, chcemy i musimy to zmienić. Powody są dwojakiego rodzaju. Po pierwsze, inaczej niż w latach ubiegłych nie mamy zapewnionego finansowania na pokrycie wszystkich kosztów organizacji wydarzenia. Po drugie (i nie mniej ważne), uznaliśmy, że warto, by w pokryciu przynajmniej części kosztów tego rodzaju wydarzenia uczestniczyli także sami uczestnicy lub instytucje, z którymi są związani. To ważny i widoczny sygnał tego, że jest to nasze wspólne środowiskowe wydarzenie.</p>
<p>Po zasięgnięciu opinii uczestników zeszłorocznego Forum ustaliliśmy, że opłata za udział w tegorocznym wydarzeniu będzie wynosiła <strong>100 zł brutto od osoby</strong>.</p>
<p>Oczywiście <strong>nie chcemy, by ta opłata stanowiła barierę w udziale w wydarzeniu</strong>. Dlatego, w uzasadnionych przypadkach istnieje możliwość niewnoszenia tej opłaty i uczestnictwa w Forum, o czym piszemy niżej.</p>
<p>Podobnie opłaty tej nie muszą wnosić <strong>osoby, które prowadzą poszczególne sesje</strong> (traktujemy to jako ich wkład w wydarzenie), oraz <strong>organizacje z Lublina</strong>, ponieważ to samorząd tego miasta opłaca gros kosztów związanych z organizacją wydarzenia.</p>
<p><span style="text-decoration: underline;">Jak technicznie będzie wyglądała kwestia potwierdzeń i płatności?</span></p>
<p>Na etapie wypełniania formularza zgłoszeniowego nie trzeba dokonywać wpłaty. Ze względów organizacyjnych prosimy jednak o udzielenie podstawowych informacji dotyczących formy płatności i ewentualnych potrzeb związanych ze wsparciem finansowym.</p>
<p><strong>Wypełnienie formularza zgłoszeniowego nie jest jednoznaczne z potwierdzeniem udziału w wydarzeniu.</strong> Co roku staramy się zapewnić możliwość udziału i wymiany doświadczeń praktykom partycypacji, jednak zgłoszeń jest zazwyczaj więcej niż miejsc i przy naszych ograniczeniach logistycznych (sale, liczba sesji itd.) oznacza to, że nie możemy zagwarantować wszystkim chętnym możliwości udziału.</p>
<p>Po zakończeniu rejestracji <strong>(12 maja)</strong> do wszystkich osób, które przesłały swoje zgłoszenia, wyślemy mail z informacją zwrotną dotyczącą uczestnictwa w Forum. W przypadku potwierdzenia udziału dołączymy fakturę pro forma oraz prośbę o dokonanie wpłaty 100 zł.</p>
<p>Będziemy prosili o wniesienie opłaty przed wydarzeniem <strong>(do 19 maja)</strong> na podstawie wystawionej przez nas pro formy od osób fizycznych i przedstawicieli organizacji pozarządowych/instytucji/firm. Osoby z instytucji publicznych (ze względów proceduralnych tych instytucji) mogą wybrać formę płatności przed wydarzeniem lub po wydarzeniu.</p>
<p>&nbsp;</p>
<h3>KOSZTY PODRÓŻY I NOCLEG</h3>
<p>Co do zasady, z opisanych powyżej powodów koszty podróży opłacane są w tym roku przez uczestników. Podobnie z noclegiem &#8211; nie pokrywamy w tym roku kosztów noclegu. Jednak &#8211; aby ułatwić Państwu udział w Forum, rezerwujemy pulę miejsc w hotelu (szczegóły wkrótce). Na podane przez nas hasło będą mogli Państwo zarezerwować tam nocleg po rabatowej stawce.</p>
<p>&nbsp;</p>
<h3>MOŻLIWOŚĆ UZYSKANIA WSPARCIA ZWIĄZANEGO Z UDZIAŁEM, PODRÓŻĄ I NOCLEGIEM</h3>
<p>Zdajemy sobie sprawę z tego, że odpłatne uczestnictwo w Forum oraz konieczność ponoszenia kosztów udziału, podróży i noclegu może stanowić dla części z Państwa realną barierę i uniemożliwić wzięcie udziału w wydarzeniu.</p>
<p><strong>Dysponujemy pewną (ograniczoną) pulą środków przeznaczonych na pokrycie kosztów noclegu i/lub podróży uczestników spoza Lublina </strong>&#8211; taką potrzebę proszę zgłosić w formularzu zgłoszeniowym. Dodatkowo, tak jak wspominaliśmy wyżej, istnieje możliwość zwolnienia z opłaty za udział w Forum &#8211; przewidujemy je dla osób, dla których stanowi ona realną barierę, ale także osobom prowadzącym sesje w trakcie Forum oraz przedstawicielom organizacji pozarządowych z siedzibą w Lublinie.</p>

<p>REJESTRACJA Formularz zgłoszeniowy był dostępny do 12 maja. Zachęcamy, by oprócz podstawowych danych przesłali Państwo swoje zdjęcia &#8211; posłużą do stworzenia Państwa wizytówek. Dzięki nim łatwiej nam będzie się podczas wydarzenia poznać. &nbsp; PŁATNOŚCI Kwestia odpłatności za udział w wydarzeniu Dlaczego je wprowadzamy? Do tej pory udział w Forach Praktyków Partycypacji był bezpłatny. Tym razem, tak [&hellip;]</p>
