{"id":1814,"date":"2017-08-01T14:59:58","date_gmt":"2017-08-01T12:59:58","guid":{"rendered":"http:\/\/partycypacjaobywatelska.pl\/forum-2017\/?page_id=1814"},"modified":"2017-08-01T14:59:58","modified_gmt":"2017-08-01T12:59:58","slug":"nagrania","status":"publish","type":"page","link":"https:\/\/partycypacjaobywatelska.pl\/forum-2017\/nagrania\/","title":{"rendered":"Nagrania"},"content":{"rendered":"<h3 style=\"text-align: center;\">Nagranie podsumowuj\u0105ce 4. Forum Praktyk\u00f3w Partycypacji:<\/h3>\n<p><iframe loading=\"lazy\" src=\"https:\/\/www.youtube.com\/embed\/aTvKx2pWeWw?list=PLIRscHP6H2z1-Rq6h6zIXglO0I-B1LVXv\" width=\"560\" height=\"315\" frameborder=\"0\" allowfullscreen=\"allowfullscreen\"><\/iframe><\/p>\n<p><em>Realizacja: Profesjonalna.TV<\/em><\/p>\n<h3 style=\"text-align: center;\">Nagrania poszczeg\u00f3lnych sesji (relacjonowanych on-line podczas Forum)<\/h3>\n<h5><strong>\u00a0<\/strong><\/h5>\n<h4><strong>1 DZIE\u0143:<\/strong><\/h4>\n<h4><strong>Wyst\u0105pienie wprowadzaj\u0105ce Kuby Wygna\u0144skiego, Pracownia Bada\u0144 i Innowacji Spo\u0142ecznych &#8222;Stocznia&#8221;<\/strong><br \/>\n<iframe loading=\"lazy\" src=\"https:\/\/www.youtube.com\/embed\/tS0A2u1AHjE?list=PLIRscHP6H2z1-Rq6h6zIXglO0I-B1LVXv\" width=\"560\" height=\"315\" frameborder=\"0\" allowfullscreen=\"allowfullscreen\"><\/iframe><br \/>\n<strong>Kalejdoskop: przestrze\u0144 publiczna,\u00a0prowadz\u0105cy: \u0141ukasz Prykowski (Urz\u0105d Miasta \u0141odzi)<\/strong><br \/>\n<iframe loading=\"lazy\" src=\"https:\/\/www.youtube.com\/embed\/E5xI84BH-e8?list=PLIRscHP6H2z1-Rq6h6zIXglO0I-B1LVXv\" width=\"560\" height=\"315\" frameborder=\"0\" allowfullscreen=\"allowfullscreen\"><\/iframe><br \/>\n<strong>Komitet Rewitalizacyjny \u2013 sk\u0142adnik przepisu na udan\u0105 rewitalizacj\u0119, prowadz\u0105cy:\u00a0Pawe\u0142 Ko\u0142acz (Pracownia Zr\u00f3wnowa\u017conego Rozwoju)<\/strong><br \/>\n<iframe loading=\"lazy\" src=\"https:\/\/www.youtube.com\/embed\/HQV95GI5nfE?list=PLIRscHP6H2z1-Rq6h6zIXglO0I-B1LVXv\" width=\"560\" height=\"315\" frameborder=\"0\" allowfullscreen=\"allowfullscreen\"><\/iframe><br \/>\n<strong>Ogr\u00f3d w skali miasta. Jak urz\u0105d miasta mo\u017ce wspiera\u0107 ogrodnictwo miejskie? Prowadzenie: Izabela Kaszy\u0144ska,\u00a0Pracownia D\u00f3br Wsp\u00f3lnych<\/strong><br \/>\n<iframe loading=\"lazy\" src=\"https:\/\/www.youtube.com\/embed\/oXREBoNpXnQ?list=PLIRscHP6H2z1-Rq6h6zIXglO0I-B1LVXv\" width=\"560\" height=\"315\" frameborder=\"0\" allowfullscreen=\"allowfullscreen\"><\/iframe><\/h4>\n<h5><strong>\u00a0<\/strong><\/h5>\n<h4><strong>2 DZIE\u0143:<\/strong><\/h4>\n<h4><strong>Sesja \u015bniadaniowa: \u201e\u017bywa Ulica\u201d \u2013 prototypowanie urbanistyczne,\u00a0prowadzenie: Magdalena Jochemczyk (Fundacja Napraw Sobie Miasto)<\/strong><br \/>\n<iframe loading=\"lazy\" src=\"https:\/\/www.youtube.com\/embed\/73A90Iz9X-4?list=PLIRscHP6H2z1-Rq6h6zIXglO0I-B1LVXv\" width=\"560\" height=\"315\" frameborder=\"0\" allowfullscreen=\"allowfullscreen\"><\/iframe><\/h4>\n<h4><strong>Przyn\u0119ta \u2013 jak zach\u0119ci\u0107 ludzi do udzia\u0142u w konsultacjach spo\u0142ecznych?\u00a0Prowadz\u0105cy: Adam Kadenaci (Towarzystwo Inicjatyw Tw\u00f3rczych &#8222;\u0119&#8221;)<\/strong><br \/>\n<iframe loading=\"lazy\" src=\"https:\/\/www.youtube.com\/embed\/NUK6VC0siII?list=PLIRscHP6H2z1-Rq6h6zIXglO0I-B1LVXv\" width=\"560\" height=\"315\" frameborder=\"0\" allowfullscreen=\"allowfullscreen\"><\/iframe><\/h4>\n<h4><strong>Miejsca aktywno\u015bci lokalnej \u2013 przysz\u0142o\u015b\u0107 s\u0105siedzkiej partycypacji, prowadz\u0105cy: Zuzanna W\u0142odarczyk-Wojtowicz i Aleksandar \u0106irli\u0107, Centrum Komunikacji Spo\u0142ecznej Urz\u0119du\u00a0m.st. Warszawy<\/strong><br \/>\n<iframe loading=\"lazy\" src=\"https:\/\/www.youtube.com\/embed\/dUBQqorrhd4?list=PLIRscHP6H2z1-Rq6h6zIXglO0I-B1LVXv\" width=\"560\" height=\"315\" frameborder=\"0\" allowfullscreen=\"allowfullscreen\"><\/iframe><br \/>\n<strong>\u00a0<\/strong><\/h4>\n<h3 style=\"text-align: center;\">Wywiady z uczestnikami<\/h3>\n<p>Jak zniech\u0119ci\u0107 obywateli do partycypacji\u00a0a jak uwolni\u0107 ich energi\u0119? Jak zach\u0119ci\u0107 samorz\u0105dowc\u00f3w do wsp\u00f3\u0142pracy? Na te pytania, zadane przez Wojtka Dorosza odpowiadali\u00a0uczestnicy 4. Forum Praktyk\u00f3w Partycypacji:<\/p>\n<h4>Jak zniech\u0119ci\u0107 obywateli do partycypacji?<br \/>\n<iframe loading=\"lazy\" src=\"https:\/\/www.youtube.com\/embed\/mEBKWCjm3Fs\" width=\"560\" height=\"315\" frameborder=\"0\" allowfullscreen=\"allowfullscreen\"><\/iframe><\/h4>\n<h4><\/h4>\n<h4>Jak uwolni\u0107 energi\u0119 obywateli?<br \/>\n<iframe loading=\"lazy\" src=\"https:\/\/www.youtube.com\/embed\/GktO35ta4oM\" width=\"560\" height=\"315\" frameborder=\"0\" allowfullscreen=\"allowfullscreen\"><\/iframe><\/h4>\n<h4><\/h4>\n<h4>Jak zach\u0119ci\u0107 samorz\u0105dowc\u00f3w do wsp\u00f3\u0142pracy?<\/h4>\n<p><iframe loading=\"lazy\" src=\"https:\/\/www.youtube.com\/embed\/ADkrpQpLOsQ\" width=\"560\" height=\"315\" frameborder=\"0\" allowfullscreen=\"allowfullscreen\"><\/iframe><\/p>\n","protected":false},"excerpt":{"rendered":"<p>Nagranie podsumowuj\u0105ce 4. Forum Praktyk\u00f3w Partycypacji: Realizacja: Profesjonalna.TV Nagrania poszczeg\u00f3lnych sesji (relacjonowanych on-line podczas Forum) \u00a0 1 DZIE\u0143: Wyst\u0105pienie wprowadzaj\u0105ce Kuby Wygna\u0144skiego, Pracownia Bada\u0144 i Innowacji Spo\u0142ecznych &#8222;Stocznia&#8221; Kalejdoskop: przestrze\u0144 publiczna,\u00a0prowadz\u0105cy: \u0141ukasz Prykowski (Urz\u0105d Miasta \u0141odzi) Komitet Rewitalizacyjny \u2013 sk\u0142adnik przepisu na udan\u0105 rewitalizacj\u0119, prowadz\u0105cy:\u00a0Pawe\u0142 Ko\u0142acz (Pracownia Zr\u00f3wnowa\u017conego Rozwoju) Ogr\u00f3d w skali miasta. Jak urz\u0105d [&hellip;]<\/p>\n","protected":false},"author":1,"featured_media":0,"parent":0,"menu_order":0,"comment_status":"open","ping_status":"open","template":"template-forum_praktykow.php","meta":[],"_links":{"self":[{"href":"https:\/\/partycypacjaobywatelska.pl\/forum-2017\/wp-json\/wp\/v2\/pages\/1814"}],"collection":[{"href":"https:\/\/partycypacjaobywatelska.pl\/forum-2017\/wp-json\/wp\/v2\/pages"}],"about":[{"href":"https:\/\/partycypacjaobywatelska.pl\/forum-2017\/wp-json\/wp\/v2\/types\/page"}],"author":[{"embeddable":true,"href":"https:\/\/partycypacjaobywatelska.pl\/forum-2017\/wp-json\/wp\/v2\/users\/1"}],"replies":[{"embeddable":true,"href":"https:\/\/partycypacjaobywatelska.pl\/forum-2017\/wp-json\/wp\/v2\/comments?post=1814"}],"version-history":[{"count":6,"href":"https:\/\/partycypacjaobywatelska.pl\/forum-2017\/wp-json\/wp\/v2\/pages\/1814\/revisions"}],"predecessor-version":[{"id":1822,"href":"https:\/\/partycypacjaobywatelska.pl\/forum-2017\/wp-json\/wp\/v2\/pages\/1814\/revisions\/1822"}],"wp:attachment":[{"href":"https:\/\/partycypacjaobywatelska.pl\/forum-2017\/wp-json\/wp\/v2\/media?parent=1814"}],"curies":[{"name":"wp","href":"https:\/\/api.w.org\/{rel}","templated":true}]}}