{"id":157,"date":"2017-04-27T10:30:22","date_gmt":"2017-04-27T08:30:22","guid":{"rendered":"http:\/\/partycypacjaobywatelska.pl\/forum-2017\/?page_id=157"},"modified":"2017-05-26T11:23:28","modified_gmt":"2017-05-26T09:23:28","slug":"organizatorzy","status":"publish","type":"page","link":"https:\/\/partycypacjaobywatelska.pl\/forum-2017\/organizatorzy\/","title":{"rendered":"Organizatorzy"},"content":{"rendered":"<p><strong>Organizatorzy:<\/strong>\u00a0Laboratorium Partycypacji Obywatelskiej prowadzone przez Pracowni\u0119 Bada\u0144 i Innowacji Spo\u0142ecznych \u201eStocznia\u201d oraz Urz\u0105d Miasta Lublin.<\/p>\n<p><img loading=\"lazy\" class=\"alignnone wp-image-166\" src=\"http:\/\/partycypacjaobywatelska.pl\/forum-2017\/wp-content\/uploads\/sites\/8\/2017\/04\/stoczniaetapy-300x94.jpg\" alt=\"stocznia etapy\" width=\"321\" height=\"100\" srcset=\"https:\/\/partycypacjaobywatelska.pl\/forum-2017\/wp-content\/uploads\/sites\/8\/2017\/04\/stoczniaetapy-300x94.jpg 300w, https:\/\/partycypacjaobywatelska.pl\/forum-2017\/wp-content\/uploads\/sites\/8\/2017\/04\/stoczniaetapy-1024x319.jpg 1024w\" sizes=\"(max-width: 321px) 100vw, 321px\" \/> <img loading=\"lazy\" class=\"alignnone wp-image-167\" src=\"http:\/\/partycypacjaobywatelska.pl\/forum-2017\/wp-content\/uploads\/sites\/8\/2017\/04\/PL_LOGO_LMI_R_bia\u0142e-tlo-RGB-300x150.jpg\" alt=\"PL_LOGO_LMI_R_bia\u0142e tlo RGB\" width=\"200\" height=\"100\" srcset=\"https:\/\/partycypacjaobywatelska.pl\/forum-2017\/wp-content\/uploads\/sites\/8\/2017\/04\/PL_LOGO_LMI_R_bia\u0142e-tlo-RGB-300x150.jpg 300w, https:\/\/partycypacjaobywatelska.pl\/forum-2017\/wp-content\/uploads\/sites\/8\/2017\/04\/PL_LOGO_LMI_R_bia\u0142e-tlo-RGB.jpg 781w\" sizes=\"(max-width: 200px) 100vw, 200px\" \/><\/p>\n<p><strong>Partnerzy Forum:<\/strong>\u00a0Zwi\u0105zek Miast Polskich, Fundacja Napraw Sobie Miasto, Fundacja Pole Dialogu, Fundacja SocLab,\u00a0Fundacja Stabilo, Fundacja im. Stefana Batorego, Laboratorium Innowacji Spo\u0142ecznych w Gdyni, Pracownia Zr\u00f3wnowa\u017conego Rozwoju, Stowarzyszenie Odblokuj, Stowarzyszenie Pracownia Obywatelska, Engage Warsaw, Urz\u0105d Miasta \u0141odzi, Urz\u0105d m.st. Warszawy, Urz\u0105d Miejski w D\u0105browie G\u00f3rniczej, Towarzystwo Inicjatyw Tw\u00f3rczych \u201e\u0119\u201d, Forum Kultury Przestrzeni w Lublinie, Centrum Spotkania Kultur i Fundacja Tu Obok.<\/p>\n<p><img loading=\"lazy\" class=\"alignnone wp-image-385\" src=\"http:\/\/partycypacjaobywatelska.pl\/forum-2017\/wp-content\/uploads\/sites\/8\/2017\/04\/Partnerzy-4.-FPP-2-1024x576.png\" alt=\"Partnerzy 4. FPP (2)\" width=\"600\" height=\"338\" srcset=\"https:\/\/partycypacjaobywatelska.pl\/forum-2017\/wp-content\/uploads\/sites\/8\/2017\/04\/Partnerzy-4.-FPP-2-1024x576.png 1024w, https:\/\/partycypacjaobywatelska.pl\/forum-2017\/wp-content\/uploads\/sites\/8\/2017\/04\/Partnerzy-4.-FPP-2-300x169.png 300w, https:\/\/partycypacjaobywatelska.pl\/forum-2017\/wp-content\/uploads\/sites\/8\/2017\/04\/Partnerzy-4.-FPP-2.png 1600w\" sizes=\"(max-width: 600px) 100vw, 600px\" \/><\/p>\n<p><strong>Instytucje wspieraj\u0105ce:<\/strong>\u00a0Studio graficzne KOTBURY, Dorota Kostowska (<a href=\"http:\/\/dorotakostowska.pl\">dorotakostowska.pl<\/a>), Lubelski Rower Miejski, Nextbike.<\/p>\n<p><img loading=\"lazy\" class=\"alignnone wp-image-1538\" src=\"http:\/\/partycypacjaobywatelska.pl\/forum-2017\/wp-content\/uploads\/sites\/8\/2017\/04\/Partnerzy-4.-FPP-3-1024x512.png\" alt=\"wspieraj\u0105 nas\" width=\"600\" height=\"300\" srcset=\"https:\/\/partycypacjaobywatelska.pl\/forum-2017\/wp-content\/uploads\/sites\/8\/2017\/04\/Partnerzy-4.-FPP-3-1024x512.png 1024w, https:\/\/partycypacjaobywatelska.pl\/forum-2017\/wp-content\/uploads\/sites\/8\/2017\/04\/Partnerzy-4.-FPP-3-300x150.png 300w, https:\/\/partycypacjaobywatelska.pl\/forum-2017\/wp-content\/uploads\/sites\/8\/2017\/04\/Partnerzy-4.-FPP-3.png 1514w\" sizes=\"(max-width: 600px) 100vw, 600px\" \/><\/p>\n<p><strong>Laboratorium Part<\/strong><strong>ycypacji Obywatelskiej (LPO)<\/strong> jest projektem prowadzonym od 2010 roku w Pracowni Bada\u0144 i Innowacji Spo\u0142ecznych \u201eStocznia\u201d przy wsparciu m.in. Fundacji im. Stefana Batorego. Zesp\u00f3\u0142 LPO podejmuje dzia\u0142ania na rzecz gromadzenia oraz wymiany wiedzy i do\u015bwiadcze\u0144 zwi\u0105zanych z dzia\u0142aniami partycypacyjnymi w\u015br\u00f3d przedstawicieli administracji publicznej, organizacji pozarz\u0105dowych i wszystkich os\u00f3b zainteresowanych tematem w\u0142\u0105czania obywateli we wsp\u00f3\u0142decydowanie o sprawach publicznych. Prowadzi portal\u00a0<a href=\"http:\/\/www.partycypacjaobywatelska.pl\/\">www.partycypacjaobywatelska.pl<\/a> i organizuje otwarte seminaria po\u015bwi\u0119cone r\u00f3\u017cnym aspektom partycypacji.<\/p>\n<p>&nbsp;<\/p>\n<p><b>Pracownia Bada\u0144 i Innowacji Spo\u0142ecznych \u201eStocznia\u201d<\/b> powsta\u0142a, aby rzetelnie i krytycznie opisywa\u0107 wyzwania dotycz\u0105ce \u017cycia spo\u0142ecznego w Polsce. Opracowuje i upowszechnia innowacyjne rozwi\u0105zania, kt\u00f3re mog\u0105 pom\u00f3c sprosta\u0107 tym wyzwaniom. Szuka ich, \u0142\u0105cz\u0105c perspektyw\u0119 badaczy-akademik\u00f3w i aktywist\u00f3w spo\u0142ecznych oraz podejmuj\u0105c dzia\u0142ania koncentruj\u0105ce si\u0119 wok\u00f3\u0142 czterech\u00a0kluczowych zagadnie\u0144: bada\u0144 i ewaluacji, innowacji spo\u0142ecznych, partycypacji obywatelskiej oraz zbli\u017cania wiedzy i praktyki.<\/p>\n<p>Wi\u0119cej informacji na stronie:\u00a0<a href=\"http:\/\/www.stocznia.org.pl\/\">www.stocznia.org.pl<\/a>.<\/p>\n<p>&nbsp;<\/p>\n<p><strong>Urz\u0105d Miasta Lublin <\/strong>od lat rozwija w mie\u015bcie r\u00f3\u017cnorodne formy partycypacji obywatelskiej. W 2010 roku przyj\u0119to procedury okre\u015blaj\u0105ce konsultacje spo\u0142eczne oraz konsultacje z organizacjami pozarz\u0105dowymi. Od tego czasu podejmowane s\u0105 pr\u00f3by w\u0142\u0105czenia mieszka\u0144c\u00f3w w procesy decyzyjne w istotnych kwestiach dotycz\u0105cych rozwoju Lublina (m.in. sieci drogowej, transportu publicznego, rozwoju kultury oraz turystyki).<\/p>\n<p>W 2014 roku uruchomiono w Lublinie bud\u017cet obywatelski, kt\u00f3rego zasady oraz ich modyfikacja w 2015 roku zosta\u0142y przygotowane w wyniku dyskusji z mieszka\u0144cami i mieszkankami miasta. Lublin by\u0142 zaanga\u017cowany w realizacj\u0119 projektu \u201eKonsultacje z zasadami\u201d, d\u0105\u017c\u0105c nie tylko do ulepszenia samych konsultacji, lecz tak\u017ce do budowy \u015bwiadomo\u015bci i kompetencji w tym zakresie zar\u00f3wno w\u015br\u00f3d os\u00f3b pracuj\u0105cych w administracji samorz\u0105dowej, jak i w\u015br\u00f3d mieszka\u0144c\u00f3w i mieszkanek.<\/p>\n<p>Wi\u0119cej na stronie: <a href=\"http:\/\/lublin.eu\/mieszkancy\/partycypacja\/\">lublin.eu\/mieszkancy\/partycypacja<\/a>.<\/p>\n<p>&nbsp;<\/p>\n<p><strong>Centrum Spotkania Kultur w Lublinie\u00a0<\/strong>to nowa, najwi\u0119ksza w tym regionie Europy instytucja kultury, kt\u00f3ra\u00a0otworzy\u0142a swoje podwoje w maju 2016 roku. Nowoczesny gmach zosta\u0142 zaprojektowany jako miejsce spotka\u0144 \u2014 spotka\u0144 z tw\u00f3rczo\u015bci\u0105, z drugim cz\u0142owiekiem, z sob\u0105 samym. Ma s\u0142u\u017cy\u0107 jako przestrze\u0144 do tworzenia i uczestniczenia w szeroko rozumianej kulturze. Ze wzgl\u0119du na geopolityczne po\u0142o\u017cenie, bogat\u0105 histori\u0119 regionu, a tak\u017ce nowoczesn\u0105 infrastruktur\u0119 budynku, instytucja wyrasta na presti\u017cowe miejsce spotka\u0144 Wschodu i Zachodu, przesz\u0142o\u015bci i przysz\u0142o\u015bci.<\/p>\n<p>Obiekt Centrum Spotkania Kultur to blisko 25 tys. metr\u00f3w kwadratowych przestrzeni wyposa\u017conej w sal\u0119 operow\u0105, sale koncertowe, sal\u0119 baletow\u0105, przestrzenie wystawiennicze, kino, miejsca dedykowane kulturze fizycznej, designowi i modzie oraz relaksowi w blisko\u015bci z natur\u0105 na wielopoziomowych ogrodach na dachach.<\/p>\n<p>Wi\u0119cej informacji na stronie <a href=\"http:\/\/www.spotkaniakultur.com\/\">www.spotkaniakultur.com<\/a>.<\/p>\n","protected":false},"excerpt":{"rendered":"<p>Organizatorzy:\u00a0Laboratorium Partycypacji Obywatelskiej prowadzone przez Pracowni\u0119 Bada\u0144 i Innowacji Spo\u0142ecznych \u201eStocznia\u201d oraz Urz\u0105d Miasta Lublin. Partnerzy Forum:\u00a0Zwi\u0105zek Miast Polskich, Fundacja Napraw Sobie Miasto, Fundacja Pole Dialogu, Fundacja SocLab,\u00a0Fundacja Stabilo, Fundacja im. Stefana Batorego, Laboratorium Innowacji Spo\u0142ecznych w Gdyni, Pracownia Zr\u00f3wnowa\u017conego Rozwoju, Stowarzyszenie Odblokuj, Stowarzyszenie Pracownia Obywatelska, Engage Warsaw, Urz\u0105d Miasta \u0141odzi, Urz\u0105d m.st. Warszawy, Urz\u0105d [&hellip;]<\/p>\n","protected":false},"author":141,"featured_media":0,"parent":0,"menu_order":0,"comment_status":"open","ping_status":"open","template":"template-forum_praktykow.php","meta":[],"_links":{"self":[{"href":"https:\/\/partycypacjaobywatelska.pl\/forum-2017\/wp-json\/wp\/v2\/pages\/157"}],"collection":[{"href":"https:\/\/partycypacjaobywatelska.pl\/forum-2017\/wp-json\/wp\/v2\/pages"}],"about":[{"href":"https:\/\/partycypacjaobywatelska.pl\/forum-2017\/wp-json\/wp\/v2\/types\/page"}],"author":[{"embeddable":true,"href":"https:\/\/partycypacjaobywatelska.pl\/forum-2017\/wp-json\/wp\/v2\/users\/141"}],"replies":[{"embeddable":true,"href":"https:\/\/partycypacjaobywatelska.pl\/forum-2017\/wp-json\/wp\/v2\/comments?post=157"}],"version-history":[{"count":37,"href":"https:\/\/partycypacjaobywatelska.pl\/forum-2017\/wp-json\/wp\/v2\/pages\/157\/revisions"}],"predecessor-version":[{"id":1540,"href":"https:\/\/partycypacjaobywatelska.pl\/forum-2017\/wp-json\/wp\/v2\/pages\/157\/revisions\/1540"}],"wp:attachment":[{"href":"https:\/\/partycypacjaobywatelska.pl\/forum-2017\/wp-json\/wp\/v2\/media?parent=157"}],"curies":[{"name":"wp","href":"https:\/\/api.w.org\/{rel}","templated":true}]}}