{"id":1183,"date":"2017-05-16T17:30:21","date_gmt":"2017-05-16T15:30:21","guid":{"rendered":"http:\/\/partycypacjaobywatelska.pl\/forum-2017\/?page_id=1183"},"modified":"2017-05-26T17:17:54","modified_gmt":"2017-05-26T15:17:54","slug":"pokaz-co-robisz","status":"publish","type":"page","link":"https:\/\/partycypacjaobywatelska.pl\/forum-2017\/pokaz-co-robisz\/","title":{"rendered":"Poka\u017c, co robisz! Projektowanie graficzne jako efektywny j\u0119zyk komunikacji"},"content":{"rendered":"<h4><strong>Prowadzenie:<\/strong><\/h4>\n<p>Andrzej Budek, studio graficzne Kotbury<\/p>\n<p><strong>Termin:<\/strong><\/p>\n<p>2. dzie\u0144 Forum (6 czerwca, wtorek), godz. 12.45-14.15<\/p>\n<h4><strong>Miejsce:<\/strong><\/h4>\n<p>pi\u0119tro -1, sala G<\/p>\n<h4><strong>Formu\u0142a:\u00a0<\/strong><\/h4>\n<p>wyk\u0142ad\u00a0ilustrowany przyk\u0142adami<\/p>\n<h4><strong>Opis:<\/strong><\/h4>\n<p>Zapraszamy na spotkanie z zespo\u0142em studia Kotbury, kt\u00f3ry od 20 lat projektuje grafik\u0119 dla NGO-s\u00f3w, instytucji i firm oraz kt\u00f3ry stworzy\u0142 m.in. logotyp i materia\u0142y graficzne na Forum Praktyk\u00f3w Partycypacji.<\/p>\n<p>Na spotkaniu dowiecie si\u0119, dlaczego jasny i dobrze zaprojektowany przekaz graficzny ma kluczowe znaczenie w anga\u017cowaniu uczestnik\u00f3w spotkania, a tak\u017ce jak przedstawi\u0107 wyniki projektu w efektowny spos\u00f3b.<\/p>\n<p>Spora cz\u0119\u015b\u0107 wyk\u0142adu zostanie po\u015bwi\u0119cona wypracowanym przez studio Kotbury metodom na bardzo tanie i ekstremalnie tanie produkowanie materia\u0142\u00f3w graficznych promuj\u0105cych wydarzenia.<\/p>\n","protected":false},"excerpt":{"rendered":"<p>Prowadzenie: Andrzej Budek, studio graficzne Kotbury Termin: 2. dzie\u0144 Forum (6 czerwca, wtorek), godz. 12.45-14.15 Miejsce: pi\u0119tro -1, sala G Formu\u0142a:\u00a0 wyk\u0142ad\u00a0ilustrowany przyk\u0142adami Opis: Zapraszamy na spotkanie z zespo\u0142em studia Kotbury, kt\u00f3ry od 20 lat projektuje grafik\u0119 dla NGO-s\u00f3w, instytucji i firm oraz kt\u00f3ry stworzy\u0142 m.in. logotyp i materia\u0142y graficzne na Forum Praktyk\u00f3w Partycypacji. Na [&hellip;]<\/p>\n","protected":false},"author":141,"featured_media":0,"parent":0,"menu_order":0,"comment_status":"open","ping_status":"open","template":"template-forum_praktykow.php","meta":[],"_links":{"self":[{"href":"https:\/\/partycypacjaobywatelska.pl\/forum-2017\/wp-json\/wp\/v2\/pages\/1183"}],"collection":[{"href":"https:\/\/partycypacjaobywatelska.pl\/forum-2017\/wp-json\/wp\/v2\/pages"}],"about":[{"href":"https:\/\/partycypacjaobywatelska.pl\/forum-2017\/wp-json\/wp\/v2\/types\/page"}],"author":[{"embeddable":true,"href":"https:\/\/partycypacjaobywatelska.pl\/forum-2017\/wp-json\/wp\/v2\/users\/141"}],"replies":[{"embeddable":true,"href":"https:\/\/partycypacjaobywatelska.pl\/forum-2017\/wp-json\/wp\/v2\/comments?post=1183"}],"version-history":[{"count":10,"href":"https:\/\/partycypacjaobywatelska.pl\/forum-2017\/wp-json\/wp\/v2\/pages\/1183\/revisions"}],"predecessor-version":[{"id":1628,"href":"https:\/\/partycypacjaobywatelska.pl\/forum-2017\/wp-json\/wp\/v2\/pages\/1183\/revisions\/1628"}],"wp:attachment":[{"href":"https:\/\/partycypacjaobywatelska.pl\/forum-2017\/wp-json\/wp\/v2\/media?parent=1183"}],"curies":[{"name":"wp","href":"https:\/\/api.w.org\/{rel}","templated":true}]}}