{"id":950,"date":"2015-05-18T06:31:59","date_gmt":"2015-05-18T06:31:59","guid":{"rendered":"http:\/\/partycypacjaobywatelska.pl\/forum-2015\/?page_id=950"},"modified":"2015-06-15T10:16:34","modified_gmt":"2015-06-15T10:16:34","slug":"sztuka-miasto-i-partycypacja-mozliwe-scenariusze-wspolistnienia-oraz-ich-konsekwencje","status":"publish","type":"page","link":"https:\/\/partycypacjaobywatelska.pl\/forum-2015\/sztuka-miasto-i-partycypacja-mozliwe-scenariusze-wspolistnienia-oraz-ich-konsekwencje\/","title":{"rendered":"Sztuka, miasto i partycypacja \u2013 mo\u017cliwe scenariusze wsp\u00f3\u0142istnienia oraz ich konsekwencje"},"content":{"rendered":"<p><span style=\"color: #808080\">Prowadz\u0105ca<\/span>: Monika Wr\u00f3bel, Wydzia\u0142 Architektury Politechniki Warszawskiej oraz Fundacja Skwery Sport\u00f3w Miejskich<\/p>\n<p><span style=\"color: #808080\">Przygotowanie:<\/span><br \/>\nMonika Wr\u00f3bel<br \/>\nKaja Dziarmakowska, Pracownia Bada\u0144 i Innowacji Spo\u0142ecznych &#8222;Stocznia&#8221;<\/p>\n<p><span style=\"color: #808080\">Termin:<\/span> 2 dzie\u0144 (29 maja, pi\u0105tek), godz. 9:30-10:30<\/p>\n<p><span style=\"color: #808080\">Miejsce: <span style=\"color: #000000\">II pi\u0119tro, strefa K<\/span><\/span><\/p>\n<p><span style=\"color: #808080\">Formu\u0142a sesji:<\/span>\u00a0<span style=\"color: #ff00ff\">spotkanie \u015bniadaniowe<\/span><\/p>\n<p>&nbsp;<\/p>\n<p>Przestrze\u0144 miejska to arena \u017cywej dyskusji spo\u0142ecznej, a projekty artystyczne to jedna z metod zabierania g\u0142osu. Cz\u0119sto, jak przysta\u0142o sztuce, metoda bardzo zamaszysta, fantazyjna i \u2013 kontrowersyjna. Interwencje tw\u00f3rcze w przestrzeni miewaj\u0105 moc budowania spo\u0142eczno\u015bci, rozwi\u0105zywania lokalnych problem\u00f3w. Bywa jednak i tak, \u017ce dzia\u0142alno\u015b\u0107 artystyczna wywo\u0142uje konflikt silnie dziel\u0105cy mieszka\u0144c\u00f3w.<\/p>\n<p>Zgodnie z paradygmatem wolno\u015bci wypowiedzi tw\u00f3rczej \u2013 sztuka nie powinna podlega\u0107 konsultacjom i uzgodnieniom. Wsp\u00f3\u0142cze\u015bnie trudno jednak zgodzi\u0107 si\u0119 na to, by na kszta\u0142t i tre\u015bci komunikowane w przestrzeni publicznej nie mieli wp\u0142ywu jej u\u017cytkownicy.<\/p>\n<p>Czy partycypacja i sztuka publiczna mog\u0105 i\u015b\u0107 w parze? Podczas spotkania przedstawiono r\u00f3\u017cne postaci dzia\u0142alno\u015bci tw\u00f3rczej w publicznie dost\u0119pnej przestrzeni miejskiej i\u00a0zastanawiano si\u0119, kt\u00f3re z nich i\u00a0w\u00a0jakim stopniu mog\u0105 podlega\u0107 mechanizmom partycypacji. Prowadz\u0105ca pokaza\u0142a r\u00f3wnie\u017c skomplikowany proces lokowania dzie\u0142a w przestrzeni publicznej. Czy jest w nim miejsce na udzia\u0142 mieszka\u0144c\u00f3w miasta? Odwo\u0142a\u0142a si\u0119 do aktualnych przyk\u0142ad\u00f3w, pokazuj\u0105cych mo\u017cliwe scenariusze zaistnienia sztuki w\u00a0przestrzeni miejskiej i\u00a0konsekwencje z tym zwi\u0105zane.<\/p>\n<p><a href=\"http:\/\/partycypacjaobywatelska.pl\/forum-2015\/program\/\">Powr\u00f3t do programu Forum<\/a><\/p>\n<p>&nbsp;<\/p>\n<p><a href=\"https:\/\/www.facebook.com\/skwer\" target=\"_blank\"><img loading=\"lazy\" class=\"  wp-image-955 alignnone\" src=\"http:\/\/partycypacjaobywatelska.pl\/forum-2015\/wp-content\/uploads\/sites\/3\/2015\/05\/374803_486054051428277_107869009_n.png\" alt=\"374803_486054051428277_107869009_n\" width=\"124\" height=\"124\" srcset=\"https:\/\/partycypacjaobywatelska.pl\/forum-2015\/wp-content\/uploads\/sites\/3\/2015\/05\/374803_486054051428277_107869009_n.png 180w, https:\/\/partycypacjaobywatelska.pl\/forum-2015\/wp-content\/uploads\/sites\/3\/2015\/05\/374803_486054051428277_107869009_n-150x150.png 150w, https:\/\/partycypacjaobywatelska.pl\/forum-2015\/wp-content\/uploads\/sites\/3\/2015\/05\/374803_486054051428277_107869009_n-177x177.png 177w\" sizes=\"(max-width: 124px) 100vw, 124px\" \/><\/a><\/p>\n<p>&nbsp;<\/p>\n<p><strong><span style=\"color: #808080\">Materia\u0142y, z kt\u00f3rymi warto si\u0119 zapozna\u0107:<\/span><\/strong><\/p>\n<p><strong><a href=\"https:\/\/docs.google.com\/document\/d\/1jD-qdSJoqoYhS6_0b034uSnY56f2CNbOdb4D0RWM9ks\/edit?usp=sharing\" target=\"_blank\">Notatka z sesji<\/a> <\/strong>autorstwa Marii Radziejowskiej z Pracowni Bada\u0144 i Innowacji Spo\u0142ecznych \u201eStocznia\u201d<\/p>\n<p><strong><a href=\"http:\/\/partycypacjaobywatelska.pl\/forum-2015\/wp-content\/uploads\/sites\/3\/2015\/05\/Prezentacja.pdf\">Prezentacja<\/a><\/strong>\u00a0wykorzystana w czasie spotkania<\/p>\n","protected":false},"excerpt":{"rendered":"<p>Prowadz\u0105ca: Monika Wr\u00f3bel, Wydzia\u0142 Architektury Politechniki Warszawskiej oraz Fundacja Skwery Sport\u00f3w Miejskich Przygotowanie: Monika Wr\u00f3bel Kaja Dziarmakowska, Pracownia Bada\u0144 i Innowacji Spo\u0142ecznych &#8222;Stocznia&#8221; Termin: 2 dzie\u0144 (29 maja, pi\u0105tek), godz. 9:30-10:30 Miejsce: II pi\u0119tro, strefa K Formu\u0142a sesji:\u00a0spotkanie \u015bniadaniowe &nbsp; Przestrze\u0144 miejska to arena \u017cywej dyskusji spo\u0142ecznej, a projekty artystyczne to jedna z metod zabierania [&hellip;]<\/p>\n","protected":false},"author":1,"featured_media":0,"parent":0,"menu_order":0,"comment_status":"open","ping_status":"open","template":"template-forum_praktykow.php","meta":[],"_links":{"self":[{"href":"https:\/\/partycypacjaobywatelska.pl\/forum-2015\/wp-json\/wp\/v2\/pages\/950"}],"collection":[{"href":"https:\/\/partycypacjaobywatelska.pl\/forum-2015\/wp-json\/wp\/v2\/pages"}],"about":[{"href":"https:\/\/partycypacjaobywatelska.pl\/forum-2015\/wp-json\/wp\/v2\/types\/page"}],"author":[{"embeddable":true,"href":"https:\/\/partycypacjaobywatelska.pl\/forum-2015\/wp-json\/wp\/v2\/users\/1"}],"replies":[{"embeddable":true,"href":"https:\/\/partycypacjaobywatelska.pl\/forum-2015\/wp-json\/wp\/v2\/comments?post=950"}],"version-history":[{"count":4,"href":"https:\/\/partycypacjaobywatelska.pl\/forum-2015\/wp-json\/wp\/v2\/pages\/950\/revisions"}],"predecessor-version":[{"id":1035,"href":"https:\/\/partycypacjaobywatelska.pl\/forum-2015\/wp-json\/wp\/v2\/pages\/950\/revisions\/1035"}],"wp:attachment":[{"href":"https:\/\/partycypacjaobywatelska.pl\/forum-2015\/wp-json\/wp\/v2\/media?parent=950"}],"curies":[{"name":"wp","href":"https:\/\/api.w.org\/{rel}","templated":true}]}}