{"id":941,"date":"2015-05-17T19:45:59","date_gmt":"2015-05-17T19:45:59","guid":{"rendered":"http:\/\/partycypacjaobywatelska.pl\/forum-2015\/?page_id=941"},"modified":"2015-06-17T22:46:15","modified_gmt":"2015-06-17T22:46:15","slug":"wypalenie-zawodowe-praktykow-partycypacji-jak-sobie-z-nim-radzic","status":"publish","type":"page","link":"https:\/\/partycypacjaobywatelska.pl\/forum-2015\/wypalenie-zawodowe-praktykow-partycypacji-jak-sobie-z-nim-radzic\/","title":{"rendered":"Wypalenie zawodowe praktyk\u00f3w partycypacji \u2013 jak sobie z nim radzi\u0107?"},"content":{"rendered":"<p><span style=\"color: #808080\">Prowadz\u0105cy: <span style=\"color: #333333\">Jac Jakubowski, Grupa TROP<\/span><br \/>\n<\/span><\/p>\n<p><span style=\"color: #808080\">Termin:<\/span> 1 dzie\u0144 (28 maja, czwartek), godz. 15:45-17:45<\/p>\n<p><span style=\"color: #808080\">Miejsce:<\/span> III pi\u0119tro, strefa A<\/p>\n<p><span style=\"color: #808080\">Formu\u0142a sesji: warsztat<\/span><\/p>\n<p>&nbsp;<\/p>\n<p>Teoretycznie wiesz, po co to wszystko robisz i wci\u0105\u017c jeszcze wierzysz, \u017ce to ma sens. A jednak im wi\u0119cej proces\u00f3w partycypacyjnych za tob\u0105, tym cz\u0119\u015bciej zdarza si\u0119, \u017ce \u0142apiesz si\u0119 na poczuciu, \u017ce jakby mniej w tobie entuzjazmu do tej ca\u0142ej partycypacji&#8230; Brzmi znajomo?<\/p>\n<p>Ta sesja w swoim za\u0142o\u017ceniu mia\u0142a by\u0107 pomocna w radzeniu sobie z objawami wypalenia zawodowego i spadku motywacji do dalszych dzia\u0142a\u0144 w\u015br\u00f3d os\u00f3b, kt\u00f3re w swojej codziennej pracy zajmuj\u0105 si\u0119 tematem partycypacji obywatelskiej, co nie zawsze jest lekkie, \u0142atwe i przyjemne.<\/p>\n<p>Oczywi\u015bcie problem zw\u0105tpienia i wypalenia nie s\u0105 w\u0105tkami unikalnymi dla \u015brodowiska os\u00f3b zajmuj\u0105cych si\u0119 partycypacj\u0105, ale to wa\u017cne, by ono tak\u017ce zacz\u0119\u0142o ze sob\u0105 o tym rozmawia\u0107 i wzajemnie si\u0119 wspiera\u0107.<\/p>\n<p>Dwie godziny to niewiele czasu na rozgryzienie tego tematu, ale spr\u00f3bowali\u015bmy wykorzysta\u0107 je jak najlepiej na prac\u0119 nad tym, jak podchodzi\u0107 do oznak wypalenia w pracy &#8222;partycypatora&#8221; poprzez empatyczny kontakt i prac\u0119 na mocnych stronach.<\/p>\n<p>Do udzia\u0142u w tej sesji zaprosili\u015bmy osoby, dla kt\u00f3rych partycypacja jest nie tylko pasj\u0105, ale te\u017c obszarem pracy zawodowej, do\u015bwiadczone w prowadzeniu tego typu proces\u00f3w, tak\u017ce tych szczeg\u00f3lnie trudnych i by\u0107 mo\u017ce nie zawsze zako\u0144czonych sukcesem.<\/p>\n<p><a href=\"http:\/\/partycypacjaobywatelska.pl\/forum-2015\/program\/\">Powr\u00f3t do pro<\/a><a href=\"http:\/\/partycypacjaobywatelska.pl\/forum-2015\/program\/\">gramu Forum<\/a><\/p>\n<div id='gallery-1' class='gallery galleryid-941 gallery-columns-3 gallery-size-thumbnail'><dl class='gallery-item'>\n\t\t\t<dt class='gallery-icon landscape'>\n\t\t\t\t<a href='https:\/\/partycypacjaobywatelska.pl\/forum-2015\/wypalenie-zawodowe-praktykow-partycypacji-jak-sobie-z-nim-radzic\/_j2a9925\/'><img width=\"150\" height=\"150\" src=\"https:\/\/partycypacjaobywatelska.pl\/forum-2015\/wp-content\/uploads\/sites\/3\/2015\/05\/J2A9925-150x150.jpg\" class=\"attachment-thumbnail size-thumbnail\" alt=\"\" loading=\"lazy\" \/><\/a>\n\t\t\t<\/dt><\/dl><dl class='gallery-item'>\n\t\t\t<dt class='gallery-icon landscape'>\n\t\t\t\t<a href='https:\/\/partycypacjaobywatelska.pl\/forum-2015\/wypalenie-zawodowe-praktykow-partycypacji-jak-sobie-z-nim-radzic\/_j2a0193\/'><img width=\"150\" height=\"150\" src=\"https:\/\/partycypacjaobywatelska.pl\/forum-2015\/wp-content\/uploads\/sites\/3\/2015\/05\/J2A0193-150x150.jpg\" class=\"attachment-thumbnail size-thumbnail\" alt=\"\" loading=\"lazy\" \/><\/a>\n\t\t\t<\/dt><\/dl><dl class='gallery-item'>\n\t\t\t<dt class='gallery-icon landscape'>\n\t\t\t\t<a href='https:\/\/partycypacjaobywatelska.pl\/forum-2015\/wypalenie-zawodowe-praktykow-partycypacji-jak-sobie-z-nim-radzic\/_j2a0188\/'><img width=\"150\" height=\"150\" src=\"https:\/\/partycypacjaobywatelska.pl\/forum-2015\/wp-content\/uploads\/sites\/3\/2015\/05\/J2A0188-150x150.jpg\" class=\"attachment-thumbnail size-thumbnail\" alt=\"\" loading=\"lazy\" \/><\/a>\n\t\t\t<\/dt><\/dl><br style=\"clear: both\" \/><dl class='gallery-item'>\n\t\t\t<dt class='gallery-icon landscape'>\n\t\t\t\t<a href='https:\/\/partycypacjaobywatelska.pl\/forum-2015\/wypalenie-zawodowe-praktykow-partycypacji-jak-sobie-z-nim-radzic\/_j2a9931\/'><img width=\"150\" height=\"150\" src=\"https:\/\/partycypacjaobywatelska.pl\/forum-2015\/wp-content\/uploads\/sites\/3\/2015\/05\/J2A9931-150x150.jpg\" class=\"attachment-thumbnail size-thumbnail\" alt=\"\" loading=\"lazy\" \/><\/a>\n\t\t\t<\/dt><\/dl><dl class='gallery-item'>\n\t\t\t<dt class='gallery-icon landscape'>\n\t\t\t\t<a href='https:\/\/partycypacjaobywatelska.pl\/forum-2015\/wypalenie-zawodowe-praktykow-partycypacji-jak-sobie-z-nim-radzic\/_j2a9921-2\/'><img width=\"150\" height=\"150\" src=\"https:\/\/partycypacjaobywatelska.pl\/forum-2015\/wp-content\/uploads\/sites\/3\/2015\/05\/J2A9921-150x150.jpg\" class=\"attachment-thumbnail size-thumbnail\" alt=\"\" loading=\"lazy\" \/><\/a>\n\t\t\t<\/dt><\/dl><dl class='gallery-item'>\n\t\t\t<dt class='gallery-icon landscape'>\n\t\t\t\t<a href='https:\/\/partycypacjaobywatelska.pl\/forum-2015\/wypalenie-zawodowe-praktykow-partycypacji-jak-sobie-z-nim-radzic\/_j2a9902\/'><img width=\"150\" height=\"150\" src=\"https:\/\/partycypacjaobywatelska.pl\/forum-2015\/wp-content\/uploads\/sites\/3\/2015\/05\/J2A9902-150x150.jpg\" class=\"attachment-thumbnail size-thumbnail\" alt=\"\" loading=\"lazy\" \/><\/a>\n\t\t\t<\/dt><\/dl><br style=\"clear: both\" \/>\n\t\t<\/div>\n\n<p>&nbsp;<\/p>\n<p><a href=\"http:\/\/www.grupatrop.pl\/\" target=\"_blank\"><img loading=\"lazy\" class=\"  wp-image-944 alignnone\" src=\"http:\/\/partycypacjaobywatelska.pl\/forum-2015\/wp-content\/uploads\/sites\/3\/2015\/05\/indeks1.jpg\" alt=\"indeks\" width=\"304\" height=\"102\" srcset=\"https:\/\/partycypacjaobywatelska.pl\/forum-2015\/wp-content\/uploads\/sites\/3\/2015\/05\/indeks1.jpg 388w, https:\/\/partycypacjaobywatelska.pl\/forum-2015\/wp-content\/uploads\/sites\/3\/2015\/05\/indeks1-300x101.jpg 300w, https:\/\/partycypacjaobywatelska.pl\/forum-2015\/wp-content\/uploads\/sites\/3\/2015\/05\/indeks1-177x59.jpg 177w\" sizes=\"(max-width: 304px) 100vw, 304px\" \/><\/a><\/p>\n","protected":false},"excerpt":{"rendered":"<p>Prowadz\u0105cy: Jac Jakubowski, Grupa TROP Termin: 1 dzie\u0144 (28 maja, czwartek), godz. 15:45-17:45 Miejsce: III pi\u0119tro, strefa A Formu\u0142a sesji: warsztat &nbsp; Teoretycznie wiesz, po co to wszystko robisz i wci\u0105\u017c jeszcze wierzysz, \u017ce to ma sens. A jednak im wi\u0119cej proces\u00f3w partycypacyjnych za tob\u0105, tym cz\u0119\u015bciej zdarza si\u0119, \u017ce \u0142apiesz si\u0119 na poczuciu, \u017ce [&hellip;]<\/p>\n","protected":false},"author":1,"featured_media":0,"parent":0,"menu_order":0,"comment_status":"open","ping_status":"open","template":"template-forum_praktykow.php","meta":[],"_links":{"self":[{"href":"https:\/\/partycypacjaobywatelska.pl\/forum-2015\/wp-json\/wp\/v2\/pages\/941"}],"collection":[{"href":"https:\/\/partycypacjaobywatelska.pl\/forum-2015\/wp-json\/wp\/v2\/pages"}],"about":[{"href":"https:\/\/partycypacjaobywatelska.pl\/forum-2015\/wp-json\/wp\/v2\/types\/page"}],"author":[{"embeddable":true,"href":"https:\/\/partycypacjaobywatelska.pl\/forum-2015\/wp-json\/wp\/v2\/users\/1"}],"replies":[{"embeddable":true,"href":"https:\/\/partycypacjaobywatelska.pl\/forum-2015\/wp-json\/wp\/v2\/comments?post=941"}],"version-history":[{"count":4,"href":"https:\/\/partycypacjaobywatelska.pl\/forum-2015\/wp-json\/wp\/v2\/pages\/941\/revisions"}],"predecessor-version":[{"id":1498,"href":"https:\/\/partycypacjaobywatelska.pl\/forum-2015\/wp-json\/wp\/v2\/pages\/941\/revisions\/1498"}],"wp:attachment":[{"href":"https:\/\/partycypacjaobywatelska.pl\/forum-2015\/wp-json\/wp\/v2\/media?parent=941"}],"curies":[{"name":"wp","href":"https:\/\/api.w.org\/{rel}","templated":true}]}}