{"id":739,"date":"2015-05-13T13:20:45","date_gmt":"2015-05-13T13:20:45","guid":{"rendered":"http:\/\/partycypacjaobywatelska.pl\/forum-2015\/?page_id=739"},"modified":"2015-06-17T21:56:30","modified_gmt":"2015-06-17T21:56:30","slug":"festiwal-porazek-2","status":"publish","type":"page","link":"https:\/\/partycypacjaobywatelska.pl\/forum-2015\/festiwal-porazek-2\/","title":{"rendered":"Festiwal Pora\u017cek 2"},"content":{"rendered":"<p><span style=\"color: #808080\">Prowadz\u0105cy:<\/span><\/p>\n<p>Pawe\u0142 Ko\u0142acz, Pracownia Zr\u00f3wnowa\u017conego Rozwoju<br \/>\nKatarzyna Starzyk, Pracownia Bada\u0144 i Innowacji Spo\u0142ecznych \u201eStocznia\u201d<\/p>\n<p><span style=\"color: #808080\">Termin:<\/span> 1 dzie\u0144 (28 maja, czwartek), godz. 12:45-14:45<\/p>\n<p><span style=\"color: #808080\">Miejsce:<\/span> III pi\u0119tro, strefa F<\/p>\n<p><span style=\"color: #808080\">Formu\u0142a sesji:\u00a0<\/span><span style=\"color: #008000\">wymiana do\u015bwiadcze\u0144<\/span><\/p>\n<p>&nbsp;<\/p>\n<p>Ta sesja (kt\u00f3r\u0105 przeprowadzili\u015bmy tak\u017ce na poprzednim Forum) to wymiana do\u015bwiadcze\u0144 i grupa wsparcia w jednym. Ka\u017cdy uczestnik by\u0142 zaproszony do tego, by opowiedzie\u0107 o swoich pora\u017ckach partycypacyjnych. Co si\u0119 nie uda\u0142o? Na czym polega\u0142y nasze i innych b\u0142\u0119dy? Czy mo\u017cna ich by\u0142o jako\u015b unikn\u0105\u0107? Zamiast zbiera\u0107 &#8222;dobre praktyki&#8221; szukali\u015bmy \u017ar\u00f3de\u0142 niepowodze\u0144 dzia\u0142a\u0144 partycypacyjnych i sposob\u00f3w na ich unikni\u0119cie w przysz\u0142o\u015bci.<\/p>\n<p>&nbsp;<\/p>\n<p><a href=\"http:\/\/partycypacjaobywatelska.pl\/forum-2015\/program\/\">Powr\u00f3t do programu Forum<\/a><\/p>\n<div id='gallery-1' class='gallery galleryid-739 gallery-columns-3 gallery-size-thumbnail'><dl class='gallery-item'>\n\t\t\t<dt class='gallery-icon landscape'>\n\t\t\t\t<a href='https:\/\/partycypacjaobywatelska.pl\/forum-2015\/festiwal-porazek-2\/_j2a9693-2\/'><img width=\"150\" height=\"150\" src=\"https:\/\/partycypacjaobywatelska.pl\/forum-2015\/wp-content\/uploads\/sites\/3\/2015\/05\/J2A9693-150x150.jpg\" class=\"attachment-thumbnail size-thumbnail\" alt=\"\" loading=\"lazy\" \/><\/a>\n\t\t\t<\/dt><\/dl><dl class='gallery-item'>\n\t\t\t<dt class='gallery-icon landscape'>\n\t\t\t\t<a href='https:\/\/partycypacjaobywatelska.pl\/forum-2015\/festiwal-porazek-2\/_j2a9669\/'><img width=\"150\" height=\"150\" src=\"https:\/\/partycypacjaobywatelska.pl\/forum-2015\/wp-content\/uploads\/sites\/3\/2015\/05\/J2A9669-150x150.jpg\" class=\"attachment-thumbnail size-thumbnail\" alt=\"\" loading=\"lazy\" \/><\/a>\n\t\t\t<\/dt><\/dl><dl class='gallery-item'>\n\t\t\t<dt class='gallery-icon landscape'>\n\t\t\t\t<a href='https:\/\/partycypacjaobywatelska.pl\/forum-2015\/festiwal-porazek-2\/_j2a9664\/'><img width=\"150\" height=\"150\" src=\"https:\/\/partycypacjaobywatelska.pl\/forum-2015\/wp-content\/uploads\/sites\/3\/2015\/05\/J2A9664-150x150.jpg\" class=\"attachment-thumbnail size-thumbnail\" alt=\"\" loading=\"lazy\" \/><\/a>\n\t\t\t<\/dt><\/dl><br style=\"clear: both\" \/><dl class='gallery-item'>\n\t\t\t<dt class='gallery-icon landscape'>\n\t\t\t\t<a href='https:\/\/partycypacjaobywatelska.pl\/forum-2015\/festiwal-porazek-2\/_j2a9651\/'><img width=\"150\" height=\"150\" src=\"https:\/\/partycypacjaobywatelska.pl\/forum-2015\/wp-content\/uploads\/sites\/3\/2015\/05\/J2A9651-150x150.jpg\" class=\"attachment-thumbnail size-thumbnail\" alt=\"\" loading=\"lazy\" \/><\/a>\n\t\t\t<\/dt><\/dl>\n\t\t\t<br style='clear: both' \/>\n\t\t<\/div>\n\n<p>&nbsp;<\/p>\n<p><a href=\"http:\/\/www.pzr.org.pl\" target=\"_blank\"><img loading=\"lazy\" class=\"  wp-image-731 alignnone\" src=\"http:\/\/partycypacjaobywatelska.pl\/forum-2015\/wp-content\/uploads\/sites\/3\/2015\/05\/logo-PZR.jpg\" alt=\"logo PZR\" width=\"332\" height=\"103\" srcset=\"https:\/\/partycypacjaobywatelska.pl\/forum-2015\/wp-content\/uploads\/sites\/3\/2015\/05\/logo-PZR.jpg 403w, https:\/\/partycypacjaobywatelska.pl\/forum-2015\/wp-content\/uploads\/sites\/3\/2015\/05\/logo-PZR-300x93.jpg 300w, https:\/\/partycypacjaobywatelska.pl\/forum-2015\/wp-content\/uploads\/sites\/3\/2015\/05\/logo-PZR-177x55.jpg 177w\" sizes=\"(max-width: 332px) 100vw, 332px\" \/><\/a><a href=\"http:\/\/stocznia.org.pl\/\" target=\"_blank\"><img loading=\"lazy\" class=\"  wp-image-578 alignnone\" src=\"http:\/\/partycypacjaobywatelska.pl\/forum-2015\/wp-content\/uploads\/sites\/3\/2015\/05\/stocznia.jpg\" alt=\"stocznia\" width=\"102\" height=\"102\" srcset=\"https:\/\/partycypacjaobywatelska.pl\/forum-2015\/wp-content\/uploads\/sites\/3\/2015\/05\/stocznia.jpg 709w, https:\/\/partycypacjaobywatelska.pl\/forum-2015\/wp-content\/uploads\/sites\/3\/2015\/05\/stocznia-150x150.jpg 150w, https:\/\/partycypacjaobywatelska.pl\/forum-2015\/wp-content\/uploads\/sites\/3\/2015\/05\/stocznia-300x300.jpg 300w, https:\/\/partycypacjaobywatelska.pl\/forum-2015\/wp-content\/uploads\/sites\/3\/2015\/05\/stocznia-177x177.jpg 177w\" sizes=\"(max-width: 102px) 100vw, 102px\" \/><\/a><\/p>\n","protected":false},"excerpt":{"rendered":"<p>Prowadz\u0105cy: Pawe\u0142 Ko\u0142acz, Pracownia Zr\u00f3wnowa\u017conego Rozwoju Katarzyna Starzyk, Pracownia Bada\u0144 i Innowacji Spo\u0142ecznych \u201eStocznia\u201d Termin: 1 dzie\u0144 (28 maja, czwartek), godz. 12:45-14:45 Miejsce: III pi\u0119tro, strefa F Formu\u0142a sesji:\u00a0wymiana do\u015bwiadcze\u0144 &nbsp; Ta sesja (kt\u00f3r\u0105 przeprowadzili\u015bmy tak\u017ce na poprzednim Forum) to wymiana do\u015bwiadcze\u0144 i grupa wsparcia w jednym. Ka\u017cdy uczestnik by\u0142 zaproszony do tego, by opowiedzie\u0107 [&hellip;]<\/p>\n","protected":false},"author":1,"featured_media":0,"parent":0,"menu_order":0,"comment_status":"open","ping_status":"open","template":"template-forum_praktykow.php","meta":[],"_links":{"self":[{"href":"https:\/\/partycypacjaobywatelska.pl\/forum-2015\/wp-json\/wp\/v2\/pages\/739"}],"collection":[{"href":"https:\/\/partycypacjaobywatelska.pl\/forum-2015\/wp-json\/wp\/v2\/pages"}],"about":[{"href":"https:\/\/partycypacjaobywatelska.pl\/forum-2015\/wp-json\/wp\/v2\/types\/page"}],"author":[{"embeddable":true,"href":"https:\/\/partycypacjaobywatelska.pl\/forum-2015\/wp-json\/wp\/v2\/users\/1"}],"replies":[{"embeddable":true,"href":"https:\/\/partycypacjaobywatelska.pl\/forum-2015\/wp-json\/wp\/v2\/comments?post=739"}],"version-history":[{"count":3,"href":"https:\/\/partycypacjaobywatelska.pl\/forum-2015\/wp-json\/wp\/v2\/pages\/739\/revisions"}],"predecessor-version":[{"id":1638,"href":"https:\/\/partycypacjaobywatelska.pl\/forum-2015\/wp-json\/wp\/v2\/pages\/739\/revisions\/1638"}],"wp:attachment":[{"href":"https:\/\/partycypacjaobywatelska.pl\/forum-2015\/wp-json\/wp\/v2\/media?parent=739"}],"curies":[{"name":"wp","href":"https:\/\/api.w.org\/{rel}","templated":true}]}}