{"id":630,"date":"2015-05-12T19:16:36","date_gmt":"2015-05-12T19:16:36","guid":{"rendered":"http:\/\/partycypacjaobywatelska.pl\/forum-2015\/?page_id=630"},"modified":"2015-06-18T08:23:31","modified_gmt":"2015-06-18T08:23:31","slug":"seniorzy-i-seniority-czy-i-jak-partycypuja","status":"publish","type":"page","link":"https:\/\/partycypacjaobywatelska.pl\/forum-2015\/seniorzy-i-seniority-czy-i-jak-partycypuja\/","title":{"rendered":"Seniorzy i seniority \u2013 czy i jak partycypuj\u0105?"},"content":{"rendered":"<p><span style=\"color: #808080\">Prowadz\u0105ce:<\/span><\/p>\n<p>Maria Nowak, Pracownia Bada\u0144 i Innowacji Spo\u0142ecznych &#8222;Stocznia&#8221; <a href=\"http:\/\/partycypacjaobywatelska.pl\/praktycy\/praktycy\/marysia-nowak\/\" target=\"_blank\">&gt;&gt;<\/a><br \/>\nKatarzyna Sztop-Rutkowska, Fundacja SocLab <a href=\"http:\/\/partycypacjaobywatelska.pl\/praktycy\/praktycy\/katarzyna-sztop-rutkowska\/\" target=\"_blank\">&gt;&gt;<\/a><\/p>\n<p><span style=\"color: #808080\">Termin:<\/span> 2 dzie\u0144 (29 maja, pi\u0105tek), godz. 12:45-14:15<\/p>\n<p><span style=\"color: #808080\">Miejsce:<\/span> III pi\u0119tro, strefa A<\/p>\n<p><span style=\"color: #808080\">Formu\u0142a sesji:<\/span> <span style=\"color: #339966\">wymiana do\u015bwiadcze\u0144<\/span><\/p>\n<p>&nbsp;<\/p>\n<p>Jak rozmawia\u0107 z osobami starszymi? Jak zdoby\u0107 ich zaufanie i zach\u0119ci\u0107 do zadbania o potrzeby\u00a0 w\u0142asnej grupy wiekowej?<\/p>\n<p>W trakcie sesji dzielili\u015bmy si\u0119 do\u015bwiadczeniami z dzia\u0142a\u0144 na rzecz aktywizacji obywatelskiej os\u00f3b starszych. Wsp\u00f3lnie zastanawiali\u015bmy si\u0119, czy trudno senior\u00f3w zach\u0119ci\u0107 do wsp\u00f3lnego dzia\u0142ania. Wa\u017cnym w\u0105tkiem by\u0142a te\u017c polityka senioralna, o kt\u00f3rej coraz cz\u0119\u015bciej dyskutuje si\u0119 w naszych gminach. Jak tworzy\u0107 j\u0105 w oparciu o aktywny udzia\u0142 os\u00f3b starszych &#8211; np. poprzez rosn\u0105ce na popularno\u015bci rady senior\u00f3w?<\/p>\n<p>Do udzia\u0142u w sesji zaprosi\u0142y\u015bmy osoby, kt\u00f3re maj\u0105 do\u015bwiadczenie w pracy z seniorami lub chcia\u0142yby takie dzia\u0142ania rozpocz\u0105\u0107.<\/p>\n<p><a href=\"http:\/\/partycypacjaobywatelska.pl\/forum-2015\/program\/\">Powr\u00f3t do programu Forum<\/a><\/p>\n<div id='gallery-1' class='gallery galleryid-630 gallery-columns-3 gallery-size-thumbnail'><dl class='gallery-item'>\n\t\t\t<dt class='gallery-icon landscape'>\n\t\t\t\t<a href='https:\/\/partycypacjaobywatelska.pl\/forum-2015\/seniorzy-i-seniority-czy-i-jak-partycypuja\/_j2a0006-3-2\/'><img width=\"150\" height=\"150\" src=\"https:\/\/partycypacjaobywatelska.pl\/forum-2015\/wp-content\/uploads\/sites\/3\/2015\/05\/J2A0006-3-150x150.jpg\" class=\"attachment-thumbnail size-thumbnail\" alt=\"\" loading=\"lazy\" \/><\/a>\n\t\t\t<\/dt><\/dl><dl class='gallery-item'>\n\t\t\t<dt class='gallery-icon landscape'>\n\t\t\t\t<a href='https:\/\/partycypacjaobywatelska.pl\/forum-2015\/seniorzy-i-seniority-czy-i-jak-partycypuja\/_j2a0176-3\/'><img width=\"150\" height=\"150\" src=\"https:\/\/partycypacjaobywatelska.pl\/forum-2015\/wp-content\/uploads\/sites\/3\/2015\/05\/J2A0176-3-150x150.jpg\" class=\"attachment-thumbnail size-thumbnail\" alt=\"\" loading=\"lazy\" \/><\/a>\n\t\t\t<\/dt><\/dl>\n\t\t\t<br style='clear: both' \/>\n\t\t<\/div>\n\n<p><a href=\"http:\/\/www.soclab.org.pl\/\" target=\"_blank\"><img loading=\"lazy\" class=\"  wp-image-401 alignnone\" src=\"http:\/\/partycypacjaobywatelska.pl\/forum-2015\/wp-content\/uploads\/sites\/3\/2015\/05\/indeks.jpg\" alt=\"indeks\" width=\"182\" height=\"158\" srcset=\"https:\/\/partycypacjaobywatelska.pl\/forum-2015\/wp-content\/uploads\/sites\/3\/2015\/05\/indeks.jpg 241w, https:\/\/partycypacjaobywatelska.pl\/forum-2015\/wp-content\/uploads\/sites\/3\/2015\/05\/indeks-177x153.jpg 177w\" sizes=\"(max-width: 182px) 100vw, 182px\" \/><\/a> <a href=\"http:\/\/stocznia.org.pl\/\" target=\"_blank\"><img loading=\"lazy\" class=\"  wp-image-578 alignnone\" src=\"http:\/\/partycypacjaobywatelska.pl\/forum-2015\/wp-content\/uploads\/sites\/3\/2015\/05\/stocznia.jpg\" alt=\"stocznia\" width=\"158\" height=\"158\" srcset=\"https:\/\/partycypacjaobywatelska.pl\/forum-2015\/wp-content\/uploads\/sites\/3\/2015\/05\/stocznia.jpg 709w, https:\/\/partycypacjaobywatelska.pl\/forum-2015\/wp-content\/uploads\/sites\/3\/2015\/05\/stocznia-150x150.jpg 150w, https:\/\/partycypacjaobywatelska.pl\/forum-2015\/wp-content\/uploads\/sites\/3\/2015\/05\/stocznia-300x300.jpg 300w, https:\/\/partycypacjaobywatelska.pl\/forum-2015\/wp-content\/uploads\/sites\/3\/2015\/05\/stocznia-177x177.jpg 177w\" sizes=\"(max-width: 158px) 100vw, 158px\" \/><\/a><\/p>\n<p>&nbsp;<\/p>\n<p>&nbsp;<\/p>\n","protected":false},"excerpt":{"rendered":"<p>Prowadz\u0105ce: Maria Nowak, Pracownia Bada\u0144 i Innowacji Spo\u0142ecznych &#8222;Stocznia&#8221; &gt;&gt; Katarzyna Sztop-Rutkowska, Fundacja SocLab &gt;&gt; Termin: 2 dzie\u0144 (29 maja, pi\u0105tek), godz. 12:45-14:15 Miejsce: III pi\u0119tro, strefa A Formu\u0142a sesji: wymiana do\u015bwiadcze\u0144 &nbsp; Jak rozmawia\u0107 z osobami starszymi? Jak zdoby\u0107 ich zaufanie i zach\u0119ci\u0107 do zadbania o potrzeby\u00a0 w\u0142asnej grupy wiekowej? W trakcie sesji dzielili\u015bmy [&hellip;]<\/p>\n","protected":false},"author":1,"featured_media":0,"parent":0,"menu_order":0,"comment_status":"open","ping_status":"open","template":"template-forum_praktykow.php","meta":[],"_links":{"self":[{"href":"https:\/\/partycypacjaobywatelska.pl\/forum-2015\/wp-json\/wp\/v2\/pages\/630"}],"collection":[{"href":"https:\/\/partycypacjaobywatelska.pl\/forum-2015\/wp-json\/wp\/v2\/pages"}],"about":[{"href":"https:\/\/partycypacjaobywatelska.pl\/forum-2015\/wp-json\/wp\/v2\/types\/page"}],"author":[{"embeddable":true,"href":"https:\/\/partycypacjaobywatelska.pl\/forum-2015\/wp-json\/wp\/v2\/users\/1"}],"replies":[{"embeddable":true,"href":"https:\/\/partycypacjaobywatelska.pl\/forum-2015\/wp-json\/wp\/v2\/comments?post=630"}],"version-history":[{"count":4,"href":"https:\/\/partycypacjaobywatelska.pl\/forum-2015\/wp-json\/wp\/v2\/pages\/630\/revisions"}],"predecessor-version":[{"id":1687,"href":"https:\/\/partycypacjaobywatelska.pl\/forum-2015\/wp-json\/wp\/v2\/pages\/630\/revisions\/1687"}],"wp:attachment":[{"href":"https:\/\/partycypacjaobywatelska.pl\/forum-2015\/wp-json\/wp\/v2\/media?parent=630"}],"curies":[{"name":"wp","href":"https:\/\/api.w.org\/{rel}","templated":true}]}}