{"id":18,"date":"2015-04-27T08:33:40","date_gmt":"2015-04-27T08:33:40","guid":{"rendered":"http:\/\/partycypacjaobywatelska.pl\/forum-2015\/?page_id=18"},"modified":"2015-05-13T11:55:42","modified_gmt":"2015-05-13T11:55:42","slug":"organizatorzy","status":"publish","type":"page","link":"https:\/\/partycypacjaobywatelska.pl\/forum-2015\/organizatorzy\/","title":{"rendered":"Organizatorzy"},"content":{"rendered":"<p>Organizatorzy:\u00a0Laboratorium Partycypacji Obywatelskiej prowadzone przez Pracowni\u0119 Bada\u0144 i Innowacji Spo\u0142ecznych \u201eStocznia\u201d oraz Fundacja im. Stefana Batorego<\/p>\n<p>&nbsp;<\/p>\n<p><a href=\"http:\/\/partycypacjaobywatelska.pl\/forum-2015\/wp-content\/uploads\/sites\/3\/2015\/04\/stoczniaetapy.jpg\"><img loading=\"lazy\" class=\"alignnone wp-image-96 size-medium\" src=\"http:\/\/partycypacjaobywatelska.pl\/forum-2015\/wp-content\/uploads\/sites\/3\/2015\/04\/stoczniaetapy-300x93.jpg\" alt=\"stocznia etapy\" width=\"300\" height=\"93\" srcset=\"https:\/\/partycypacjaobywatelska.pl\/forum-2015\/wp-content\/uploads\/sites\/3\/2015\/04\/stoczniaetapy-300x93.jpg 300w, https:\/\/partycypacjaobywatelska.pl\/forum-2015\/wp-content\/uploads\/sites\/3\/2015\/04\/stoczniaetapy-1024x319.jpg 1024w, https:\/\/partycypacjaobywatelska.pl\/forum-2015\/wp-content\/uploads\/sites\/3\/2015\/04\/stoczniaetapy-177x55.jpg 177w\" sizes=\"(max-width: 300px) 100vw, 300px\" \/><\/a>\u00a0 \u00a0 \u00a0 \u00a0 \u00a0 \u00a0<a href=\"http:\/\/partycypacjaobywatelska.pl\/forum-2015\/wp-content\/uploads\/sites\/3\/2015\/04\/fsb-logo-800x600.png\"><img loading=\"lazy\" class=\"alignnone wp-image-98 \" src=\"http:\/\/partycypacjaobywatelska.pl\/forum-2015\/wp-content\/uploads\/sites\/3\/2015\/04\/fsb-logo-800x600-300x225.png\" alt=\"fsb-logo-800x600\" width=\"139\" height=\"104\" srcset=\"https:\/\/partycypacjaobywatelska.pl\/forum-2015\/wp-content\/uploads\/sites\/3\/2015\/04\/fsb-logo-800x600-300x225.png 300w, https:\/\/partycypacjaobywatelska.pl\/forum-2015\/wp-content\/uploads\/sites\/3\/2015\/04\/fsb-logo-800x600-177x132.png 177w, https:\/\/partycypacjaobywatelska.pl\/forum-2015\/wp-content\/uploads\/sites\/3\/2015\/04\/fsb-logo-800x600.png 800w\" sizes=\"(max-width: 139px) 100vw, 139px\" \/><\/a><\/p>\n<p>Partnerzy Forum: Fundacja Inicjatyw Spo\u0142eczno-Ekonomicznych, Fundacja Napraw Sobie Miasto, Fundacja Pole Dialogu, Fundacja SocLab,\u00a0Fundacja Stabilo, Pomorski Park Naukowo-Technologiczny Innowacje Spo\u0142eczne, Pracownia Zr\u00f3wnowa\u017conego Rozwoju, Stowarzyszenie Odblokuj,\u00a0 Stowarzyszenie Topografie, Stowarzyszenie &#8222;Pracownia Obywatelska&#8221;, Urz\u0105d Miasta \u0141odzi, Urz\u0105d Miasta Olsztyna, Urz\u0105d Miasta Lublin, Urz\u0105d m.st. Warszawy, Urz\u0105d Miejski w D\u0105browie G\u00f3rniczej, Towarzystwo Inicjatyw Tw\u00f3rczych &#8222;\u0119&#8221;.<\/p>\n<p><strong><strong>\u00a0<a href=\"http:\/\/partycypacjaobywatelska.pl\/forum-2015\/wp-content\/uploads\/sites\/3\/2015\/04\/logotypy-paint1.png\"><img loading=\"lazy\" class=\"aligncenter  wp-image-699\" src=\"http:\/\/partycypacjaobywatelska.pl\/forum-2015\/wp-content\/uploads\/sites\/3\/2015\/04\/logotypy-paint1.png\" alt=\"logotypy paint\" width=\"828\" height=\"410\" srcset=\"https:\/\/partycypacjaobywatelska.pl\/forum-2015\/wp-content\/uploads\/sites\/3\/2015\/04\/logotypy-paint1.png 2196w, https:\/\/partycypacjaobywatelska.pl\/forum-2015\/wp-content\/uploads\/sites\/3\/2015\/04\/logotypy-paint1-300x149.png 300w, https:\/\/partycypacjaobywatelska.pl\/forum-2015\/wp-content\/uploads\/sites\/3\/2015\/04\/logotypy-paint1-1024x507.png 1024w, https:\/\/partycypacjaobywatelska.pl\/forum-2015\/wp-content\/uploads\/sites\/3\/2015\/04\/logotypy-paint1-177x88.png 177w\" sizes=\"(max-width: 828px) 100vw, 828px\" \/><\/a><br \/>\n<\/strong><\/strong><\/p>\n<p>Instytucje wspieraj\u0105ce: Marzyciele i Rzemie\u015blnicy, Dom Towarowy Bracia Jab\u0142kowscy, Studio graficzne KOTBURY, Laboratorium ee<\/p>\n<p>&nbsp;<\/p>\n<p><strong>Laboratorium Partycypacji Obywatelskiej (LPO)<\/strong> jest projektem prowadzonym od 2010 roku w Pracowni Bada\u0144 i Innowacji Spo\u0142ecznych \u201eStocznia\u201d przy wsparciu m.in. Fundacji im. Stefana Batorego. Zesp\u00f3\u0142 LPO podejmuje dzia\u0142ania na rzecz gromadzenia oraz wymiany wiedzy i do\u015bwiadcze\u0144 zwi\u0105zanych z dzia\u0142aniami partycypacyjnymi w\u015br\u00f3d przedstawicieli administracji publicznej, organizacji pozarz\u0105dowych i wszystkich os\u00f3b zainteresowanych tematem w\u0142\u0105czania obywateli we wsp\u00f3\u0142decydowanie o sprawach publicznych. Prowadzi portal<a href=\"http:\/\/www.partycypacjaobywatelska.pl\"> www.partycypacjaobywatelska.pl<\/a> i organizuje otwarte seminaria po\u015bwi\u0119cone r\u00f3\u017cnym aspektom partycypacji.<\/p>\n<p><strong><strong>\u00a0<\/strong><\/strong><\/p>\n<p><b>Pracownia Bada\u0144 i Innowacji Spo\u0142ecznych \u201eStocznia\u201d<\/b> powsta\u0142a, aby rzetelnie i krytycznie opisywa\u0107 wyzwania dotycz\u0105ce \u017cycia spo\u0142ecznego w Polsce. Opracowuje i upowszechnia innowacyjne rozwi\u0105zania, kt\u00f3re mog\u0105 pom\u00f3c sprosta\u0107 tym wyzwaniom. Szuka ich, \u0142\u0105cz\u0105c perspektyw\u0119 badaczy-akademik\u00f3w i aktywist\u00f3w spo\u0142ecznych oraz podejmuj\u0105c dzia\u0142ania koncentruj\u0105ce si\u0119 na kluczowych zagadnieniach: rozwoju wsp\u00f3lnot lokalnych, innowacjach spo\u0142ecznych, wolontariacie oraz partycypacji obywatelskiej.<\/p>\n<p>Wi\u0119cej informacji na stronie:<a href=\"http:\/\/www.stocznia.org.pl\"> www.stocznia.org.pl<\/a>.<\/p>\n<p><strong><strong>\u00a0<\/strong><\/strong><\/p>\n<p><strong>Fundacja im. Stefana Batorego<\/strong> wspiera rozw\u00f3j demokracji i spo\u0142ecze\u0144stwa obywatelskiego w Polsce i w krajach Europy \u015arodkowej i Wschodniej. Dzia\u0142a na rzecz wi\u0119kszego uczestnictwa obywateli w \u017cyciu publicznym, wyr\u00f3wnywania szans i przeciwdzia\u0142ania dyskryminacji, rozwijania solidarno\u015bci mi\u0119dzynarodowej. <strong>Wspiera<\/strong> inicjatywy podejmowane przez organizacje pozarz\u0105dowe i grupy nieformalne, <strong>prowadzi<\/strong> dzia\u0142ania monitoringowe i rzecznicze, <strong>inicjuje<\/strong> kampanie i akcje spo\u0142eczne, <strong>organizuje<\/strong> konferencje, seminaria i debaty.<\/p>\n<p>Od 2014 roku Fundacja jest operatorem programu Obywatele dla Demokracji, finansowanego z funduszy EOG (www.ngofund.org.pl), kt\u00f3rego jednym z obszar\u00f3w tematycznych jest partycypacja obywatelska. Fundacja prowadzi\u0142a tak\u017ce program grantowy Demokracja w Dzia\u0142aniu, w ramach kt\u00f3rego wspiera\u0142a m.in. projekty dotycz\u0105ce w\u0142\u0105czania obywateli w procesy decyzyjne na r\u00f3\u017cnych szczeblach administracji.<\/p>\n<p>Wi\u0119cej informacji: <a href=\"http:\/\/www.batory.org.pl\">www.batory.org.pl<\/a>, <a href=\"http:\/\/www.facebook.com\/FundacjaBatorego\" target=\"_blank\">www.facebook.com\/FundacjaBatorego<\/a><\/p>\n<p>&nbsp;<\/p>\n","protected":false},"excerpt":{"rendered":"<p>Organizatorzy:\u00a0Laboratorium Partycypacji Obywatelskiej prowadzone przez Pracowni\u0119 Bada\u0144 i Innowacji Spo\u0142ecznych \u201eStocznia\u201d oraz Fundacja im. Stefana Batorego &nbsp; \u00a0 \u00a0 \u00a0 \u00a0 \u00a0 \u00a0 Partnerzy Forum: Fundacja Inicjatyw Spo\u0142eczno-Ekonomicznych, Fundacja Napraw Sobie Miasto, Fundacja Pole Dialogu, Fundacja SocLab,\u00a0Fundacja Stabilo, Pomorski Park Naukowo-Technologiczny Innowacje Spo\u0142eczne, Pracownia Zr\u00f3wnowa\u017conego Rozwoju, Stowarzyszenie Odblokuj,\u00a0 Stowarzyszenie Topografie, Stowarzyszenie &#8222;Pracownia Obywatelska&#8221;, Urz\u0105d Miasta [&hellip;]<\/p>\n","protected":false},"author":1,"featured_media":0,"parent":0,"menu_order":0,"comment_status":"open","ping_status":"open","template":"template-forum_praktykow.php","meta":[],"_links":{"self":[{"href":"https:\/\/partycypacjaobywatelska.pl\/forum-2015\/wp-json\/wp\/v2\/pages\/18"}],"collection":[{"href":"https:\/\/partycypacjaobywatelska.pl\/forum-2015\/wp-json\/wp\/v2\/pages"}],"about":[{"href":"https:\/\/partycypacjaobywatelska.pl\/forum-2015\/wp-json\/wp\/v2\/types\/page"}],"author":[{"embeddable":true,"href":"https:\/\/partycypacjaobywatelska.pl\/forum-2015\/wp-json\/wp\/v2\/users\/1"}],"replies":[{"embeddable":true,"href":"https:\/\/partycypacjaobywatelska.pl\/forum-2015\/wp-json\/wp\/v2\/comments?post=18"}],"version-history":[{"count":3,"href":"https:\/\/partycypacjaobywatelska.pl\/forum-2015\/wp-json\/wp\/v2\/pages\/18\/revisions"}],"predecessor-version":[{"id":95,"href":"https:\/\/partycypacjaobywatelska.pl\/forum-2015\/wp-json\/wp\/v2\/pages\/18\/revisions\/95"}],"wp:attachment":[{"href":"https:\/\/partycypacjaobywatelska.pl\/forum-2015\/wp-json\/wp\/v2\/media?parent=18"}],"curies":[{"name":"wp","href":"https:\/\/api.w.org\/{rel}","templated":true}]}}