{"id":1211,"date":"2015-05-23T16:11:57","date_gmt":"2015-05-23T16:11:57","guid":{"rendered":"http:\/\/partycypacjaobywatelska.pl\/forum-2015\/?page_id=1211"},"modified":"2015-05-25T04:33:31","modified_gmt":"2015-05-25T04:33:31","slug":"participation-in-revitalization","status":"publish","type":"page","link":"https:\/\/partycypacjaobywatelska.pl\/forum-2015\/participation-in-revitalization\/","title":{"rendered":"Participation in revitalization"},"content":{"rendered":"<p><span style=\"color: #808080;\">Moderators:<\/span><\/p>\n<p>Aleksandra D\u0119bska-Cenian, Pomeranian Science and Technology Park, Gdynia Social Innovation,<br \/>\nPawe\u0142 Ko\u0142acz, Sustainable Development Lab Foundation<\/p>\n<p><span style=\"color: #808080;\">Time:\u00a0<\/span> 1. Day (Thursday, May 28.), hrs.15:45-17:45<\/p>\n<p><span style=\"color: #808080;\">Location:<\/span> II floor, zone H<\/p>\n<p><span style=\"color: #808080;\">Format:<\/span>\u00a0<span style=\"color: #ff0000;\">discussion session<\/span><\/p>\n<p>&nbsp;<\/p>\n<p>Lots of urban areas in Poland are still to be described as disadvantaged. They require complex and effective revitalization. Therefore billions of zlotys will be spent on various revitalization programmes including those that will be financed from the EU funding over the coming years.<\/p>\n<p>Moreover the long-awaited Revitalization Act is still being worked upon. Under this law participation will become an integrated part of revitalization and thus will have to be applied by local authorities as one of the local policies.<\/p>\n<p>New \u201cLocal Revitalization Programmes\u201d have to be based on a precise examination of needs of local communities. Only then will urban areas be designated for revitalization. The requirement for civic engagement at each phase of programme preparation is the major change when compared to the previous financing period.<\/p>\n<p>Why is it important to know how to get citizens to participate in change-inducing processes? What does it actually mean? Does revitalization require any specific participatory instruments? What is the role of citizens, local partners, NGOs and local authorities? How to comply with the Revitalization Act in our participatory undertakings?<\/p>\n<p>&nbsp;<\/p>\n<p><strong><a href=\"http:\/\/partycypacjaobywatelska.pl\/forum-2015\/programme-2\/\">Back to the Participation Practitioners Forum Programme<\/a><\/strong><\/p>\n","protected":false},"excerpt":{"rendered":"<p>Moderators: Aleksandra D\u0119bska-Cenian, Pomeranian Science and Technology Park, Gdynia Social Innovation, Pawe\u0142 Ko\u0142acz, Sustainable Development Lab Foundation Time:\u00a0 1. Day (Thursday, May 28.), hrs.15:45-17:45 Location: II floor, zone H Format:\u00a0discussion session &nbsp; Lots of urban areas in Poland are still to be described as disadvantaged. They require complex and effective revitalization. Therefore billions of zlotys [&hellip;]<\/p>\n","protected":false},"author":1,"featured_media":0,"parent":0,"menu_order":0,"comment_status":"open","ping_status":"open","template":"template-forum_praktykow.php","meta":[],"_links":{"self":[{"href":"https:\/\/partycypacjaobywatelska.pl\/forum-2015\/wp-json\/wp\/v2\/pages\/1211"}],"collection":[{"href":"https:\/\/partycypacjaobywatelska.pl\/forum-2015\/wp-json\/wp\/v2\/pages"}],"about":[{"href":"https:\/\/partycypacjaobywatelska.pl\/forum-2015\/wp-json\/wp\/v2\/types\/page"}],"author":[{"embeddable":true,"href":"https:\/\/partycypacjaobywatelska.pl\/forum-2015\/wp-json\/wp\/v2\/users\/1"}],"replies":[{"embeddable":true,"href":"https:\/\/partycypacjaobywatelska.pl\/forum-2015\/wp-json\/wp\/v2\/comments?post=1211"}],"version-history":[{"count":3,"href":"https:\/\/partycypacjaobywatelska.pl\/forum-2015\/wp-json\/wp\/v2\/pages\/1211\/revisions"}],"predecessor-version":[{"id":1328,"href":"https:\/\/partycypacjaobywatelska.pl\/forum-2015\/wp-json\/wp\/v2\/pages\/1211\/revisions\/1328"}],"wp:attachment":[{"href":"https:\/\/partycypacjaobywatelska.pl\/forum-2015\/wp-json\/wp\/v2\/media?parent=1211"}],"curies":[{"name":"wp","href":"https:\/\/api.w.org\/{rel}","templated":true}]}}